216.73.217.0 - - [29/Aug/2026:00:22:12 +0200] "GET /das-prinzip-der-chicken-road-in-gluecksspielen-erklaert-und-analysiert/?edit=1&p=%2Fhomepages%2F5%2Fd824826599%2Fhtdocs&path=%2Fhomepages%2F5%2Fd824826599%2Fhtdocs%2Frobots.txt HTTP/1.1" 429 267 typfit.de "-" "Mozilla/5.0 AppleWebKit/537.36 (KHTML, like Gecko; compatible; ClaudeBot/1.0; +claudebot@anthropic.com)" "-"
216.73.217.0 - - [29/Aug/2026:00:22:17 +0200] "GET /chicken-road-2-podstawy-i-funkcje-gry-losowej-w-rozgrywce/?p=%2Fhomepages HTTP/1.1" 429 267 typfit.de "-" "Mozilla/5.0 AppleWebKit/537.36 (KHTML, like Gecko; compatible; ClaudeBot/1.0; +claudebot@anthropic.com)" "-"
216.73.217.0 - - [29/Aug/2026:00:22:22 +0200] "GET /chicken-road-2-podstawy-i-funkcje-gry-losowej-w-rozgrywce/?p=%2Fhomepages%2F5 HTTP/1.1" 429 267 typfit.de "-" "Mozilla/5.0 AppleWebKit/537.36 (KHTML, like Gecko; compatible; ClaudeBot/1.0; +claudebot@anthropic.com)" "-"
217.181.90.0 - - [29/Aug/2026:00:22:23 +0200] "GET /wp-login.php HTTP/1.1" 200 61004 typfit.de "-" "Mozilla/5.0 (compatible; MyApp/1.0)" "-"
216.73.217.0 - - [29/Aug/2026:00:22:27 +0200] "GET /das-prinzip-der-chicken-road-in-gluecksspielen-erklaert-und-analysiert/?edit=1&p=%2Fhomepages%2F5%2Fd824826599%2Fhtdocs&path=%2Fhomepages%2F5%2Fd824826599%2Fhtdocs%2Flicense.txt HTTP/1.1" 429 267 typfit.de "-" "Mozilla/5.0 AppleWebKit/537.36 (KHTML, like Gecko; compatible; ClaudeBot/1.0; +claudebot@anthropic.com)" "-"
65.111.21.0 - - [29/Aug/2026:00:22:27 +0200] "GET /wp-login.php HTTP/1.1" 200 61004 typfit.de "-" "Mozilla/5.0 (compatible; MyApp/1.0)" "-"
65.111.21.0 - - [29/Aug/2026:00:22:29 +0200] "POST /wp-login.php HTTP/1.1" 302 52108 typfit.de "-" "Mozilla/5.0 (compatible; MyApp/1.0)" "-"
2a03:2880:f800:: - - [29/Aug/2026:00:22:30 +0200] "GET /?t=17472486721 HTTP/1.1" 200 194025 typfit.de "-" "Mozilla/5.0 (Windows NT 10.0; Win64; x64) AppleWebKit/537.36 (KHTML, like Gecko) Chrome/145.0.0.0 Safari/537.36 (compatible; meta-externalagent/1.1 (+https://developers.facebook.com/docs/sharing/webmasters/crawler))" "-"
65.111.21.0 - - [29/Aug/2026:00:22:31 +0200] "GET /wp-login.php?redirect_to=%2Fwp-admin%2F&action=confirm_admin_email&wp_lang=de_DE HTTP/1.1" 200 54177 typfit.de "-" "Mozilla/5.0 (compatible; MyApp/1.0)" "-"
216.73.217.0 - - [29/Aug/2026:00:22:33 +0200] "GET /?h=11551863466 HTTP/1.1" 429 267 typfit.de "-" "Mozilla/5.0 AppleWebKit/537.36 (KHTML, like Gecko; compatible; ClaudeBot/1.0; +claudebot@anthropic.com)" "-"
65.111.21.0 - - [29/Aug/2026:00:22:33 +0200] "GET /wp-admin/admin-ajax.php?action=rest-nonce HTTP/1.1" 200 49722 typfit.de "-" "Mozilla/5.0 (compatible; MyApp/1.0)" "-"
217.181.90.0 - - [29/Aug/2026:00:22:35 +0200] "POST /wp-login.php HTTP/1.1" 302 52108 typfit.de "-" "Mozilla/5.0 (compatible; MyApp/1.0)" "-"
217.181.90.0 - - [29/Aug/2026:00:22:36 +0200] "GET /wp-login.php?redirect_to=%2Fwp-admin%2F&action=confirm_admin_email&wp_lang=de_DE HTTP/1.1" 200 54177 typfit.de "-" "Mozilla/5.0 (compatible; MyApp/1.0)" "-"
216.73.217.0 - - [29/Aug/2026:00:22:37 +0200] "GET /?z=96889561952 HTTP/1.1" 429 267 typfit.de "-" "Mozilla/5.0 AppleWebKit/537.36 (KHTML, like Gecko; compatible; ClaudeBot/1.0; +claudebot@anthropic.com)" "-"
217.181.90.0 - - [29/Aug/2026:00:22:37 +0200] "GET /wp-admin/admin-ajax.php?action=rest-nonce HTTP/1.1" 200 49722 typfit.de "-" "Mozilla/5.0 (compatible; MyApp/1.0)" "-"
216.73.217.0 - - [29/Aug/2026:00:22:42 +0200] "GET /?i=13497893813 HTTP/1.1" 429 267 typfit.de "-" "Mozilla/5.0 AppleWebKit/537.36 (KHTML, like Gecko; compatible; ClaudeBot/1.0; +claudebot@anthropic.com)" "-"
216.73.217.0 - - [29/Aug/2026:00:22:47 +0200] "GET /?j=97166836428 HTTP/1.1" 429 267 typfit.de "-" "Mozilla/5.0 AppleWebKit/537.36 (KHTML, like Gecko; compatible; ClaudeBot/1.0; +claudebot@anthropic.com)" "-"
216.73.217.0 - - [29/Aug/2026:00:22:52 +0200] "GET /?j=89769389951 HTTP/1.1" 429 267 typfit.de "-" "Mozilla/5.0 AppleWebKit/537.36 (KHTML, like Gecko; compatible; ClaudeBot/1.0; +claudebot@anthropic.com)" "-"
216.73.217.0 - - [29/Aug/2026:00:22:58 +0200] "GET /?j=30246031960 HTTP/1.1" 429 267 typfit.de "-" "Mozilla/5.0 AppleWebKit/537.36 (KHTML, like Gecko; compatible; ClaudeBot/1.0; +claudebot@anthropic.com)" "-"
216.73.217.0 - - [29/Aug/2026:00:23:03 +0200] "GET /?h=69100929555 HTTP/1.1" 429 267 typfit.de "-" "Mozilla/5.0 AppleWebKit/537.36 (KHTML, like Gecko; compatible; ClaudeBot/1.0; +claudebot@anthropic.com)" "-"
216.73.217.0 - - [29/Aug/2026:00:23:08 +0200] "GET /?j=88782212108 HTTP/1.1" 200 194025 typfit.de "-" "Mozilla/5.0 AppleWebKit/537.36 (KHTML, like Gecko; compatible; ClaudeBot/1.0; +claudebot@anthropic.com)" "-"
2a03:2880:f800:: - - [29/Aug/2026:00:23:10 +0200] "GET /?h=98326573112 HTTP/1.1" 200 194025 typfit.de "-" "Mozilla/5.0 (Windows NT 10.0; Win64; x64) AppleWebKit/537.36 (KHTML, like Gecko) Chrome/145.0.0.0 Safari/537.36 (compatible; meta-externalagent/1.1 (+https://developers.facebook.com/docs/sharing/webmasters/crawler))" "-"
2a03:2880:f800:: - - [29/Aug/2026:00:23:11 +0200] "GET /wp-content/themes/betheme/fonts/fontawesome/fontawesome.css?ver=24.0 HTTP/1.1" 200 60701 typfit.de "https://typfit.de/?h=98326573112" "Mozilla/5.0 (Windows NT 10.0; Win64; x64) AppleWebKit/537.36 (KHTML, like Gecko) Chrome/145.0.0.0 Safari/537.36 (compatible; meta-externalagent/1.1 (+https://developers.facebook.com/docs/sharing/webmasters/crawler))" "-"
216.73.217.0 - - [29/Aug/2026:00:23:13 +0200] "GET /?n=95663934961 HTTP/1.1" 200 194025 typfit.de "-" "Mozilla/5.0 AppleWebKit/537.36 (KHTML, like Gecko; compatible; ClaudeBot/1.0; +claudebot@anthropic.com)" "-"
216.73.217.0 - - [29/Aug/2026:00:23:18 +0200] "GET /?j=81387771079 HTTP/1.1" 200 194025 typfit.de "-" "Mozilla/5.0 AppleWebKit/537.36 (KHTML, like Gecko; compatible; ClaudeBot/1.0; +claudebot@anthropic.com)" "-"
216.73.217.0 - - [29/Aug/2026:00:23:24 +0200] "GET /?t=26062285961 HTTP/1.1" 200 194025 typfit.de "-" "Mozilla/5.0 AppleWebKit/537.36 (KHTML, like Gecko; compatible; ClaudeBot/1.0; +claudebot@anthropic.com)" "-"
216.73.217.0 - - [29/Aug/2026:00:23:28 +0200] "GET /?t=78715963917 HTTP/1.1" 200 194025 typfit.de "-" "Mozilla/5.0 AppleWebKit/537.36 (KHTML, like Gecko; compatible; ClaudeBot/1.0; +claudebot@anthropic.com)" "-"
20.124.190.0 - - [29/Aug/2026:00:23:30 +0200] "GET /wp-json/gravitysmtp/v1/tests/mock-data?page=gravitysmtp-settings HTTP/1.1" 200 52257 typfit.de "-" "Mozilla/5.0 (Windows NT 10.0; Win64; x64) AppleWebKit/537.36 (KHTML, like Gecko) Chrome/131.0.0.0 Safari/537.36" "-"
216.73.217.0 - - [29/Aug/2026:00:23:33 +0200] "GET /?z=56716841145 HTTP/1.1" 200 194025 typfit.de "-" "Mozilla/5.0 AppleWebKit/537.36 (KHTML, like Gecko; compatible; ClaudeBot/1.0; +claudebot@anthropic.com)" "-"
216.73.217.0 - - [29/Aug/2026:00:23:38 +0200] "GET /?n=82969577963 HTTP/1.1" 200 194025 typfit.de "-" "Mozilla/5.0 AppleWebKit/537.36 (KHTML, like Gecko; compatible; ClaudeBot/1.0; +claudebot@anthropic.com)" "-"
2a03:2880:f800:: - - [29/Aug/2026:00:23:40 +0200] "GET /?k=24014052305 HTTP/1.1" 200 194025 typfit.de "-" "Mozilla/5.0 (Windows NT 10.0; Win64; x64) AppleWebKit/537.36 (KHTML, like Gecko) Chrome/145.0.0.0 Safari/537.36 (compatible; meta-externalagent/1.1 (+https://developers.facebook.com/docs/sharing/webmasters/crawler))" "-"
216.73.217.0 - - [29/Aug/2026:00:23:43 +0200] "GET /?h=37681401275 HTTP/1.1" 200 194025 typfit.de "-" "Mozilla/5.0 AppleWebKit/537.36 (KHTML, like Gecko; compatible; ClaudeBot/1.0; +claudebot@anthropic.com)" "-"
2a03:2880:f800:: - - [29/Aug/2026:00:23:44 +0200] "GET /?r=15955908403 HTTP/1.1" 200 194025 typfit.de "-" "Mozilla/5.0 (Windows NT 10.0; Win64; x64) AppleWebKit/537.36 (KHTML, like Gecko) Chrome/145.0.0.0 Safari/537.36 (compatible; meta-externalagent/1.1 (+https://developers.facebook.com/docs/sharing/webmasters/crawler))" "-"
216.73.217.0 - - [29/Aug/2026:00:23:49 +0200] "GET /?n=72582437236 HTTP/1.1" 200 194025 typfit.de "-" "Mozilla/5.0 AppleWebKit/537.36 (KHTML, like Gecko; compatible; ClaudeBot/1.0; +claudebot@anthropic.com)" "-"
216.73.217.0 - - [29/Aug/2026:00:23:53 +0200] "GET /?r=83213158132 HTTP/1.1" 200 194025 typfit.de "-" "Mozilla/5.0 AppleWebKit/537.36 (KHTML, like Gecko; compatible; ClaudeBot/1.0; +claudebot@anthropic.com)" "-"
216.73.217.0 - - [29/Aug/2026:00:23:58 +0200] "GET /?b=66160733713 HTTP/1.1" 200 194025 typfit.de "-" "Mozilla/5.0 AppleWebKit/537.36 (KHTML, like Gecko; compatible; ClaudeBot/1.0; +claudebot@anthropic.com)" "-"
216.73.217.0 - - [29/Aug/2026:00:24:03 +0200] "GET /?e=40605836959 HTTP/1.1" 200 194025 typfit.de "-" "Mozilla/5.0 AppleWebKit/537.36 (KHTML, like Gecko; compatible; ClaudeBot/1.0; +claudebot@anthropic.com)" "-"
216.73.217.0 - - [29/Aug/2026:00:24:07 +0200] "GET /?z=33085751672 HTTP/1.1" 200 194025 typfit.de "-" "Mozilla/5.0 AppleWebKit/537.36 (KHTML, like Gecko; compatible; ClaudeBot/1.0; +claudebot@anthropic.com)" "-"
216.73.217.0 - - [29/Aug/2026:00:24:12 +0200] "GET /?t=19853426212 HTTP/1.1" 200 194025 typfit.de "-" "Mozilla/5.0 AppleWebKit/537.36 (KHTML, like Gecko; compatible; ClaudeBot/1.0; +claudebot@anthropic.com)" "-"
114.119.137.0 - - [29/Aug/2026:00:24:17 +0200] "GET /?e=29199098352 HTTP/1.1" 200 194025 typfit.de "https://typfit.de/sitemap.xml" "Mozilla/5.0 (Linux; Android 7.0;) AppleWebKit/537.36 (HTML, like Gecko) Mobile Safari/537.36 (compatible; PetalBot;+https://webmaster.petalsearch.com/site/petalbot)" "-"
216.73.217.0 - - [29/Aug/2026:00:24:17 +0200] "GET /?z=66646265056 HTTP/1.1" 200 194025 typfit.de "-" "Mozilla/5.0 AppleWebKit/537.36 (KHTML, like Gecko; compatible; ClaudeBot/1.0; +claudebot@anthropic.com)" "-"
216.73.217.0 - - [29/Aug/2026:00:24:22 +0200] "GET /?h=21228532303 HTTP/1.1" 200 194025 typfit.de "-" "Mozilla/5.0 AppleWebKit/537.36 (KHTML, like Gecko; compatible; ClaudeBot/1.0; +claudebot@anthropic.com)" "-"
2a03:2880:f800:: - - [29/Aug/2026:00:24:22 +0200] "GET /?t=93603945943 HTTP/1.1" 200 194025 typfit.de "-" "Mozilla/5.0 (Windows NT 10.0; Win64; x64) AppleWebKit/537.36 (KHTML, like Gecko) Chrome/145.0.0.0 Safari/537.36 Edg/145.0.0.0 (compatible; meta-externalagent/1.1 (+https://developers.facebook.com/docs/sharing/webmasters/crawler))" "-"
216.73.217.0 - - [29/Aug/2026:00:24:27 +0200] "GET /?z=71192227356 HTTP/1.1" 200 194025 typfit.de "-" "Mozilla/5.0 AppleWebKit/537.36 (KHTML, like Gecko; compatible; ClaudeBot/1.0; +claudebot@anthropic.com)" "-"
2a03:2880:f800:: - - [29/Aug/2026:00:24:27 +0200] "GET /?n=70111845979 HTTP/1.1" 200 194025 typfit.de "-" "Mozilla/5.0 (Macintosh; Intel Mac OS X 10_15_7) AppleWebKit/537.36 (KHTML, like Gecko) Chrome/145.0.0.0 Safari/537.36 (compatible; meta-externalagent/1.1 (+https://developers.facebook.com/docs/sharing/webmasters/crawler))" "-"
2a03:2880:f800:: - - [29/Aug/2026:00:24:29 +0200] "GET /wp-content/themes/betheme/js/parallax/translate3d.js?ver=24.0 HTTP/1.1" 200 3963 typfit.de "https://typfit.de/?n=70111845979" "Mozilla/5.0 (Macintosh; Intel Mac OS X 10_15_7) AppleWebKit/537.36 (KHTML, like Gecko) Chrome/145.0.0.0 Safari/537.36 (compatible; meta-externalagent/1.1 (+https://developers.facebook.com/docs/sharing/webmasters/crawler))" "-"
216.73.217.0 - - [29/Aug/2026:00:24:31 +0200] "GET /?h=8913765861 HTTP/1.1" 200 194025 typfit.de "-" "Mozilla/5.0 AppleWebKit/537.36 (KHTML, like Gecko; compatible; ClaudeBot/1.0; +claudebot@anthropic.com)" "-"
216.73.217.0 - - [29/Aug/2026:00:24:35 +0200] "GET /?n=1173915261 HTTP/1.1" 200 194025 typfit.de "-" "Mozilla/5.0 AppleWebKit/537.36 (KHTML, like Gecko; compatible; ClaudeBot/1.0; +claudebot@anthropic.com)" "-"
20.124.190.0 - - [29/Aug/2026:00:24:38 +0200] "POST / HTTP/1.1" 200 52109 typfit.de "-" "Mozilla/5.0" "-"
216.73.217.0 - - [29/Aug/2026:00:24:40 +0200] "GET /?r=61606572342 HTTP/1.1" 200 194025 typfit.de "-" "Mozilla/5.0 AppleWebKit/537.36 (KHTML, like Gecko; compatible; ClaudeBot/1.0; +claudebot@anthropic.com)" "-"
216.73.217.0 - - [29/Aug/2026:00:24:45 +0200] "GET /?i=24068521825 HTTP/1.1" 429 267 typfit.de "-" "Mozilla/5.0 AppleWebKit/537.36 (KHTML, like Gecko; compatible; ClaudeBot/1.0; +claudebot@anthropic.com)" "-"
216.73.217.0 - - [29/Aug/2026:00:24:50 +0200] "GET /robots.txt HTTP/1.1" 429 267 typfit.de "-" "Mozilla/5.0 AppleWebKit/537.36 (KHTML, like Gecko; compatible; ClaudeBot/1.0; +claudebot@anthropic.com)" "-"
216.73.217.0 - - [29/Aug/2026:00:24:52 +0200] "GET /?i=61821094156 HTTP/1.1" 429 267 typfit.de "-" "Mozilla/5.0 AppleWebKit/537.36 (KHTML, like Gecko; compatible; ClaudeBot/1.0; +claudebot@anthropic.com)" "-"
216.73.217.0 - - [29/Aug/2026:00:24:56 +0200] "GET /?k=80876621876 HTTP/1.1" 429 267 typfit.de "-" "Mozilla/5.0 AppleWebKit/537.36 (KHTML, like Gecko; compatible; ClaudeBot/1.0; +claudebot@anthropic.com)" "-"
216.73.217.0 - - [29/Aug/2026:00:25:00 +0200] "GET /robots.txt HTTP/1.1" 429 267 typfit.de "-" "Mozilla/5.0 AppleWebKit/537.36 (KHTML, like Gecko; compatible; ClaudeBot/1.0; +claudebot@anthropic.com)" "-"
216.73.217.0 - - [29/Aug/2026:00:25:01 +0200] "GET /?i=80068495116 HTTP/1.1" 429 267 typfit.de "-" "Mozilla/5.0 AppleWebKit/537.36 (KHTML, like Gecko; compatible; ClaudeBot/1.0; +claudebot@anthropic.com)" "-"
216.73.217.0 - - [29/Aug/2026:00:25:06 +0200] "GET /?t=18160756153 HTTP/1.1" 429 267 typfit.de "-" "Mozilla/5.0 AppleWebKit/537.36 (KHTML, like Gecko; compatible; ClaudeBot/1.0; +claudebot@anthropic.com)" "-"
2a03:2880:f800:: - - [29/Aug/2026:00:25:09 +0200] "GET /?k=60459993486 HTTP/1.1" 200 194025 typfit.de "-" "Mozilla/5.0 (Windows NT 10.0; Win64; x64) AppleWebKit/537.36 (KHTML, like Gecko) Chrome/145.0.0.0 Safari/537.36 (compatible; meta-externalagent/1.1 (+https://developers.facebook.com/docs/sharing/webmasters/crawler))" "-"
216.73.217.0 - - [29/Aug/2026:00:25:11 +0200] "GET /?n=35676495563 HTTP/1.1" 429 267 typfit.de "-" "Mozilla/5.0 AppleWebKit/537.36 (KHTML, like Gecko; compatible; ClaudeBot/1.0; +claudebot@anthropic.com)" "-"
66.249.70.0 - - [29/Aug/2026:00:25:14 +0200] "GET /?h=16634750615 HTTP/1.1" 200 190016 typfit.de "-" "Mozilla/5.0 (Linux; Android 6.0.1; Nexus 5X Build/MMB29P) AppleWebKit/537.36 (KHTML, like Gecko) Chrome/151.0.7922.173 Mobile Safari/537.36 (compatible; Googlebot/2.1; +http://www.google.com/bot.html)" "-"
216.73.217.0 - - [29/Aug/2026:00:25:16 +0200] "GET /?z=12813341995 HTTP/1.1" 429 267 typfit.de "-" "Mozilla/5.0 AppleWebKit/537.36 (KHTML, like Gecko; compatible; ClaudeBot/1.0; +claudebot@anthropic.com)" "-"
216.73.217.0 - - [29/Aug/2026:00:25:21 +0200] "GET /?h=89341832769 HTTP/1.1" 429 267 typfit.de "-" "Mozilla/5.0 AppleWebKit/537.36 (KHTML, like Gecko; compatible; ClaudeBot/1.0; +claudebot@anthropic.com)" "-"
66.249.70.0 - - [29/Aug/2026:00:25:22 +0200] "GET /?i=3174561619 HTTP/1.1" 200 195793 typfit.de "-" "Mozilla/5.0 (Linux; Android 6.0.1; Nexus 5X Build/MMB29P) AppleWebKit/537.36 (KHTML, like Gecko) Chrome/151.0.7922.173 Mobile Safari/537.36 (compatible; Googlebot/2.1; +http://www.google.com/bot.html)" "-"
66.249.70.0 - - [29/Aug/2026:00:25:24 +0200] "GET /?j=65874791860 HTTP/1.1" 200 190907 typfit.de "-" "Mozilla/5.0 (Linux; Android 6.0.1; Nexus 5X Build/MMB29P) AppleWebKit/537.36 (KHTML, like Gecko) Chrome/151.0.7922.173 Mobile Safari/537.36 (compatible; Googlebot/2.1; +http://www.google.com/bot.html)" "-"
45.3.50.0 - - [29/Aug/2026:00:25:25 +0200] "GET /wp-login.php HTTP/1.1" 200 61004 typfit.de "-" "Mozilla/5.0 (compatible; MyApp/1.0)" "-"
216.73.217.0 - - [29/Aug/2026:00:25:26 +0200] "GET /?i=68777750898 HTTP/1.1" 429 267 typfit.de "-" "Mozilla/5.0 AppleWebKit/537.36 (KHTML, like Gecko; compatible; ClaudeBot/1.0; +claudebot@anthropic.com)" "-"
104.207.54.0 - - [29/Aug/2026:00:25:26 +0200] "GET /wp-login.php HTTP/1.1" 200 61004 typfit.de "-" "Mozilla/5.0 (compatible; MyApp/1.0)" "-"
45.3.50.0 - - [29/Aug/2026:00:25:27 +0200] "POST /wp-login.php HTTP/1.1" 302 52108 typfit.de "-" "Mozilla/5.0 (compatible; MyApp/1.0)" "-"
66.249.70.0 - - [29/Aug/2026:00:25:28 +0200] "GET /?t=17291474503 HTTP/1.1" 200 194237 typfit.de "-" "Mozilla/5.0 (Linux; Android 6.0.1; Nexus 5X Build/MMB29P) AppleWebKit/537.36 (KHTML, like Gecko) Chrome/151.0.7922.173 Mobile Safari/537.36 (compatible; Googlebot/2.1; +http://www.google.com/bot.html)" "-"
45.3.50.0 - - [29/Aug/2026:00:25:28 +0200] "GET /wp-login.php?redirect_to=%2Fwp-admin%2F&action=confirm_admin_email&wp_lang=de_DE HTTP/1.1" 200 54177 typfit.de "-" "Mozilla/5.0 (compatible; MyApp/1.0)" "-"
66.249.70.0 - - [29/Aug/2026:00:25:30 +0200] "GET /?o=73192307235 HTTP/1.1" 200 193204 typfit.de "-" "Mozilla/5.0 (Linux; Android 6.0.1; Nexus 5X Build/MMB29P) AppleWebKit/537.36 (KHTML, like Gecko) Chrome/151.0.7922.173 Mobile Safari/537.36 (compatible; Googlebot/2.1; +http://www.google.com/bot.html)" "-"
45.3.50.0 - - [29/Aug/2026:00:25:30 +0200] "GET /wp-admin/admin-ajax.php?action=rest-nonce HTTP/1.1" 200 49722 typfit.de "-" "Mozilla/5.0 (compatible; MyApp/1.0)" "-"
216.73.217.0 - - [29/Aug/2026:00:25:31 +0200] "GET /?k=19574449254 HTTP/1.1" 429 267 typfit.de "-" "Mozilla/5.0 AppleWebKit/537.36 (KHTML, like Gecko; compatible; ClaudeBot/1.0; +claudebot@anthropic.com)" "-"
216.73.217.0 - - [29/Aug/2026:00:25:36 +0200] "GET /?j=37338734674 HTTP/1.1" 429 267 typfit.de "-" "Mozilla/5.0 AppleWebKit/537.36 (KHTML, like Gecko; compatible; ClaudeBot/1.0; +claudebot@anthropic.com)" "-"
66.249.70.0 - - [29/Aug/2026:00:25:36 +0200] "GET /?o=79710796327 HTTP/1.1" 200 193040 typfit.de "-" "Mozilla/5.0 (Linux; Android 6.0.1; Nexus 5X Build/MMB29P) AppleWebKit/537.36 (KHTML, like Gecko) Chrome/151.0.7922.173 Mobile Safari/537.36 (compatible; Googlebot/2.1; +http://www.google.com/bot.html)" "-"
104.207.54.0 - - [29/Aug/2026:00:25:38 +0200] "POST /wp-login.php HTTP/1.1" 302 52108 typfit.de "-" "Mozilla/5.0 (compatible; MyApp/1.0)" "-"
104.207.54.0 - - [29/Aug/2026:00:25:39 +0200] "GET /wp-login.php?redirect_to=%2Fwp-admin%2F&action=confirm_admin_email&wp_lang=de_DE HTTP/1.1" 200 54177 typfit.de "-" "Mozilla/5.0 (compatible; MyApp/1.0)" "-"
114.119.157.0 - - [29/Aug/2026:00:25:39 +0200] "GET /?k=54711726875 HTTP/1.1" 200 52109 www.typfit.de "http://www.typfit.de/sitemap.xml" "Mozilla/5.0 (Linux; Android 7.0;) AppleWebKit/537.36 (HTML, like Gecko) Mobile Safari/537.36 (compatible; PetalBot;+https://webmaster.petalsearch.com/site/petalbot)" "-"
104.207.54.0 - - [29/Aug/2026:00:25:40 +0200] "GET /wp-admin/admin-ajax.php?action=rest-nonce HTTP/1.1" 200 49722 typfit.de "-" "Mozilla/5.0 (compatible; MyApp/1.0)" "-"
66.249.70.0 - - [29/Aug/2026:00:25:40 +0200] "GET /?e=23642626952 HTTP/1.1" 200 191651 typfit.de "-" "Mozilla/5.0 (Linux; Android 6.0.1; Nexus 5X Build/MMB29P) AppleWebKit/537.36 (KHTML, like Gecko) Chrome/151.0.7922.173 Mobile Safari/537.36 (compatible; Googlebot/2.1; +http://www.google.com/bot.html)" "-"
65.111.12.0 - - [29/Aug/2026:00:25:47 +0200] "GET /wp-login.php HTTP/1.1" 200 61004 typfit.de "-" "Mozilla/5.0 (compatible; MyApp/1.0)" "-"
66.249.70.0 - - [29/Aug/2026:00:25:47 +0200] "GET /?r=13333908287 HTTP/1.1" 200 195588 typfit.de "-" "Mozilla/5.0 (Linux; Android 6.0.1; Nexus 5X Build/MMB29P) AppleWebKit/537.36 (KHTML, like Gecko) Chrome/151.0.7922.173 Mobile Safari/537.36 (compatible; Googlebot/2.1; +http://www.google.com/bot.html)" "-"
2a03:2880:f800:: - - [29/Aug/2026:00:25:48 +0200] "GET /?t=15622249942 HTTP/1.1" 200 194025 typfit.de "-" "Mozilla/5.0 (Windows NT 10.0; Win64; x64) AppleWebKit/537.36 (KHTML, like Gecko) Chrome/145.0.0.0 Safari/537.36 (compatible; meta-externalagent/1.1 (+https://developers.facebook.com/docs/sharing/webmasters/crawler))" "-"
65.111.12.0 - - [29/Aug/2026:00:25:49 +0200] "POST /wp-login.php HTTP/1.1" 302 52108 typfit.de "-" "Mozilla/5.0 (compatible; MyApp/1.0)" "-"
65.111.12.0 - - [29/Aug/2026:00:25:50 +0200] "GET /wp-login.php?redirect_to=%2Fwp-admin%2F&action=confirm_admin_email&wp_lang=de_DE HTTP/1.1" 200 54177 typfit.de "-" "Mozilla/5.0 (compatible; MyApp/1.0)" "-"
65.111.12.0 - - [29/Aug/2026:00:25:52 +0200] "GET /wp-admin/admin-ajax.php?action=rest-nonce HTTP/1.1" 200 49722 typfit.de "-" "Mozilla/5.0 (compatible; MyApp/1.0)" "-"
66.249.70.0 - - [29/Aug/2026:00:25:56 +0200] "GET /?n=44345892020 HTTP/1.1" 200 192983 typfit.de "-" "Mozilla/5.0 (Linux; Android 6.0.1; Nexus 5X Build/MMB29P) AppleWebKit/537.36 (KHTML, like Gecko) Chrome/151.0.7922.173 Mobile Safari/537.36 (compatible; Googlebot/2.1; +http://www.google.com/bot.html)" "-"
20.124.190.0 - - [29/Aug/2026:00:26:03 +0200] "POST / HTTP/1.1" 200 52109 typfit.de "-" "Mozilla/5.0" "-"
66.249.70.0 - - [29/Aug/2026:00:26:10 +0200] "GET /?k=98820895382 HTTP/1.1" 200 190541 typfit.de "-" "Mozilla/5.0 (Linux; Android 6.0.1; Nexus 5X Build/MMB29P) AppleWebKit/537.36 (KHTML, like Gecko) Chrome/151.0.7922.173 Mobile Safari/537.36 (compatible; Googlebot/2.1; +http://www.google.com/bot.html)" "-"
66.249.70.0 - - [29/Aug/2026:00:26:16 +0200] "GET /?n=45696649579 HTTP/1.1" 200 190793 typfit.de "-" "Mozilla/5.0 (Linux; Android 6.0.1; Nexus 5X Build/MMB29P) AppleWebKit/537.36 (KHTML, like Gecko) Chrome/151.0.7922.173 Mobile Safari/537.36 (compatible; Googlebot/2.1; +http://www.google.com/bot.html)" "-"
66.249.70.0 - - [29/Aug/2026:00:26:23 +0200] "GET /?i=53485687435 HTTP/1.1" 200 191457 typfit.de "-" "Mozilla/5.0 (Linux; Android 6.0.1; Nexus 5X Build/MMB29P) AppleWebKit/537.36 (KHTML, like Gecko) Chrome/151.0.7922.173 Mobile Safari/537.36 (compatible; Googlebot/2.1; +http://www.google.com/bot.html)" "-"
66.249.70.0 - - [29/Aug/2026:00:26:28 +0200] "GET /?h=49063555451 HTTP/1.1" 200 193785 typfit.de "-" "Mozilla/5.0 (Linux; Android 6.0.1; Nexus 5X Build/MMB29P) AppleWebKit/537.36 (KHTML, like Gecko) Chrome/151.0.7922.173 Mobile Safari/537.36 (compatible; Googlebot/2.1; +http://www.google.com/bot.html)" "-"
66.249.70.0 - - [29/Aug/2026:00:26:32 +0200] "GET /?r=61177636959 HTTP/1.1" 200 192349 typfit.de "-" "Mozilla/5.0 (Linux; Android 6.0.1; Nexus 5X Build/MMB29P) AppleWebKit/537.36 (KHTML, like Gecko) Chrome/151.0.7922.173 Mobile Safari/537.36 (compatible; Googlebot/2.1; +http://www.google.com/bot.html)" "-"
2a03:2880:f800:: - - [29/Aug/2026:00:26:34 +0200] "GET /?r=3577068320 HTTP/1.1" 200 194027 typfit.de "-" "Mozilla/5.0 (Windows NT 10.0; Win64; x64) AppleWebKit/537.36 (KHTML, like Gecko) Chrome/145.0.0.0 Safari/537.36 (compatible; meta-externalagent/1.1 (+https://developers.facebook.com/docs/sharing/webmasters/crawler))" "-"
66.249.70.0 - - [29/Aug/2026:00:26:40 +0200] "GET /?j=52399094783 HTTP/1.1" 200 191440 typfit.de "-" "Mozilla/5.0 (Linux; Android 6.0.1; Nexus 5X Build/MMB29P) AppleWebKit/537.36 (KHTML, like Gecko) Chrome/151.0.7922.173 Mobile Safari/537.36 (compatible; Googlebot/2.1; +http://www.google.com/bot.html)" "-"
2a03:2880:f800:: - - [29/Aug/2026:00:26:46 +0200] "GET /?r=55861067302 HTTP/1.1" 200 194027 typfit.de "-" "Mozilla/5.0 (Windows NT 10.0; Win64; x64) AppleWebKit/537.36 (KHTML, like Gecko) Chrome/145.0.0.0 Safari/537.36 (compatible; meta-externalagent/1.1 (+https://developers.facebook.com/docs/sharing/webmasters/crawler))" "-"
66.249.70.0 - - [29/Aug/2026:00:26:50 +0200] "GET /?i=19590183460 HTTP/1.1" 200 192265 typfit.de "-" "Mozilla/5.0 (Linux; Android 6.0.1; Nexus 5X Build/MMB29P) AppleWebKit/537.36 (KHTML, like Gecko) Chrome/151.0.7922.173 Mobile Safari/537.36 (compatible; Googlebot/2.1; +http://www.google.com/bot.html)" "-"
66.249.70.0 - - [29/Aug/2026:00:26:52 +0200] "GET /?r=77916724130 HTTP/1.1" 200 191573 typfit.de "-" "Mozilla/5.0 (Linux; Android 6.0.1; Nexus 5X Build/MMB29P) AppleWebKit/537.36 (KHTML, like Gecko) Chrome/151.0.7922.173 Mobile Safari/537.36 (compatible; Googlebot/2.1; +http://www.google.com/bot.html)" "-"
66.249.70.0 - - [29/Aug/2026:00:27:00 +0200] "GET /?j=29402616145 HTTP/1.1" 200 195425 typfit.de "-" "Mozilla/5.0 (Linux; Android 6.0.1; Nexus 5X Build/MMB29P) AppleWebKit/537.36 (KHTML, like Gecko) Chrome/151.0.7922.173 Mobile Safari/537.36 (compatible; Googlebot/2.1; +http://www.google.com/bot.html)" "-"
114.119.137.0 - - [29/Aug/2026:00:27:03 +0200] "GET /?i=47209171930 HTTP/1.1" 200 194027 typfit.de "https://typfit.de/sitemap.xml" "Mozilla/5.0 (Linux; Android 7.0;) AppleWebKit/537.36 (HTML, like Gecko) Mobile Safari/537.36 (compatible; PetalBot;+https://webmaster.petalsearch.com/site/petalbot)" "-"
66.249.70.0 - - [29/Aug/2026:00:27:04 +0200] "GET /?k=87982464648 HTTP/1.1" 200 195198 typfit.de "-" "Mozilla/5.0 (Linux; Android 6.0.1; Nexus 5X Build/MMB29P) AppleWebKit/537.36 (KHTML, like Gecko) Chrome/151.0.7922.173 Mobile Safari/537.36 (compatible; Googlebot/2.1; +http://www.google.com/bot.html)" "-"
2a03:2880:f800:: - - [29/Aug/2026:00:27:05 +0200] "GET /?j=79294975705 HTTP/1.1" 200 194027 typfit.de "-" "Mozilla/5.0 (Windows NT 10.0; Win64; x64) AppleWebKit/537.36 (KHTML, like Gecko) Chrome/145.0.0.0 Safari/537.36 (compatible; meta-externalagent/1.1 (+https://developers.facebook.com/docs/sharing/webmasters/crawler))" "-"
66.249.70.0 - - [29/Aug/2026:00:27:08 +0200] "GET /?n=70089088120 HTTP/1.1" 200 192061 typfit.de "-" "Mozilla/5.0 (Linux; Android 6.0.1; Nexus 5X Build/MMB29P) AppleWebKit/537.36 (KHTML, like Gecko) Chrome/151.0.7922.173 Mobile Safari/537.36 (compatible; Googlebot/2.1; +http://www.google.com/bot.html)" "-"
66.249.70.0 - - [29/Aug/2026:00:27:13 +0200] "GET /?v=30537783458 HTTP/1.1" 200 194530 typfit.de "-" "Mozilla/5.0 (Linux; Android 6.0.1; Nexus 5X Build/MMB29P) AppleWebKit/537.36 (KHTML, like Gecko) Chrome/151.0.7922.173 Mobile Safari/537.36 (compatible; Googlebot/2.1; +http://www.google.com/bot.html)" "-"
2a03:2880:f800:: - - [29/Aug/2026:00:27:13 +0200] "GET /?o=20095749583 HTTP/1.1" 200 194027 typfit.de "-" "Mozilla/5.0 (Windows NT 10.0; Win64; x64) AppleWebKit/537.36 (KHTML, like Gecko) Chrome/145.0.0.0 Safari/537.36 (compatible; meta-externalagent/1.1 (+https://developers.facebook.com/docs/sharing/webmasters/crawler))" "-"
2a03:2880:f800:: - - [29/Aug/2026:00:27:16 +0200] "GET /?j=14453850994 HTTP/1.1" 200 194027 typfit.de "-" "Mozilla/5.0 (Windows NT 10.0; Win64; x64) AppleWebKit/537.36 (KHTML, like Gecko) Chrome/145.0.0.0 Safari/537.36 (compatible; meta-externalagent/1.1 (+https://developers.facebook.com/docs/sharing/webmasters/crawler))" "-"
66.249.70.0 - - [29/Aug/2026:00:27:20 +0200] "GET /?v=62131667909 HTTP/1.1" 200 191992 typfit.de "-" "Mozilla/5.0 (Linux; Android 6.0.1; Nexus 5X Build/MMB29P) AppleWebKit/537.36 (KHTML, like Gecko) Chrome/151.0.7922.173 Mobile Safari/537.36 (compatible; Googlebot/2.1; +http://www.google.com/bot.html)" "-"
65.111.28.0 - - [29/Aug/2026:00:27:25 +0200] "GET /wp-login.php HTTP/1.1" 200 61004 typfit.de "-" "Mozilla/5.0 (compatible; MyApp/1.0)" "-"
66.249.70.0 - - [29/Aug/2026:00:27:29 +0200] "GET /?v=31827092779 HTTP/1.1" 200 190773 typfit.de "-" "Mozilla/5.0 (Linux; Android 6.0.1; Nexus 5X Build/MMB29P) AppleWebKit/537.36 (KHTML, like Gecko) Chrome/151.0.7922.173 Mobile Safari/537.36 (compatible; Googlebot/2.1; +http://www.google.com/bot.html)" "-"
2a03:2880:f800:: - - [29/Aug/2026:00:27:34 +0200] "GET /?j=83557309341 HTTP/1.1" 200 194027 typfit.de "-" "Mozilla/5.0 (Windows NT 10.0; Win64; x64) AppleWebKit/537.36 (KHTML, like Gecko) Chrome/145.0.0.0 Safari/537.36 (compatible; meta-externalagent/1.1 (+https://developers.facebook.com/docs/sharing/webmasters/crawler))" "-"
2a03:2880:f800:: - - [29/Aug/2026:00:27:36 +0200] "GET /wp-content/themes/betheme/js/parallax/translate3d.js?ver=24.0 HTTP/1.1" 200 3963 typfit.de "https://typfit.de/?j=83557309341" "Mozilla/5.0 (Windows NT 10.0; Win64; x64) AppleWebKit/537.36 (KHTML, like Gecko) Chrome/145.0.0.0 Safari/537.36 (compatible; meta-externalagent/1.1 (+https://developers.facebook.com/docs/sharing/webmasters/crawler))" "-"
66.249.70.0 - - [29/Aug/2026:00:27:36 +0200] "GET /?k=80357299264 HTTP/1.1" 200 206666 typfit.de "-" "Mozilla/5.0 (Linux; Android 6.0.1; Nexus 5X Build/MMB29P) AppleWebKit/537.36 (KHTML, like Gecko) Chrome/151.0.7922.173 Mobile Safari/537.36 (compatible; Googlebot/2.1; +http://www.google.com/bot.html)" "-"
65.111.28.0 - - [29/Aug/2026:00:27:37 +0200] "POST /wp-login.php HTTP/1.1" 302 52108 typfit.de "-" "Mozilla/5.0 (compatible; MyApp/1.0)" "-"
65.111.28.0 - - [29/Aug/2026:00:27:38 +0200] "GET /wp-login.php?redirect_to=%2Fwp-admin%2F&action=confirm_admin_email&wp_lang=de_DE HTTP/1.1" 200 54177 typfit.de "-" "Mozilla/5.0 (compatible; MyApp/1.0)" "-"
65.111.28.0 - - [29/Aug/2026:00:27:39 +0200] "GET /wp-admin/admin-ajax.php?action=rest-nonce HTTP/1.1" 200 49722 typfit.de "-" "Mozilla/5.0 (compatible; MyApp/1.0)" "-"
66.249.70.0 - - [29/Aug/2026:00:27:40 +0200] "GET /?z=40334031687 HTTP/1.1" 200 193742 typfit.de "-" "Mozilla/5.0 (Linux; Android 6.0.1; Nexus 5X Build/MMB29P) AppleWebKit/537.36 (KHTML, like Gecko) Chrome/151.0.7922.173 Mobile Safari/537.36 (compatible; Googlebot/2.1; +http://www.google.com/bot.html)" "-"
66.249.70.0 - - [29/Aug/2026:00:27:49 +0200] "GET /?z=85361826750 HTTP/1.1" 200 191867 typfit.de "-" "Mozilla/5.0 (Linux; Android 6.0.1; Nexus 5X Build/MMB29P) AppleWebKit/537.36 (KHTML, like Gecko) Chrome/151.0.7922.173 Mobile Safari/537.36 (compatible; Googlebot/2.1; +http://www.google.com/bot.html)" "-"
66.249.70.0 - - [29/Aug/2026:00:27:56 +0200] "GET /?e=87776616928 HTTP/1.1" 200 190995 typfit.de "-" "Mozilla/5.0 (Linux; Android 6.0.1; Nexus 5X Build/MMB29P) AppleWebKit/537.36 (KHTML, like Gecko) Chrome/151.0.7922.173 Mobile Safari/537.36 (compatible; Googlebot/2.1; +http://www.google.com/bot.html)" "-"
2a03:2880:f800:: - - [29/Aug/2026:00:27:56 +0200] "GET /?v=42614940218 HTTP/1.1" 200 194027 typfit.de "-" "Mozilla/5.0 (Windows NT 10.0; Win64; x64) AppleWebKit/537.36 (KHTML, like Gecko) Chrome/145.0.0.0 Safari/537.36 (compatible; meta-externalagent/1.1 (+https://developers.facebook.com/docs/sharing/webmasters/crawler))" "-"
66.249.70.0 - - [29/Aug/2026:00:27:58 +0200] "GET /?o=97212374303 HTTP/1.1" 200 195004 typfit.de "-" "Mozilla/5.0 (Linux; Android 6.0.1; Nexus 5X Build/MMB29P) AppleWebKit/537.36 (KHTML, like Gecko) Chrome/151.0.7922.173 Mobile Safari/537.36 (compatible; Googlebot/2.1; +http://www.google.com/bot.html)" "-"
2a03:2880:f800:: - - [29/Aug/2026:00:27:59 +0200] "GET /?j=73975544912 HTTP/1.1" 200 194027 typfit.de "-" "Mozilla/5.0 (Macintosh; Intel Mac OS X 10_15_7) AppleWebKit/537.36 (KHTML, like Gecko) Chrome/145.0.0.0 Safari/537.36 (compatible; meta-externalagent/1.1 (+https://developers.facebook.com/docs/sharing/webmasters/crawler))" "-"
66.249.70.0 - - [29/Aug/2026:00:28:01 +0200] "GET /?o=34193815945 HTTP/1.1" 200 190394 typfit.de "-" "Mozilla/5.0 (Linux; Android 6.0.1; Nexus 5X Build/MMB29P) AppleWebKit/537.36 (KHTML, like Gecko) Chrome/151.0.7922.173 Mobile Safari/537.36 (compatible; Googlebot/2.1; +http://www.google.com/bot.html)" "-"
2a03:2880:f800:: - - [29/Aug/2026:00:28:03 +0200] "GET /wp-content/themes/betheme/js/parallax/translate3d.js?ver=24.0 HTTP/1.1" 200 3963 typfit.de "https://typfit.de/?j=73975544912" "Mozilla/5.0 (Macintosh; Intel Mac OS X 10_15_7) AppleWebKit/537.36 (KHTML, like Gecko) Chrome/145.0.0.0 Safari/537.36 (compatible; meta-externalagent/1.1 (+https://developers.facebook.com/docs/sharing/webmasters/crawler))" "-"
66.249.70.0 - - [29/Aug/2026:00:28:05 +0200] "GET /?j=10528950471 HTTP/1.1" 200 193101 typfit.de "-" "Mozilla/5.0 (Linux; Android 6.0.1; Nexus 5X Build/MMB29P) AppleWebKit/537.36 (KHTML, like Gecko) Chrome/151.0.7922.173 Mobile Safari/537.36 (compatible; Googlebot/2.1; +http://www.google.com/bot.html)" "-"
52.167.144.0 - - [29/Aug/2026:00:28:21 +0200] "GET /?k=63151149707 HTTP/1.1" 200 192403 typfit.de "-" "Mozilla/5.0 AppleWebKit/537.36 (KHTML, like Gecko; compatible; bingbot/2.0; +http://www.bing.com/bingbot.htm) Chrome/116.0.1938.76 Safari/537.36" "-"
114.119.145.0 - - [29/Aug/2026:00:28:26 +0200] "GET /?t=88644169582 HTTP/1.1" 200 52109 www.typfit.de "http://www.typfit.de/sitemap.xml" "Mozilla/5.0 (Linux; Android 7.0;) AppleWebKit/537.36 (HTML, like Gecko) Mobile Safari/537.36 (compatible; PetalBot;+https://webmaster.petalsearch.com/site/petalbot)" "-"
45.3.37.0 - - [29/Aug/2026:00:28:38 +0200] "GET /wp-login.php HTTP/1.1" 200 61004 typfit.de "-" "Mozilla/5.0 (compatible; MyApp/1.0)" "-"
45.3.37.0 - - [29/Aug/2026:00:28:39 +0200] "POST /wp-login.php HTTP/1.1" 302 52108 typfit.de "-" "Mozilla/5.0 (compatible; MyApp/1.0)" "-"
66.249.70.0 - - [29/Aug/2026:00:28:41 +0200] "GET /?j=78673820040 HTTP/1.1" 200 190259 typfit.de "-" "Mozilla/5.0 (Linux; Android 6.0.1; Nexus 5X Build/MMB29P) AppleWebKit/537.36 (KHTML, like Gecko) Chrome/151.0.7922.173 Mobile Safari/537.36 (compatible; Googlebot/2.1; +http://www.google.com/bot.html)" "-"
45.3.37.0 - - [29/Aug/2026:00:28:41 +0200] "GET /wp-login.php?redirect_to=%2Fwp-admin%2F&action=confirm_admin_email&wp_lang=de_DE HTTP/1.1" 200 54177 typfit.de "-" "Mozilla/5.0 (compatible; MyApp/1.0)" "-"
45.3.37.0 - - [29/Aug/2026:00:28:43 +0200] "GET /wp-admin/admin-ajax.php?action=rest-nonce HTTP/1.1" 200 49722 typfit.de "-" "Mozilla/5.0 (compatible; MyApp/1.0)" "-"
20.124.190.0 - - [29/Aug/2026:00:28:43 +0200] "POST / HTTP/1.1" 200 52109 typfit.de "-" "Mozilla/5.0" "-"
66.249.70.0 - - [29/Aug/2026:00:28:44 +0200] "GET /?r=58787500665 HTTP/1.1" 200 192741 typfit.de "-" "Mozilla/5.0 (Linux; Android 6.0.1; Nexus 5X Build/MMB29P) AppleWebKit/537.36 (KHTML, like Gecko) Chrome/151.0.7922.173 Mobile Safari/537.36 (compatible; Googlebot/2.1; +http://www.google.com/bot.html)" "-"
66.249.70.0 - - [29/Aug/2026:00:28:46 +0200] "GET /?k=76343017926 HTTP/1.1" 200 204886 typfit.de "-" "Mozilla/5.0 (Linux; Android 6.0.1; Nexus 5X Build/MMB29P) AppleWebKit/537.36 (KHTML, like Gecko) Chrome/151.0.7922.173 Mobile Safari/537.36 (compatible; Googlebot/2.1; +http://www.google.com/bot.html)" "-"
2a03:2880:f800:: - - [29/Aug/2026:00:28:48 +0200] "GET /?j=7299724321 HTTP/1.1" 429 267 typfit.de "-" "Mozilla/5.0 (Windows NT 10.0; Win64; x64) AppleWebKit/537.36 (KHTML, like Gecko) Chrome/145.0.0.0 Safari/537.36 (compatible; meta-externalagent/1.1 (+https://developers.facebook.com/docs/sharing/webmasters/crawler))" "-"
2a03:2880:f800:: - - [29/Aug/2026:00:28:54 +0200] "GET /?k=58417136956 HTTP/1.1" 429 267 typfit.de "-" "Mozilla/5.0 (Macintosh; Intel Mac OS X 10_15_7) AppleWebKit/537.36 (KHTML, like Gecko) Chrome/145.0.0.0 Safari/537.36 (compatible; meta-externalagent/1.1 (+https://developers.facebook.com/docs/sharing/webmasters/crawler))" "-"
66.249.70.0 - - [29/Aug/2026:00:28:55 +0200] "GET /?v=49249389648 HTTP/1.1" 200 194961 typfit.de "-" "Mozilla/5.0 (Linux; Android 6.0.1; Nexus 5X Build/MMB29P) AppleWebKit/537.36 (KHTML, like Gecko) Chrome/151.0.7922.173 Mobile Safari/537.36 (compatible; Googlebot/2.1; +http://www.google.com/bot.html)" "-"
66.249.70.0 - - [29/Aug/2026:00:29:01 +0200] "GET /?e=32421705387 HTTP/1.1" 200 191829 typfit.de "-" "Mozilla/5.0 (Linux; Android 6.0.1; Nexus 5X Build/MMB29P) AppleWebKit/537.36 (KHTML, like Gecko) Chrome/151.0.7922.173 Mobile Safari/537.36 (compatible; Googlebot/2.1; +http://www.google.com/bot.html)" "-"
45.3.34.0 - - [29/Aug/2026:00:29:02 +0200] "GET /wp-login.php HTTP/1.1" 200 61004 typfit.de "-" "Mozilla/5.0 (compatible; MyApp/1.0)" "-"
45.3.34.0 - - [29/Aug/2026:00:29:04 +0200] "POST /wp-login.php HTTP/1.1" 302 52108 typfit.de "-" "Mozilla/5.0 (compatible; MyApp/1.0)" "-"
66.249.70.0 - - [29/Aug/2026:00:29:06 +0200] "GET /?r=37344038388 HTTP/1.1" 200 199128 typfit.de "-" "Mozilla/5.0 (Linux; Android 6.0.1; Nexus 5X Build/MMB29P) AppleWebKit/537.36 (KHTML, like Gecko) Chrome/151.0.7922.173 Mobile Safari/537.36 (compatible; Googlebot/2.1; +http://www.google.com/bot.html)" "-"
45.3.34.0 - - [29/Aug/2026:00:29:06 +0200] "GET /wp-login.php?redirect_to=%2Fwp-admin%2F&action=confirm_admin_email&wp_lang=de_DE HTTP/1.1" 200 54177 typfit.de "-" "Mozilla/5.0 (compatible; MyApp/1.0)" "-"
45.3.34.0 - - [29/Aug/2026:00:29:08 +0200] "GET /wp-admin/admin-ajax.php?action=rest-nonce HTTP/1.1" 200 49722 typfit.de "-" "Mozilla/5.0 (compatible; MyApp/1.0)" "-"
66.249.70.0 - - [29/Aug/2026:00:29:17 +0200] "GET /?i=26593971587 HTTP/1.1" 200 198178 typfit.de "-" "Mozilla/5.0 (Linux; Android 6.0.1; Nexus 5X Build/MMB29P) AppleWebKit/537.36 (KHTML, like Gecko) Chrome/151.0.7922.173 Mobile Safari/537.36 (compatible; Googlebot/2.1; +http://www.google.com/bot.html)" "-"
66.249.70.0 - - [29/Aug/2026:00:29:29 +0200] "GET /?t=95454913759 HTTP/1.1" 200 193245 typfit.de "-" "Mozilla/5.0 (Linux; Android 6.0.1; Nexus 5X Build/MMB29P) AppleWebKit/537.36 (KHTML, like Gecko) Chrome/151.0.7922.173 Mobile Safari/537.36 (compatible; Googlebot/2.1; +http://www.google.com/bot.html)" "-"
52.167.144.0 - - [29/Aug/2026:00:29:30 +0200] "GET /?h=68668375626 HTTP/1.1" 200 191266 typfit.de "-" "Mozilla/5.0 AppleWebKit/537.36 (KHTML, like Gecko; compatible; bingbot/2.0; +http://www.bing.com/bingbot.htm) Chrome/116.0.1938.76 Safari/537.36" "-"
114.119.133.0 - - [29/Aug/2026:00:29:50 +0200] "GET /?n=97493859863 HTTP/1.1" 200 52109 www.typfit.de "http://www.typfit.de/sitemap.xml" "Mozilla/5.0 (Linux; Android 7.0;) AppleWebKit/537.36 (HTML, like Gecko) Mobile Safari/537.36 (compatible; PetalBot;+https://webmaster.petalsearch.com/site/petalbot)" "-"
66.249.70.0 - - [29/Aug/2026:00:29:55 +0200] "GET /?k=57857521779 HTTP/1.1" 200 191502 typfit.de "-" "Mozilla/5.0 (Linux; Android 6.0.1; Nexus 5X Build/MMB29P) AppleWebKit/537.36 (KHTML, like Gecko) Chrome/151.0.7922.173 Mobile Safari/537.36 (compatible; Googlebot/2.1; +http://www.google.com/bot.html)" "-"
66.249.70.0 - - [29/Aug/2026:00:29:58 +0200] "GET /?z=28638674385 HTTP/1.1" 200 199687 typfit.de "-" "Mozilla/5.0 (Linux; Android 6.0.1; Nexus 5X Build/MMB29P) AppleWebKit/537.36 (KHTML, like Gecko) Chrome/151.0.7922.173 Mobile Safari/537.36 (compatible; Googlebot/2.1; +http://www.google.com/bot.html)" "-"
66.249.70.0 - - [29/Aug/2026:00:30:04 +0200] "GET /?n=30961624384 HTTP/1.1" 200 191756 typfit.de "-" "Mozilla/5.0 (Linux; Android 6.0.1; Nexus 5X Build/MMB29P) AppleWebKit/537.36 (KHTML, like Gecko) Chrome/151.0.7922.173 Mobile Safari/537.36 (compatible; Googlebot/2.1; +http://www.google.com/bot.html)" "-"
66.249.70.0 - - [29/Aug/2026:00:30:06 +0200] "GET /?h=37295461476 HTTP/1.1" 200 189467 typfit.de "-" "Mozilla/5.0 (Linux; Android 6.0.1; Nexus 5X Build/MMB29P) AppleWebKit/537.36 (KHTML, like Gecko) Chrome/151.0.7922.173 Mobile Safari/537.36 (compatible; Googlebot/2.1; +http://www.google.com/bot.html)" "-"
66.249.70.0 - - [29/Aug/2026:00:30:08 +0200] "GET /?i=27871751103 HTTP/1.1" 200 190735 typfit.de "-" "Mozilla/5.0 (Linux; Android 6.0.1; Nexus 5X Build/MMB29P) AppleWebKit/537.36 (KHTML, like Gecko) Chrome/151.0.7922.173 Mobile Safari/537.36 (compatible; Googlebot/2.1; +http://www.google.com/bot.html)" "-"
2a03:2880:f800:: - - [29/Aug/2026:00:30:14 +0200] "GET /?j=86724453739 HTTP/1.1" 200 194027 typfit.de "-" "Mozilla/5.0 (Windows NT 10.0; Win64; x64) AppleWebKit/537.36 (KHTML, like Gecko) Chrome/145.0.0.0 Safari/537.36 Edg/145.0.0.0 (compatible; meta-externalagent/1.1 (+https://developers.facebook.com/docs/sharing/webmasters/crawler))" "-"
66.249.70.0 - - [29/Aug/2026:00:30:16 +0200] "GET /?j=5469623253 HTTP/1.1" 200 191461 typfit.de "-" "Mozilla/5.0 (Linux; Android 6.0.1; Nexus 5X Build/MMB29P) AppleWebKit/537.36 (KHTML, like Gecko) Chrome/151.0.7922.173 Mobile Safari/537.36 (compatible; Googlebot/2.1; +http://www.google.com/bot.html)" "-"
66.249.70.0 - - [29/Aug/2026:00:30:20 +0200] "GET /?k=96021467030 HTTP/1.1" 200 196207 typfit.de "-" "Mozilla/5.0 (Linux; Android 6.0.1; Nexus 5X Build/MMB29P) AppleWebKit/537.36 (KHTML, like Gecko) Chrome/151.0.7922.173 Mobile Safari/537.36 (compatible; Googlebot/2.1; +http://www.google.com/bot.html)" "-"
66.249.70.0 - - [29/Aug/2026:00:30:43 +0200] "GET /?i=27733609831 HTTP/1.1" 200 190396 typfit.de "-" "Mozilla/5.0 (Linux; Android 6.0.1; Nexus 5X Build/MMB29P) AppleWebKit/537.36 (KHTML, like Gecko) Chrome/151.0.7922.173 Mobile Safari/537.36 (compatible; Googlebot/2.1; +http://www.google.com/bot.html)" "-"
66.249.70.0 - - [29/Aug/2026:00:30:52 +0200] "GET /?o=27073426330 HTTP/1.1" 200 196545 typfit.de "-" "Mozilla/5.0 (Linux; Android 6.0.1; Nexus 5X Build/MMB29P) AppleWebKit/537.36 (KHTML, like Gecko) Chrome/151.0.7922.173 Mobile Safari/537.36 (compatible; Googlebot/2.1; +http://www.google.com/bot.html)" "-"
20.124.190.0 - - [29/Aug/2026:00:30:52 +0200] "POST / HTTP/1.1" 200 52109 typfit.de "-" "Mozilla/5.0" "-"
66.249.70.0 - - [29/Aug/2026:00:30:55 +0200] "GET /?i=70483432984 HTTP/1.1" 200 199728 typfit.de "-" "Mozilla/5.0 (Linux; Android 6.0.1; Nexus 5X Build/MMB29P) AppleWebKit/537.36 (KHTML, like Gecko) Chrome/151.0.7922.173 Mobile Safari/537.36 (compatible; Googlebot/2.1; +http://www.google.com/bot.html)" "-"
2a03:2880:f800:: - - [29/Aug/2026:00:30:55 +0200] "GET /?h=3451007557 HTTP/1.1" 200 194027 typfit.de "-" "Mozilla/5.0 (Windows NT 10.0; Win64; x64) AppleWebKit/537.36 (KHTML, like Gecko) Chrome/145.0.0.0 Safari/537.36 (compatible; meta-externalagent/1.1 (+https://developers.facebook.com/docs/sharing/webmasters/crawler))" "-"
66.249.70.0 - - [29/Aug/2026:00:31:02 +0200] "GET /?z=20460870379 HTTP/1.1" 200 199573 typfit.de "-" "Mozilla/5.0 (Linux; Android 6.0.1; Nexus 5X Build/MMB29P) AppleWebKit/537.36 (KHTML, like Gecko) Chrome/151.0.7922.173 Mobile Safari/537.36 (compatible; Googlebot/2.1; +http://www.google.com/bot.html)" "-"
66.249.70.0 - - [29/Aug/2026:00:31:08 +0200] "GET /?b=57036825736 HTTP/1.1" 200 193194 typfit.de "-" "Mozilla/5.0 (Linux; Android 6.0.1; Nexus 5X Build/MMB29P) AppleWebKit/537.36 (KHTML, like Gecko) Chrome/151.0.7922.173 Mobile Safari/537.36 (compatible; Googlebot/2.1; +http://www.google.com/bot.html)" "-"
2a03:2880:f800:: - - [29/Aug/2026:00:31:10 +0200] "GET /?e=36340122245 HTTP/1.1" 200 194027 typfit.de "-" "Mozilla/5.0 (Macintosh; Intel Mac OS X 10_15_7) AppleWebKit/537.36 (KHTML, like Gecko) Chrome/145.0.0.0 Safari/537.36 (compatible; meta-externalagent/1.1 (+https://developers.facebook.com/docs/sharing/webmasters/crawler))" "-"
114.119.158.0 - - [29/Aug/2026:00:31:14 +0200] "GET /?j=37392246873 HTTP/1.1" 200 52109 www.typfit.de "http://www.typfit.de/sitemap.xml" "Mozilla/5.0 (Linux; Android 7.0;) AppleWebKit/537.36 (HTML, like Gecko) Mobile Safari/537.36 (compatible; PetalBot;+https://webmaster.petalsearch.com/site/petalbot)" "-"
2a03:2880:f800:: - - [29/Aug/2026:00:31:16 +0200] "GET /?i=63908135934 HTTP/1.1" 200 194027 typfit.de "-" "Mozilla/5.0 (X11; Linux x86_64) AppleWebKit/537.36 (KHTML, like Gecko) Chrome/145.0.0.0 Safari/537.36 (compatible; meta-externalagent/1.1 (+https://developers.facebook.com/docs/sharing/webmasters/crawler))" "-"
66.249.70.0 - - [29/Aug/2026:00:31:17 +0200] "GET /?t=98390787361 HTTP/1.1" 200 195757 typfit.de "-" "Mozilla/5.0 (Linux; Android 6.0.1; Nexus 5X Build/MMB29P) AppleWebKit/537.36 (KHTML, like Gecko) Chrome/151.0.7922.173 Mobile Safari/537.36 (compatible; Googlebot/2.1; +http://www.google.com/bot.html)" "-"
2a03:2880:f800:: - - [29/Aug/2026:00:31:20 +0200] "GET /?k=78909790998 HTTP/1.1" 200 194027 typfit.de "-" "Mozilla/5.0 (Macintosh; Intel Mac OS X 10_15_7) AppleWebKit/537.36 (KHTML, like Gecko) Chrome/145.0.0.0 Safari/537.36 (compatible; meta-externalagent/1.1 (+https://developers.facebook.com/docs/sharing/webmasters/crawler))" "-"
2a03:2880:f800:: - - [29/Aug/2026:00:31:27 +0200] "GET /?o=29715977015 HTTP/1.1" 200 194027 typfit.de "-" "Mozilla/5.0 (Windows NT 10.0; Win64; x64) AppleWebKit/537.36 (KHTML, like Gecko) Chrome/145.0.0.0 Safari/537.36 (compatible; meta-externalagent/1.1 (+https://developers.facebook.com/docs/sharing/webmasters/crawler))" "-"
43.166.128.0 - - [29/Aug/2026:00:31:31 +0200] "GET /?p=%2Fhomepages%2F5%2Fd824826599%2Fhtdocs%2Fwp-content HTTP/1.1" 200 31321 www.typfit.de "-" "Mozilla/5.0 (iPhone; CPU iPhone OS 13_2_3 like Mac OS X) AppleWebKit/605.1.15 (KHTML, like Gecko) Version/13.0.3 Mobile/15E148 Safari/604.1" "-"
2a03:2880:f800:: - - [29/Aug/2026:00:31:44 +0200] "GET / HTTP/1.1" 200 194433 typfit.de "-" "facebookexternalhit/1.1 (+http://www.facebook.com/externalhit_uatext.php)" "-"
193.56.28.0 - - [29/Aug/2026:00:31:55 +0200] "GET /wp-login.php HTTP/1.1" 200 61004 typfit.de "-" "Mozilla/5.0 (compatible; MyApp/1.0)" "-"
2a03:2880:f800:: - - [29/Aug/2026:00:31:58 +0200] "GET /?o=94065120676 HTTP/1.1" 200 194027 typfit.de "-" "Mozilla/5.0 (Windows NT 10.0; Win64; x64) AppleWebKit/537.36 (KHTML, like Gecko) Chrome/145.0.0.0 Safari/537.36 (compatible; meta-externalagent/1.1 (+https://developers.facebook.com/docs/sharing/webmasters/crawler))" "-"
2a03:2880:f800:: - - [29/Aug/2026:00:32:04 +0200] "GET /?p=%2Fusr%2Fbin&edit=1&path=%2Fusr%2Fbin%2Fzgrep HTTP/1.1" 200 180989 typfit.de "-" "Mozilla/5.0 (Windows NT 10.0; Win64; x64) AppleWebKit/537.36 (KHTML, like Gecko) Chrome/145.0.0.0 Safari/537.36 (compatible; meta-externalagent/1.1 (+https://developers.facebook.com/docs/sharing/webmasters/crawler))" "-"
2a03:2880:f800:: - - [29/Aug/2026:00:32:06 +0200] "GET /?p=%2Fusr%2Fbin&edit=1&path=%2Fusr%2Fbin%2Flinux64 HTTP/1.1" 200 171924 typfit.de "-" "Mozilla/5.0 (Macintosh; Intel Mac OS X 10_15_7) AppleWebKit/537.36 (KHTML, like Gecko) Chrome/145.0.0.0 Safari/537.36 (compatible; meta-externalagent/1.1 (+https://developers.facebook.com/docs/sharing/webmasters/crawler))" "-"
193.56.28.0 - - [29/Aug/2026:00:32:07 +0200] "POST /wp-login.php HTTP/1.1" 302 52108 typfit.de "-" "Mozilla/5.0 (compatible; MyApp/1.0)" "-"
193.56.28.0 - - [29/Aug/2026:00:32:09 +0200] "GET /wp-login.php?redirect_to=%2Fwp-admin%2F&action=confirm_admin_email&wp_lang=de_DE HTTP/1.1" 200 54177 typfit.de "-" "Mozilla/5.0 (compatible; MyApp/1.0)" "-"
193.56.28.0 - - [29/Aug/2026:00:32:11 +0200] "GET /wp-admin/admin-ajax.php?action=rest-nonce HTTP/1.1" 200 49722 typfit.de "-" "Mozilla/5.0 (compatible; MyApp/1.0)" "-"
20.124.190.0 - - [29/Aug/2026:00:32:32 +0200] "POST / HTTP/1.1" 200 52109 typfit.de "-" "Mozilla/5.0" "-"
114.119.145.0 - - [29/Aug/2026:00:32:37 +0200] "GET /?h=94326999876 HTTP/1.1" 200 52109 www.typfit.de "http://www.typfit.de/sitemap.xml" "Mozilla/5.0 (Linux; Android 7.0;) AppleWebKit/537.36 (HTML, like Gecko) Mobile Safari/537.36 (compatible; PetalBot;+https://webmaster.petalsearch.com/site/petalbot)" "-"
2a03:2880:f800:: - - [29/Aug/2026:00:33:26 +0200] "GET /?p=%2F%2Fopt HTTP/1.1" 200 171520 typfit.de "-" "Mozilla/5.0 (Macintosh; Intel Mac OS X 10_15_7) AppleWebKit/537.36 (KHTML, like Gecko) Chrome/145.0.0.0 Safari/537.36 (compatible; meta-externalagent/1.1 (+https://developers.facebook.com/docs/sharing/webmasters/crawler))" "-"
2a03:2880:f800:: - - [29/Aug/2026:00:33:47 +0200] "GET / HTTP/1.1" 200 194433 typfit.de "-" "facebookexternalhit/1.1 (+http://www.facebook.com/externalhit_uatext.php)" "-"
2a03:2880:f800:: - - [29/Aug/2026:00:34:00 +0200] "GET /?z=24230778305 HTTP/1.1" 200 194027 typfit.de "-" "Mozilla/5.0 (Windows NT 10.0; Win64; x64) AppleWebKit/537.36 (KHTML, like Gecko) Chrome/145.0.0.0 Safari/537.36 (compatible; meta-externalagent/1.1 (+https://developers.facebook.com/docs/sharing/webmasters/crawler))" "-"
2a03:2880:f800:: - - [29/Aug/2026:00:34:14 +0200] "GET /?k=20269351267 HTTP/1.1" 200 194027 typfit.de "-" "Mozilla/5.0 (Windows NT 10.0; Win64; x64) AppleWebKit/537.36 (KHTML, like Gecko) Chrome/145.0.0.0 Safari/537.36 (compatible; meta-externalagent/1.1 (+https://developers.facebook.com/docs/sharing/webmasters/crawler))" "-"
45.3.46.0 - - [29/Aug/2026:00:34:15 +0200] "GET /wp-login.php HTTP/1.1" 200 61004 typfit.de "-" "Mozilla/5.0 (compatible; MyApp/1.0)" "-"
2a03:2880:f800:: - - [29/Aug/2026:00:34:16 +0200] "GET /wp-includes/js/jquery/ui/tabs.min.js?ver=1.13.3 HTTP/1.1" 200 12008 typfit.de "https://typfit.de/?k=20269351267" "Mozilla/5.0 (Windows NT 10.0; Win64; x64) AppleWebKit/537.36 (KHTML, like Gecko) Chrome/145.0.0.0 Safari/537.36 (compatible; meta-externalagent/1.1 (+https://developers.facebook.com/docs/sharing/webmasters/crawler))" "-"
52.167.144.0 - - [29/Aug/2026:00:34:20 +0200] "GET /?i=65358850535 HTTP/1.1" 200 193144 www.typfit.de "-" "Mozilla/5.0 AppleWebKit/537.36 (KHTML, like Gecko; compatible; bingbot/2.0; +http://www.bing.com/bingbot.htm) Chrome/116.0.1938.76 Safari/537.36" "-"
2a03:2880:f800:: - - [29/Aug/2026:00:34:20 +0200] "GET /?p=%2Fusr%2Fbin&edit=1&path=%2Fusr%2Fbin%2Ftiffcmp HTTP/1.1" 200 171924 typfit.de "-" "Mozilla/5.0 (Macintosh; Intel Mac OS X 10_15_7) AppleWebKit/537.36 (KHTML, like Gecko) Chrome/145.0.0.0 Safari/537.36 (compatible; meta-externalagent/1.1 (+https://developers.facebook.com/docs/sharing/webmasters/crawler))" "-"
2a03:2880:f800:: - - [29/Aug/2026:00:34:22 +0200] "GET /?download=1&path=%2Fusr%2Fbin%2Ffiascotopnm HTTP/1.1" 200 121873 typfit.de "-" "Mozilla/5.0 (Windows NT 10.0; Win64; x64) AppleWebKit/537.36 (KHTML, like Gecko) Chrome/145.0.0.0 Safari/537.36 (compatible; meta-externalagent/1.1 (+https://developers.facebook.com/docs/sharing/webmasters/crawler))" "-"
2a03:2880:f800:: - - [29/Aug/2026:00:34:24 +0200] "GET /?download=1&path=%2Fusr%2Fbin%2Fcrontab HTTP/1.1" 200 43569 typfit.de "-" "Mozilla/5.0 (Macintosh; Intel Mac OS X 10_15_7) AppleWebKit/537.36 (KHTML, like Gecko) Chrome/145.0.0.0 Safari/537.36 (compatible; meta-externalagent/1.1 (+https://developers.facebook.com/docs/sharing/webmasters/crawler))" "-"
45.3.46.0 - - [29/Aug/2026:00:34:27 +0200] "POST /wp-login.php HTTP/1.1" 302 52108 typfit.de "-" "Mozilla/5.0 (compatible; MyApp/1.0)" "-"
45.3.46.0 - - [29/Aug/2026:00:34:29 +0200] "GET /wp-login.php?redirect_to=%2Fwp-admin%2F&action=confirm_admin_email&wp_lang=de_DE HTTP/1.1" 200 54177 typfit.de "-" "Mozilla/5.0 (compatible; MyApp/1.0)" "-"
45.3.46.0 - - [29/Aug/2026:00:34:30 +0200] "GET /wp-admin/admin-ajax.php?action=rest-nonce HTTP/1.1" 200 49722 typfit.de "-" "Mozilla/5.0 (compatible; MyApp/1.0)" "-"
104.207.52.0 - - [29/Aug/2026:00:34:36 +0200] "GET /wp-login.php HTTP/1.1" 200 61004 typfit.de "-" "Mozilla/5.0 (compatible; MyApp/1.0)" "-"
114.119.133.0 - - [29/Aug/2026:00:34:39 +0200] "GET /?j=6081889798 HTTP/1.1" 200 194027 typfit.de "https://typfit.de/sitemap.xml" "Mozilla/5.0 (Linux; Android 7.0;) AppleWebKit/537.36 (HTML, like Gecko) Mobile Safari/537.36 (compatible; PetalBot;+https://webmaster.petalsearch.com/site/petalbot)" "-"
20.124.190.0 - - [29/Aug/2026:00:34:42 +0200] "POST / HTTP/1.1" 200 52109 typfit.de "-" "Mozilla/5.0" "-"
