114.119.159.0 - - [29/Aug/2026:01:55:10 +0200] "GET /?b=49704286601 HTTP/1.1" 200 194027 typfit.de "https://typfit.de/?b=49704286601" "Mozilla/5.0 (Linux; Android 7.0;) AppleWebKit/537.36 (HTML, like Gecko) Mobile Safari/537.36 (compatible; PetalBot;+https://webmaster.petalsearch.com/site/petalbot)" "-"
2a03:2880:f800:: - - [29/Aug/2026:01:55:16 +0200] "GET /?i=45961049299 HTTP/1.1" 429 267 typfit.de "-" "Mozilla/5.0 (Windows NT 10.0; Win64; x64) AppleWebKit/537.36 (KHTML, like Gecko) Chrome/145.0.0.0 Safari/537.36 (compatible; meta-externalagent/1.1 (+https://developers.facebook.com/docs/sharing/webmasters/crawler))" "-"
2a03:2880:f800:: - - [29/Aug/2026:01:55:28 +0200] "GET /?k=61273169919 HTTP/1.1" 200 194027 typfit.de "-" "Mozilla/5.0 (Macintosh; Intel Mac OS X 10_15_7) AppleWebKit/537.36 (KHTML, like Gecko) Chrome/145.0.0.0 Safari/537.36 (compatible; meta-externalagent/1.1 (+https://developers.facebook.com/docs/sharing/webmasters/crawler))" "-"
2a03:2880:f800:: - - [29/Aug/2026:01:55:28 +0200] "GET /?b=75694697308 HTTP/1.1" 200 194027 typfit.de "-" "Mozilla/5.0 (Macintosh; Intel Mac OS X 10_15_7) AppleWebKit/537.36 (KHTML, like Gecko) Chrome/145.0.0.0 Safari/537.36 (compatible; meta-externalagent/1.1 (+https://developers.facebook.com/docs/sharing/webmasters/crawler))" "-"
2a03:2880:f800:: - - [29/Aug/2026:01:55:46 +0200] "GET /?j=49771336895 HTTP/1.1" 200 194027 typfit.de "-" "Mozilla/5.0 (Windows NT 10.0; Win64; x64) AppleWebKit/537.36 (KHTML, like Gecko) Chrome/145.0.0.0 Safari/537.36 (compatible; meta-externalagent/1.1 (+https://developers.facebook.com/docs/sharing/webmasters/crawler))" "-"
2a03:2880:f800:: - - [29/Aug/2026:01:56:06 +0200] "GET /?j=7681421707 HTTP/1.1" 200 194027 typfit.de "-" "Mozilla/5.0 (Macintosh; Intel Mac OS X 10_15_7) AppleWebKit/537.36 (KHTML, like Gecko) Chrome/145.0.0.0 Safari/537.36 (compatible; meta-externalagent/1.1 (+https://developers.facebook.com/docs/sharing/webmasters/crawler))" "-"
65.111.31.0 - - [29/Aug/2026:01:56:09 +0200] "GET /wp-login.php HTTP/1.1" 200 61004 typfit.de "-" "Mozilla/5.0 (compatible; MyApp/1.0)" "-"
65.111.31.0 - - [29/Aug/2026:01:56:21 +0200] "POST /wp-login.php HTTP/1.1" 302 52108 typfit.de "-" "Mozilla/5.0 (compatible; MyApp/1.0)" "-"
51.89.71.0 - - [29/Aug/2026:01:56:22 +0200] "GET /robots.txt HTTP/1.1" 200 63 typfit.de "-" "Mozilla/5.0 (compatible; AhrefsBot/7.0; +http://ahrefs.com/robot/)" "-"
65.111.31.0 - - [29/Aug/2026:01:56:22 +0200] "GET /wp-login.php?redirect_to=%2Fwp-admin%2F&action=confirm_admin_email&wp_lang=de_DE HTTP/1.1" 200 54177 typfit.de "-" "Mozilla/5.0 (compatible; MyApp/1.0)" "-"
65.111.31.0 - - [29/Aug/2026:01:56:23 +0200] "GET /wp-admin/admin-ajax.php?action=rest-nonce HTTP/1.1" 200 49722 typfit.de "-" "Mozilla/5.0 (compatible; MyApp/1.0)" "-"
51.89.71.0 - - [29/Aug/2026:01:56:23 +0200] "GET /datenschutzerklaerung/ HTTP/1.1" 200 214230 typfit.de "-" "Mozilla/5.0 (compatible; AhrefsBot/7.0; +http://ahrefs.com/robot/)" "-"
2a03:2880:f800:: - - [29/Aug/2026:01:56:26 +0200] "GET /?z=24699184809 HTTP/1.1" 200 194027 typfit.de "-" "Mozilla/5.0 (Windows NT 10.0; Win64; x64) AppleWebKit/537.36 (KHTML, like Gecko) Chrome/145.0.0.0 Safari/537.36 (compatible; meta-externalagent/1.1 (+https://developers.facebook.com/docs/sharing/webmasters/crawler))" "-"
2a03:2880:f800:: - - [29/Aug/2026:01:56:34 +0200] "GET / HTTP/1.1" 200 194433 typfit.de "-" "facebookexternalhit/1.1 (+http://www.facebook.com/externalhit_uatext.php)" "-"
104.207.39.0 - - [29/Aug/2026:01:56:53 +0200] "GET /wp-login.php HTTP/1.1" 200 61004 typfit.de "-" "Mozilla/5.0 (compatible; MyApp/1.0)" "-"
2a03:2880:f800:: - - [29/Aug/2026:01:56:56 +0200] "GET /?n=26316327608 HTTP/1.1" 200 194027 typfit.de "-" "Mozilla/5.0 (Windows NT 10.0; Win64; x64) AppleWebKit/537.36 (KHTML, like Gecko) Chrome/145.0.0.0 Safari/537.36 (compatible; meta-externalagent/1.1 (+https://developers.facebook.com/docs/sharing/webmasters/crawler))" "-"
65.111.20.0 - - [29/Aug/2026:01:56:57 +0200] "GET /wp-login.php HTTP/1.1" 200 61004 typfit.de "-" "Mozilla/5.0 (compatible; MyApp/1.0)" "-"
104.207.39.0 - - [29/Aug/2026:01:57:05 +0200] "POST /wp-login.php HTTP/1.1" 302 52108 typfit.de "-" "Mozilla/5.0 (compatible; MyApp/1.0)" "-"
51.68.111.0 - - [29/Aug/2026:01:57:06 +0200] "GET /robots.txt HTTP/1.1" 200 63 typfit.de "-" "Mozilla/5.0 (compatible; MJ12bot/v2.0.5; http://mj12bot.com/)" "-"
51.68.111.0 - - [29/Aug/2026:01:57:06 +0200] "GET / HTTP/1.1" 200 194433 typfit.de "-" "Mozilla/5.0 (compatible; MJ12bot/v2.0.5; http://mj12bot.com/)" "-"
104.207.39.0 - - [29/Aug/2026:01:57:07 +0200] "GET /wp-login.php?redirect_to=%2Fwp-admin%2F&action=confirm_admin_email&wp_lang=de_DE HTTP/1.1" 200 54177 typfit.de "-" "Mozilla/5.0 (compatible; MyApp/1.0)" "-"
104.207.39.0 - - [29/Aug/2026:01:57:09 +0200] "GET /wp-admin/admin-ajax.php?action=rest-nonce HTTP/1.1" 200 49722 typfit.de "-" "Mozilla/5.0 (compatible; MyApp/1.0)" "-"
65.111.20.0 - - [29/Aug/2026:01:57:09 +0200] "POST /wp-login.php HTTP/1.1" 302 52108 typfit.de "-" "Mozilla/5.0 (compatible; MyApp/1.0)" "-"
65.111.20.0 - - [29/Aug/2026:01:57:10 +0200] "GET /wp-login.php?redirect_to=%2Fwp-admin%2F&action=confirm_admin_email&wp_lang=de_DE HTTP/1.1" 200 54177 typfit.de "-" "Mozilla/5.0 (compatible; MyApp/1.0)" "-"
65.111.20.0 - - [29/Aug/2026:01:57:12 +0200] "GET /wp-admin/admin-ajax.php?action=rest-nonce HTTP/1.1" 200 49722 typfit.de "-" "Mozilla/5.0 (compatible; MyApp/1.0)" "-"
2a03:2880:f800:: - - [29/Aug/2026:01:57:19 +0200] "GET /?o=2168486674 HTTP/1.1" 200 194027 typfit.de "-" "Mozilla/5.0 (Windows NT 10.0; Win64; x64) AppleWebKit/537.36 (KHTML, like Gecko) Chrome/145.0.0.0 Safari/537.36 (compatible; meta-externalagent/1.1 (+https://developers.facebook.com/docs/sharing/webmasters/crawler))" "-"
2a03:2880:f800:: - - [29/Aug/2026:01:57:30 +0200] "GET /?h=85548137148 HTTP/1.1" 200 194027 typfit.de "-" "Mozilla/5.0 (Windows NT 10.0; Win64; x64) AppleWebKit/537.36 (KHTML, like Gecko) Chrome/145.0.0.0 Safari/537.36 (compatible; meta-externalagent/1.1 (+https://developers.facebook.com/docs/sharing/webmasters/crawler))" "-"
2a03:2880:f800:: - - [29/Aug/2026:01:57:33 +0200] "GET /?h=76024843734 HTTP/1.1" 200 194027 typfit.de "-" "Mozilla/5.0 (Windows NT 10.0; Win64; x64) AppleWebKit/537.36 (KHTML, like Gecko) Chrome/145.0.0.0 Safari/537.36 (compatible; meta-externalagent/1.1 (+https://developers.facebook.com/docs/sharing/webmasters/crawler))" "-"
40.77.167.0 - - [29/Aug/2026:01:57:44 +0200] "GET /?j=28144376314 HTTP/1.1" 200 191176 www.typfit.de "-" "Mozilla/5.0 AppleWebKit/537.36 (KHTML, like Gecko; compatible; bingbot/2.0; +http://www.bing.com/bingbot.htm) Chrome/116.0.1938.76 Safari/537.36" "-"
2a03:2880:f800:: - - [29/Aug/2026:01:57:48 +0200] "GET /?k=8936355361 HTTP/1.1" 200 194027 typfit.de "-" "Mozilla/5.0 (Windows NT 10.0; Win64; x64) AppleWebKit/537.36 (KHTML, like Gecko) Chrome/145.0.0.0 Safari/537.36 Edg/145.0.0.0 (compatible; meta-externalagent/1.1 (+https://developers.facebook.com/docs/sharing/webmasters/crawler))" "-"
2a03:2880:f800:: - - [29/Aug/2026:01:57:51 +0200] "GET /?k=8324761099 HTTP/1.1" 200 194027 typfit.de "-" "Mozilla/5.0 (Windows NT 10.0; Win64; x64) AppleWebKit/537.36 (KHTML, like Gecko) Chrome/145.0.0.0 Safari/537.36 (compatible; meta-externalagent/1.1 (+https://developers.facebook.com/docs/sharing/webmasters/crawler))" "-"
2a03:2880:f800:: - - [29/Aug/2026:01:57:58 +0200] "GET /?h=22116890255 HTTP/1.1" 200 194027 typfit.de "-" "Mozilla/5.0 (X11; Linux x86_64) AppleWebKit/537.36 (KHTML, like Gecko) Chrome/145.0.0.0 Safari/537.36 (compatible; meta-externalagent/1.1 (+https://developers.facebook.com/docs/sharing/webmasters/crawler))" "-"
2a03:2880:f800:: - - [29/Aug/2026:01:58:05 +0200] "GET /?download=1&path=%2Fusr%2Fbin%2Fdbiproxy HTTP/1.1" 200 5395 typfit.de "-" "Mozilla/5.0 (Windows NT 10.0; Win64; x64) AppleWebKit/537.36 (KHTML, like Gecko) Chrome/145.0.0.0 Safari/537.36 (compatible; meta-externalagent/1.1 (+https://developers.facebook.com/docs/sharing/webmasters/crawler))" "-"
2a03:2880:f800:: - - [29/Aug/2026:01:58:07 +0200] "GET /?download=1&path=%2Fusr%2Fbin%2Fsplit HTTP/1.1" 200 60897 typfit.de "-" "Mozilla/5.0 (Windows NT 10.0; Win64; x64) AppleWebKit/537.36 (KHTML, like Gecko) Chrome/145.0.0.0 Safari/537.36 (compatible; meta-externalagent/1.1 (+https://developers.facebook.com/docs/sharing/webmasters/crawler))" "-"
2a03:2880:f800:: - - [29/Aug/2026:01:58:10 +0200] "GET /?download=1&path=%2Fusr%2Fbin%2Frcs HTTP/1.1" 200 191233 typfit.de "-" "Mozilla/5.0 (Windows NT 10.0; Win64; x64) AppleWebKit/537.36 (KHTML, like Gecko) Chrome/145.0.0.0 Safari/537.36 (compatible; meta-externalagent/1.1 (+https://developers.facebook.com/docs/sharing/webmasters/crawler))" "-"
2a03:2880:f800:: - - [29/Aug/2026:01:58:12 +0200] "GET /?download=1&path=%2Fusr%2Fbin%2Fppmhist HTTP/1.1" 200 14401 typfit.de "-" "Mozilla/5.0 (Macintosh; Intel Mac OS X 10_15_7) AppleWebKit/537.36 (KHTML, like Gecko) Chrome/145.0.0.0 Safari/537.36 (compatible; meta-externalagent/1.1 (+https://developers.facebook.com/docs/sharing/webmasters/crawler))" "-"
2a03:2880:f800:: - - [29/Aug/2026:01:59:07 +0200] "GET /?h=41901595613 HTTP/1.1" 200 194027 typfit.de "-" "Mozilla/5.0 (Windows NT 10.0; Win64; x64) AppleWebKit/537.36 (KHTML, like Gecko) Chrome/145.0.0.0 Safari/537.36 (compatible; meta-externalagent/1.1 (+https://developers.facebook.com/docs/sharing/webmasters/crawler))" "-"
2a03:2880:f800:: - - [29/Aug/2026:01:59:28 +0200] "GET / HTTP/1.1" 200 194433 typfit.de "-" "facebookexternalhit/1.1 (+http://www.facebook.com/externalhit_uatext.php)" "-"
2a03:2880:f800:: - - [29/Aug/2026:01:59:57 +0200] "GET /?k=36529330829 HTTP/1.1" 200 194027 typfit.de "-" "Mozilla/5.0 (Macintosh; Intel Mac OS X 10_15_7) AppleWebKit/537.36 (KHTML, like Gecko) Chrome/145.0.0.0 Safari/537.36 (compatible; meta-externalagent/1.1 (+https://developers.facebook.com/docs/sharing/webmasters/crawler))" "-"
2a03:2880:f800:: - - [29/Aug/2026:02:00:03 +0200] "GET /?p=%2Fusr%2Fbin&edit=1&path=%2Fusr%2Fbin%2Fsed HTTP/1.1" 200 171974 typfit.de "-" "Mozilla/5.0 (Macintosh; Intel Mac OS X 10_15_7) AppleWebKit/537.36 (KHTML, like Gecko) Chrome/145.0.0.0 Safari/537.36 (compatible; meta-externalagent/1.1 (+https://developers.facebook.com/docs/sharing/webmasters/crawler))" "-"
104.207.38.0 - - [29/Aug/2026:02:00:21 +0200] "GET /wp-login.php HTTP/1.1" 200 61004 typfit.de "-" "Mozilla/5.0 (compatible; MyApp/1.0)" "-"
2a03:2880:f800:: - - [29/Aug/2026:02:00:31 +0200] "GET /?p=%2Fusr%2Fbin&edit=1&path=%2Fusr%2Fbin%2Fsetarch HTTP/1.1" 429 267 typfit.de "-" "Mozilla/5.0 (Windows NT 10.0; Win64; x64) AppleWebKit/537.36 (KHTML, like Gecko) Chrome/145.0.0.0 Safari/537.36 (compatible; meta-externalagent/1.1 (+https://developers.facebook.com/docs/sharing/webmasters/crawler))" "-"
104.207.38.0 - - [29/Aug/2026:02:00:33 +0200] "POST /wp-login.php HTTP/1.1" 302 52108 typfit.de "-" "Mozilla/5.0 (compatible; MyApp/1.0)" "-"
2a03:2880:f800:: - - [29/Aug/2026:02:00:34 +0200] "GET /?t=60355148027 HTTP/1.1" 429 267 typfit.de "-" "Mozilla/5.0 (Windows NT 10.0; Win64; x64) AppleWebKit/537.36 (KHTML, like Gecko) Chrome/145.0.0.0 Safari/537.36 (compatible; meta-externalagent/1.1 (+https://developers.facebook.com/docs/sharing/webmasters/crawler))" "-"
2a03:2880:f800:: - - [29/Aug/2026:02:00:34 +0200] "GET /?n=96317467397 HTTP/1.1" 429 267 typfit.de "-" "Mozilla/5.0 (Windows NT 10.0; Win64; x64) AppleWebKit/537.36 (KHTML, like Gecko) Chrome/145.0.0.0 Safari/537.36 (compatible; meta-externalagent/1.1 (+https://developers.facebook.com/docs/sharing/webmasters/crawler))" "-"
104.207.38.0 - - [29/Aug/2026:02:00:35 +0200] "GET /wp-login.php?redirect_to=%2Fwp-admin%2F&action=confirm_admin_email&wp_lang=de_DE HTTP/1.1" 200 54177 typfit.de "-" "Mozilla/5.0 (compatible; MyApp/1.0)" "-"
104.207.38.0 - - [29/Aug/2026:02:00:37 +0200] "GET /wp-admin/admin-ajax.php?action=rest-nonce HTTP/1.1" 200 49722 typfit.de "-" "Mozilla/5.0 (compatible; MyApp/1.0)" "-"
2a03:2880:f800:: - - [29/Aug/2026:02:00:41 +0200] "GET /?p=%2Fhomepages%2F5%2Fd178036522&edit=1&path=%2Fhomepages%2F5%2Fd178036522%2Fhtpasswd HTTP/1.1" 429 267 typfit.de "-" "Mozilla/5.0 (Windows NT 10.0; Win64; x64) AppleWebKit/537.36 (KHTML, like Gecko) Chrome/145.0.0.0 Safari/537.36 (compatible; meta-externalagent/1.1 (+https://developers.facebook.com/docs/sharing/webmasters/crawler))" "-"
2a03:2880:f800:: - - [29/Aug/2026:02:00:45 +0200] "GET /?z=13994181059 HTTP/1.1" 429 267 typfit.de "-" "Mozilla/5.0 (Windows NT 10.0; Win64; x64) AppleWebKit/537.36 (KHTML, like Gecko) Chrome/145.0.0.0 Safari/537.36 (compatible; meta-externalagent/1.1 (+https://developers.facebook.com/docs/sharing/webmasters/crawler))" "-"
2a03:2880:f800:: - - [29/Aug/2026:02:01:04 +0200] "GET /?j=46251468898 HTTP/1.1" 429 267 typfit.de "-" "Mozilla/5.0 (Windows NT 10.0; Win64; x64) AppleWebKit/537.36 (KHTML, like Gecko) Chrome/145.0.0.0 Safari/537.36 (compatible; meta-externalagent/1.1 (+https://developers.facebook.com/docs/sharing/webmasters/crawler))" "-"
43.156.232.0 - - [29/Aug/2026:02:01:37 +0200] "GET /?o=17238817921 HTTP/1.1" 200 52109 typfit.de "-" "Mozilla/5.0 (iPhone; CPU iPhone OS 13_2_3 like Mac OS X) AppleWebKit/605.1.15 (KHTML, like Gecko) Version/13.0.3 Mobile/15E148 Safari/604.1" "-"
2a03:2880:f800:: - - [29/Aug/2026:02:01:40 +0200] "GET /?b=98740257279 HTTP/1.1" 200 194027 typfit.de "-" "Mozilla/5.0 (X11; Linux x86_64) AppleWebKit/537.36 (KHTML, like Gecko) Chrome/145.0.0.0 Safari/537.36 (compatible; meta-externalagent/1.1 (+https://developers.facebook.com/docs/sharing/webmasters/crawler))" "-"
2a03:2880:f800:: - - [29/Aug/2026:02:01:47 +0200] "GET /?r=6874601460 HTTP/1.1" 200 194027 typfit.de "-" "Mozilla/5.0 (Windows NT 10.0; Win64; x64) AppleWebKit/537.36 (KHTML, like Gecko) Chrome/145.0.0.0 Safari/537.36 (compatible; meta-externalagent/1.1 (+https://developers.facebook.com/docs/sharing/webmasters/crawler))" "-"
2a03:2880:f800:: - - [29/Aug/2026:02:01:51 +0200] "GET /?o=88984963426 HTTP/1.1" 200 194027 typfit.de "-" "Mozilla/5.0 (X11; Linux x86_64) AppleWebKit/537.36 (KHTML, like Gecko) Chrome/145.0.0.0 Safari/537.36 (compatible; meta-externalagent/1.1 (+https://developers.facebook.com/docs/sharing/webmasters/crawler))" "-"
2a03:2880:f800:: - - [29/Aug/2026:02:01:55 +0200] "GET /?j=46413288194 HTTP/1.1" 200 194027 typfit.de "-" "Mozilla/5.0 (Macintosh; Intel Mac OS X 10_15_7) AppleWebKit/537.36 (KHTML, like Gecko) Chrome/145.0.0.0 Safari/537.36 (compatible; meta-externalagent/1.1 (+https://developers.facebook.com/docs/sharing/webmasters/crawler))" "-"
2a03:2880:f800:: - - [29/Aug/2026:02:02:01 +0200] "GET /?j=91161212187 HTTP/1.1" 200 194027 typfit.de "-" "Mozilla/5.0 (Macintosh; Intel Mac OS X 10_15_7) AppleWebKit/537.36 (KHTML, like Gecko) Chrome/145.0.0.0 Safari/537.36 (compatible; meta-externalagent/1.1 (+https://developers.facebook.com/docs/sharing/webmasters/crawler))" "-"
2a03:2880:f800:: - - [29/Aug/2026:02:02:19 +0200] "GET /?r=79718348492 HTTP/1.1" 200 194027 typfit.de "-" "Mozilla/5.0 (Macintosh; Intel Mac OS X 10_15_7) AppleWebKit/537.36 (KHTML, like Gecko) Chrome/145.0.0.0 Safari/537.36 (compatible; meta-externalagent/1.1 (+https://developers.facebook.com/docs/sharing/webmasters/crawler))" "-"
2a03:2880:f800:: - - [29/Aug/2026:02:02:23 +0200] "GET /?z=32329079406 HTTP/1.1" 200 194027 typfit.de "-" "Mozilla/5.0 (X11; Linux x86_64) AppleWebKit/537.36 (KHTML, like Gecko) Chrome/145.0.0.0 Safari/537.36 (compatible; meta-externalagent/1.1 (+https://developers.facebook.com/docs/sharing/webmasters/crawler))" "-"
2a03:2880:f800:: - - [29/Aug/2026:02:02:34 +0200] "GET / HTTP/1.1" 200 194433 typfit.de "-" "facebookexternalhit/1.1 (+http://www.facebook.com/externalhit_uatext.php)" "-"
2a03:2880:f800:: - - [29/Aug/2026:02:02:46 +0200] "GET /?i=85270171295 HTTP/1.1" 200 194027 typfit.de "-" "Mozilla/5.0 (Windows NT 10.0; Win64; x64) AppleWebKit/537.36 (KHTML, like Gecko) Chrome/145.0.0.0 Safari/537.36 (compatible; meta-externalagent/1.1 (+https://developers.facebook.com/docs/sharing/webmasters/crawler))" "-"
2a03:2880:f800:: - - [29/Aug/2026:02:02:50 +0200] "GET /?k=75800566015 HTTP/1.1" 200 194027 typfit.de "-" "Mozilla/5.0 (Windows NT 10.0; Win64; x64) AppleWebKit/537.36 (KHTML, like Gecko) Chrome/145.0.0.0 Safari/537.36 (compatible; meta-externalagent/1.1 (+https://developers.facebook.com/docs/sharing/webmasters/crawler))" "-"
2a03:2880:f800:: - - [29/Aug/2026:02:03:01 +0200] "GET /?download=1&path=%2Fusr%2Fbin%2Fpgmoil HTTP/1.1" 200 14425 typfit.de "-" "Mozilla/5.0 (Macintosh; Intel Mac OS X 10_15_7) AppleWebKit/537.36 (KHTML, like Gecko) Chrome/145.0.0.0 Safari/537.36 (compatible; meta-externalagent/1.1 (+https://developers.facebook.com/docs/sharing/webmasters/crawler))" "-"
2a03:2880:f800:: - - [29/Aug/2026:02:03:03 +0200] "GET /?download=1&path=%2Fusr%2Fbin%2Fmariadb-optimize HTTP/1.1" 200 3918113 typfit.de "-" "Mozilla/5.0 (Windows NT 10.0; Win64; x64) AppleWebKit/537.36 (KHTML, like Gecko) Chrome/145.0.0.0 Safari/537.36 (compatible; meta-externalagent/1.1 (+https://developers.facebook.com/docs/sharing/webmasters/crawler))" "-"
2a03:2880:f800:: - - [29/Aug/2026:02:03:06 +0200] "GET /?p=%2Fusr%2Fbin&edit=1&path=%2Fusr%2Fbin%2Fdb_stat HTTP/1.1" 200 172008 typfit.de "-" "Mozilla/5.0 (Macintosh; Intel Mac OS X 10_15_7) AppleWebKit/537.36 (KHTML, like Gecko) Chrome/145.0.0.0 Safari/537.36 (compatible; meta-externalagent/1.1 (+https://developers.facebook.com/docs/sharing/webmasters/crawler))" "-"
2a03:2880:f800:: - - [29/Aug/2026:02:03:10 +0200] "GET /?p=%2Fusr%2Fbin&edit=1&path=%2Fusr%2Fbin%2Frecode HTTP/1.1" 200 171995 typfit.de "-" "Mozilla/5.0 (Macintosh; Intel Mac OS X 10_15_7) AppleWebKit/537.36 (KHTML, like Gecko) Chrome/145.0.0.0 Safari/537.36 (compatible; meta-externalagent/1.1 (+https://developers.facebook.com/docs/sharing/webmasters/crawler))" "-"
2a03:2880:f800:: - - [29/Aug/2026:02:03:12 +0200] "GET /?download=1&path=%2Fusr%2Fbin%2Felfedit HTTP/1.1" 200 35753 typfit.de "-" "Mozilla/5.0 (Windows NT 10.0; Win64; x64) AppleWebKit/537.36 (KHTML, like Gecko) Chrome/145.0.0.0 Safari/537.36 (compatible; meta-externalagent/1.1 (+https://developers.facebook.com/docs/sharing/webmasters/crawler))" "-"
2a03:2880:f800:: - - [29/Aug/2026:02:03:15 +0200] "GET /?p=%2Fusr%2Fbin&edit=1&path=%2Fusr%2Fbin%2Fx86_64-linux-gnu-gcc-nm-10 HTTP/1.1" 200 172135 typfit.de "-" "Mozilla/5.0 (Windows NT 10.0; Win64; x64) AppleWebKit/537.36 (KHTML, like Gecko) Chrome/145.0.0.0 Safari/537.36 (compatible; meta-externalagent/1.1 (+https://developers.facebook.com/docs/sharing/webmasters/crawler))" "-"
66.249.70.0 - - [29/Aug/2026:02:03:36 +0200] "GET /?h=58449147931 HTTP/1.1" 200 192297 typfit.de "-" "Mozilla/5.0 (Linux; Android 6.0.1; Nexus 5X Build/MMB29P) AppleWebKit/537.36 (KHTML, like Gecko) Chrome/151.0.7922.173 Mobile Safari/537.36 (compatible; Googlebot/2.1; +http://www.google.com/bot.html)" "-"
66.249.70.0 - - [29/Aug/2026:02:03:41 +0200] "GET /?i=37132782474 HTTP/1.1" 200 193256 typfit.de "-" "Mozilla/5.0 (Linux; Android 6.0.1; Nexus 5X Build/MMB29P) AppleWebKit/537.36 (KHTML, like Gecko) Chrome/151.0.7922.173 Mobile Safari/537.36 (compatible; GoogleOther)" "-"
114.119.153.0 - - [29/Aug/2026:02:03:55 +0200] "GET /?v=26539092720 HTTP/1.1" 200 194027 typfit.de "https://typfit.de/sitemap.xml" "Mozilla/5.0 (Linux; Android 7.0;) AppleWebKit/537.36 (HTML, like Gecko) Mobile Safari/537.36 (compatible; PetalBot;+https://webmaster.petalsearch.com/site/petalbot)" "-"
2a03:2880:f800:: - - [29/Aug/2026:02:04:26 +0200] "GET /?e=51155863370 HTTP/1.1" 200 194027 typfit.de "-" "Mozilla/5.0 (Windows NT 10.0; Win64; x64) AppleWebKit/537.36 (KHTML, like Gecko) Chrome/145.0.0.0 Safari/537.36 (compatible; meta-externalagent/1.1 (+https://developers.facebook.com/docs/sharing/webmasters/crawler))" "-"
2a03:2880:f800:: - - [29/Aug/2026:02:04:32 +0200] "GET /?i=12680113840 HTTP/1.1" 200 194027 typfit.de "-" "Mozilla/5.0 (Macintosh; Intel Mac OS X 10_15_7) AppleWebKit/537.36 (KHTML, like Gecko) Chrome/145.0.0.0 Safari/537.36 (compatible; meta-externalagent/1.1 (+https://developers.facebook.com/docs/sharing/webmasters/crawler))" "-"
2a03:2880:f800:: - - [29/Aug/2026:02:04:34 +0200] "GET /?k=36427824736 HTTP/1.1" 200 194027 typfit.de "-" "Mozilla/5.0 (Macintosh; Intel Mac OS X 10_15_7) AppleWebKit/537.36 (KHTML, like Gecko) Chrome/145.0.0.0 Safari/537.36 (compatible; meta-externalagent/1.1 (+https://developers.facebook.com/docs/sharing/webmasters/crawler))" "-"
2a03:2880:f800:: - - [29/Aug/2026:02:04:55 +0200] "GET /?download=1&path=%2Fusr%2Fbin%2Fpnmtojpeg HTTP/1.1" 200 22825 typfit.de "-" "Mozilla/5.0 (Windows NT 10.0; Win64; x64) AppleWebKit/537.36 (KHTML, like Gecko) Chrome/145.0.0.0 Safari/537.36 (compatible; meta-externalagent/1.1 (+https://developers.facebook.com/docs/sharing/webmasters/crawler))" "-"
2a03:2880:f800:: - - [29/Aug/2026:02:05:09 +0200] "GET /?i=48793235383 HTTP/1.1" 200 194027 typfit.de "-" "Mozilla/5.0 (Windows NT 10.0; Win64; x64) AppleWebKit/537.36 (KHTML, like Gecko) Chrome/145.0.0.0 Safari/537.36 (compatible; meta-externalagent/1.1 (+https://developers.facebook.com/docs/sharing/webmasters/crawler))" "-"
114.119.137.0 - - [29/Aug/2026:02:05:18 +0200] "GET /?r=38511090046 HTTP/1.1" 200 52109 www.typfit.de "http://www.typfit.de/sitemap.xml" "Mozilla/5.0 (Linux; Android 7.0;) AppleWebKit/537.36 (HTML, like Gecko) Mobile Safari/537.36 (compatible; PetalBot;+https://webmaster.petalsearch.com/site/petalbot)" "-"
2a03:2880:f800:: - - [29/Aug/2026:02:05:20 +0200] "GET /?e=64816027362 HTTP/1.1" 200 194027 typfit.de "-" "Mozilla/5.0 (Windows NT 10.0; Win64; x64) AppleWebKit/537.36 (KHTML, like Gecko) Chrome/145.0.0.0 Safari/537.36 (compatible; meta-externalagent/1.1 (+https://developers.facebook.com/docs/sharing/webmasters/crawler))" "-"
2a03:2880:f800:: - - [29/Aug/2026:02:05:22 +0200] "GET /?z=84445229632 HTTP/1.1" 200 194027 typfit.de "-" "Mozilla/5.0 (Macintosh; Intel Mac OS X 10_15_7) AppleWebKit/537.36 (KHTML, like Gecko) Chrome/145.0.0.0 Safari/537.36 (compatible; meta-externalagent/1.1 (+https://developers.facebook.com/docs/sharing/webmasters/crawler))" "-"
2a03:2880:f800:: - - [29/Aug/2026:02:05:26 +0200] "GET /?i=54252788990 HTTP/1.1" 200 194027 typfit.de "-" "Mozilla/5.0 (Windows NT 10.0; Win64; x64) AppleWebKit/537.36 (KHTML, like Gecko) Chrome/144.0.0.0 Safari/537.36 Edg/144.0.0.0 (compatible; meta-externalagent/1.1 (+https://developers.facebook.com/docs/sharing/webmasters/crawler))" "-"
2a03:2880:f800:: - - [29/Aug/2026:02:05:28 +0200] "GET /?j=47790710895 HTTP/1.1" 200 194027 typfit.de "-" "Mozilla/5.0 (Windows NT 10.0; Win64; x64) AppleWebKit/537.36 (KHTML, like Gecko) Chrome/145.0.0.0 Safari/537.36 (compatible; meta-externalagent/1.1 (+https://developers.facebook.com/docs/sharing/webmasters/crawler))" "-"
2a03:2880:f800:: - - [29/Aug/2026:02:05:32 +0200] "GET / HTTP/1.1" 200 194433 typfit.de "-" "facebookexternalhit/1.1 (+http://www.facebook.com/externalhit_uatext.php)" "-"
2a03:2880:f800:: - - [29/Aug/2026:02:05:35 +0200] "GET /?download=1&path=%2Fusr%2Fbin%2Fx86_64-linux-gnu-g%2B%2B-10 HTTP/1.1" 200 821801 typfit.de "-" "Mozilla/5.0 (Windows NT 10.0; Win64; x64) AppleWebKit/537.36 (KHTML, like Gecko) Chrome/145.0.0.0 Safari/537.36 (compatible; meta-externalagent/1.1 (+https://developers.facebook.com/docs/sharing/webmasters/crawler))" "-"
2a03:2880:f800:: - - [29/Aug/2026:02:05:43 +0200] "GET /?j=39602063835 HTTP/1.1" 200 194027 typfit.de "-" "Mozilla/5.0 (Windows NT 10.0; Win64; x64) AppleWebKit/537.36 (KHTML, like Gecko) Chrome/145.0.0.0 Safari/537.36 (compatible; meta-externalagent/1.1 (+https://developers.facebook.com/docs/sharing/webmasters/crawler))" "-"
217.181.90.0 - - [29/Aug/2026:02:05:54 +0200] "GET /wp-login.php HTTP/1.1" 200 61004 typfit.de "-" "Mozilla/5.0 (compatible; MyApp/1.0)" "-"
2a03:2880:f800:: - - [29/Aug/2026:02:05:57 +0200] "GET /?k=22507118638 HTTP/1.1" 200 194027 typfit.de "-" "Mozilla/5.0 (X11; Linux x86_64) AppleWebKit/537.36 (KHTML, like Gecko) Chrome/145.0.0.0 Safari/537.36 (compatible; meta-externalagent/1.1 (+https://developers.facebook.com/docs/sharing/webmasters/crawler))" "-"
217.181.90.0 - - [29/Aug/2026:02:06:06 +0200] "POST /wp-login.php HTTP/1.1" 302 52108 typfit.de "-" "Mozilla/5.0 (compatible; MyApp/1.0)" "-"
217.181.90.0 - - [29/Aug/2026:02:06:07 +0200] "GET /wp-login.php?redirect_to=%2Fwp-admin%2F&action=confirm_admin_email&wp_lang=de_DE HTTP/1.1" 200 54177 typfit.de "-" "Mozilla/5.0 (compatible; MyApp/1.0)" "-"
104.207.53.0 - - [29/Aug/2026:02:06:07 +0200] "GET /wp-login.php HTTP/1.1" 200 61004 typfit.de "-" "Mozilla/5.0 (compatible; MyApp/1.0)" "-"
217.181.90.0 - - [29/Aug/2026:02:06:08 +0200] "GET /wp-admin/admin-ajax.php?action=rest-nonce HTTP/1.1" 200 49722 typfit.de "-" "Mozilla/5.0 (compatible; MyApp/1.0)" "-"
2a03:2880:f800:: - - [29/Aug/2026:02:06:08 +0200] "GET /?z=36129828034 HTTP/1.1" 200 194027 typfit.de "-" "Mozilla/5.0 (Windows NT 10.0; Win64; x64) AppleWebKit/537.36 (KHTML, like Gecko) Chrome/145.0.0.0 Safari/537.36 (compatible; meta-externalagent/1.1 (+https://developers.facebook.com/docs/sharing/webmasters/crawler))" "-"
104.207.53.0 - - [29/Aug/2026:02:06:19 +0200] "POST /wp-login.php HTTP/1.1" 302 52108 typfit.de "-" "Mozilla/5.0 (compatible; MyApp/1.0)" "-"
104.207.53.0 - - [29/Aug/2026:02:06:20 +0200] "GET /wp-login.php?redirect_to=%2Fwp-admin%2F&action=confirm_admin_email&wp_lang=de_DE HTTP/1.1" 200 54177 typfit.de "-" "Mozilla/5.0 (compatible; MyApp/1.0)" "-"
2a03:2880:f800:: - - [29/Aug/2026:02:06:20 +0200] "GET /?download=1&path=%2Fusr%2Fbin%2Fbzdiff HTTP/1.1" 200 2226 typfit.de "-" "Mozilla/5.0 (Macintosh; Intel Mac OS X 10_15_7) AppleWebKit/537.36 (KHTML, like Gecko) Chrome/145.0.0.0 Safari/537.36 (compatible; meta-externalagent/1.1 (+https://developers.facebook.com/docs/sharing/webmasters/crawler))" "-"
104.207.53.0 - - [29/Aug/2026:02:06:21 +0200] "GET /wp-admin/admin-ajax.php?action=rest-nonce HTTP/1.1" 200 49722 typfit.de "-" "Mozilla/5.0 (compatible; MyApp/1.0)" "-"
2a03:2880:f800:: - - [29/Aug/2026:02:06:23 +0200] "GET /?download=1&path=%2Fusr%2Fbin%2Fx86_64-linux-gnu-nm HTTP/1.1" 200 44873 typfit.de "-" "Mozilla/5.0 (Windows NT 10.0; Win64; x64) AppleWebKit/537.36 (KHTML, like Gecko) Chrome/145.0.0.0 Safari/537.36 (compatible; meta-externalagent/1.1 (+https://developers.facebook.com/docs/sharing/webmasters/crawler))" "-"
2a03:2880:f800:: - - [29/Aug/2026:02:06:24 +0200] "GET /?download=1&path=%2Fusr%2Fbin%2Fmispipe HTTP/1.1" 200 14329 typfit.de "-" "Mozilla/5.0 (Windows NT 10.0; Win64; x64) AppleWebKit/537.36 (KHTML, like Gecko) Chrome/145.0.0.0 Safari/537.36 (compatible; meta-externalagent/1.1 (+https://developers.facebook.com/docs/sharing/webmasters/crawler))" "-"
2a03:2880:f800:: - - [29/Aug/2026:02:06:25 +0200] "GET /?p=%2Fusr%2Fbin&edit=1&path=%2Fusr%2Fbin%2Fgit-upload-pack HTTP/1.1" 200 172034 typfit.de "-" "Mozilla/5.0 (Macintosh; Intel Mac OS X 10_15_7) AppleWebKit/537.36 (KHTML, like Gecko) Chrome/145.0.0.0 Safari/537.36 (compatible; meta-externalagent/1.1 (+https://developers.facebook.com/docs/sharing/webmasters/crawler))" "-"
2a03:2880:f800:: - - [29/Aug/2026:02:06:27 +0200] "GET /?download=1&path=%2Fusr%2Fbin%2Fpi1toppm HTTP/1.1" 200 14377 typfit.de "-" "Mozilla/5.0 (Windows NT 10.0; Win64; x64) AppleWebKit/537.36 (KHTML, like Gecko) Chrome/145.0.0.0 Safari/537.36 (compatible; meta-externalagent/1.1 (+https://developers.facebook.com/docs/sharing/webmasters/crawler))" "-"
2a03:2880:f800:: - - [29/Aug/2026:02:06:29 +0200] "GET /?download=1&path=%2Fusr%2Fbin%2Fgit-upload-pack HTTP/1.1" 200 3376113 typfit.de "-" "Mozilla/5.0 (Windows NT 10.0; Win64; x64) AppleWebKit/537.36 (KHTML, like Gecko) Chrome/145.0.0.0 Safari/537.36 Edg/145.0.0.0 (compatible; meta-externalagent/1.1 (+https://developers.facebook.com/docs/sharing/webmasters/crawler))" "-"
114.119.145.0 - - [29/Aug/2026:02:06:41 +0200] "GET /?v=87133526569 HTTP/1.1" 200 52109 typfit.de "http://typfit.de/sitemap.xml" "Mozilla/5.0 (Linux; Android 7.0;) AppleWebKit/537.36 (HTML, like Gecko) Mobile Safari/537.36 (compatible; PetalBot;+https://webmaster.petalsearch.com/site/petalbot)" "-"
2a03:2880:f800:: - - [29/Aug/2026:02:06:50 +0200] "GET /?j=91679212208 HTTP/1.1" 200 194027 typfit.de "-" "Mozilla/5.0 (Windows NT 10.0; Win64; x64) AppleWebKit/537.36 (KHTML, like Gecko) Chrome/145.0.0.0 Safari/537.36 (compatible; meta-externalagent/1.1 (+https://developers.facebook.com/docs/sharing/webmasters/crawler))" "-"
2a03:2880:f800:: - - [29/Aug/2026:02:07:07 +0200] "GET /?p=%2Fusr%2Fbin&edit=1&path=%2Fusr%2Fbin%2Fpgrep HTTP/1.1" 429 267 typfit.de "-" "Mozilla/5.0 (Macintosh; Intel Mac OS X 10_15_7) AppleWebKit/537.36 (KHTML, like Gecko) Chrome/145.0.0.0 Safari/537.36 (compatible; meta-externalagent/1.1 (+https://developers.facebook.com/docs/sharing/webmasters/crawler))" "-"
2a03:2880:f800:: - - [29/Aug/2026:02:07:12 +0200] "GET /?z=61951011007 HTTP/1.1" 429 267 typfit.de "-" "Mozilla/5.0 (Windows NT 10.0; Win64; x64) AppleWebKit/537.36 (KHTML, like Gecko) Chrome/145.0.0.0 Safari/537.36 (compatible; meta-externalagent/1.1 (+https://developers.facebook.com/docs/sharing/webmasters/crawler))" "-"
2a03:2880:f800:: - - [29/Aug/2026:02:07:20 +0200] "GET /?t=32642447335 HTTP/1.1" 429 267 typfit.de "-" "Mozilla/5.0 (Macintosh; Intel Mac OS X 10_15_7) AppleWebKit/537.36 (KHTML, like Gecko) Chrome/145.0.0.0 Safari/537.36 (compatible; meta-externalagent/1.1 (+https://developers.facebook.com/docs/sharing/webmasters/crawler))" "-"
2a03:2880:f800:: - - [29/Aug/2026:02:07:33 +0200] "GET /?k=35711342386 HTTP/1.1" 429 267 typfit.de "-" "Mozilla/5.0 (Windows NT 10.0; Win64; x64) AppleWebKit/537.36 (KHTML, like Gecko) Chrome/145.0.0.0 Safari/537.36 (compatible; meta-externalagent/1.1 (+https://developers.facebook.com/docs/sharing/webmasters/crawler))" "-"
2a03:2880:f800:: - - [29/Aug/2026:02:07:36 +0200] "GET /?download=1&path=%2Fusr%2Fbin%2Fvimtutor HTTP/1.1" 429 267 typfit.de "-" "Mozilla/5.0 (Macintosh; Intel Mac OS X 10_15_7) AppleWebKit/537.36 (KHTML, like Gecko) Chrome/145.0.0.0 Safari/537.36 (compatible; meta-externalagent/1.1 (+https://developers.facebook.com/docs/sharing/webmasters/crawler))" "-"
2a03:2880:f800:: - - [29/Aug/2026:02:07:37 +0200] "GET /?o=87422832608 HTTP/1.1" 429 267 typfit.de "-" "Mozilla/5.0 (Windows NT 10.0; Win64; x64) AppleWebKit/537.36 (KHTML, like Gecko) Chrome/145.0.0.0 Safari/537.36 (compatible; meta-externalagent/1.1 (+https://developers.facebook.com/docs/sharing/webmasters/crawler))" "-"
49.51.33.0 - - [29/Aug/2026:02:07:59 +0200] "GET /?p=%2Fhomepages%2F29%2Fd178135669 HTTP/1.1" 200 23564 www.typfit.de "-" "Mozilla/5.0 (iPhone; CPU iPhone OS 13_2_3 like Mac OS X) AppleWebKit/605.1.15 (KHTML, like Gecko) Version/13.0.3 Mobile/15E148 Safari/604.1" "-"
104.207.40.0 - - [29/Aug/2026:02:08:04 +0200] "GET /wp-login.php HTTP/1.1" 200 61004 typfit.de "-" "Mozilla/5.0 (compatible; MyApp/1.0)" "-"
2a03:2880:f800:: - - [29/Aug/2026:02:08:05 +0200] "GET /?k=1415062512 HTTP/1.1" 429 267 typfit.de "-" "Mozilla/5.0 (Windows NT 10.0; Win64; x64) AppleWebKit/537.36 (KHTML, like Gecko) Chrome/145.0.0.0 Safari/537.36 (compatible; meta-externalagent/1.1 (+https://developers.facebook.com/docs/sharing/webmasters/crawler))" "-"
114.119.158.0 - - [29/Aug/2026:02:08:05 +0200] "GET /?h=58559316942 HTTP/1.1" 200 52109 www.typfit.de "http://www.typfit.de/sitemap.xml" "Mozilla/5.0 (Linux; Android 7.0;) AppleWebKit/537.36 (HTML, like Gecko) Mobile Safari/537.36 (compatible; PetalBot;+https://webmaster.petalsearch.com/site/petalbot)" "-"
104.207.40.0 - - [29/Aug/2026:02:08:05 +0200] "POST /wp-login.php HTTP/1.1" 302 52108 typfit.de "-" "Mozilla/5.0 (compatible; MyApp/1.0)" "-"
104.207.40.0 - - [29/Aug/2026:02:08:07 +0200] "GET /wp-login.php?redirect_to=%2Fwp-admin%2F&action=confirm_admin_email&wp_lang=de_DE HTTP/1.1" 200 54177 typfit.de "-" "Mozilla/5.0 (compatible; MyApp/1.0)" "-"
104.207.40.0 - - [29/Aug/2026:02:08:09 +0200] "GET /wp-admin/admin-ajax.php?action=rest-nonce HTTP/1.1" 200 49722 typfit.de "-" "Mozilla/5.0 (compatible; MyApp/1.0)" "-"
2a03:2880:f800:: - - [29/Aug/2026:02:08:12 +0200] "GET /?download=1&path=%2Fusr%2Fbin%2Fwbmptopbm HTTP/1.1" 200 14369 typfit.de "-" "Mozilla/5.0 (Windows NT 10.0; Win64; x64) AppleWebKit/537.36 (KHTML, like Gecko) Chrome/145.0.0.0 Safari/537.36 (compatible; meta-externalagent/1.1 (+https://developers.facebook.com/docs/sharing/webmasters/crawler))" "-"
104.207.57.0 - - [29/Aug/2026:02:08:24 +0200] "GET /wp-login.php HTTP/1.1" 200 61004 typfit.de "-" "Mozilla/5.0 (compatible; MyApp/1.0)" "-"
104.207.57.0 - - [29/Aug/2026:02:08:36 +0200] "POST /wp-login.php HTTP/1.1" 302 52108 typfit.de "-" "Mozilla/5.0 (compatible; MyApp/1.0)" "-"
104.207.57.0 - - [29/Aug/2026:02:08:37 +0200] "GET /wp-login.php?redirect_to=%2Fwp-admin%2F&action=confirm_admin_email&wp_lang=de_DE HTTP/1.1" 200 54177 typfit.de "-" "Mozilla/5.0 (compatible; MyApp/1.0)" "-"
104.207.57.0 - - [29/Aug/2026:02:08:38 +0200] "GET /wp-admin/admin-ajax.php?action=rest-nonce HTTP/1.1" 200 49722 typfit.de "-" "Mozilla/5.0 (compatible; MyApp/1.0)" "-"
65.111.25.0 - - [29/Aug/2026:02:08:46 +0200] "GET /wp-login.php HTTP/1.1" 200 61004 typfit.de "-" "Mozilla/5.0 (compatible; MyApp/1.0)" "-"
104.207.40.0 - - [29/Aug/2026:02:08:55 +0200] "GET /wp-login.php HTTP/1.1" 200 61004 typfit.de "-" "Mozilla/5.0 (compatible; MyApp/1.0)" "-"
65.111.25.0 - - [29/Aug/2026:02:08:58 +0200] "POST /wp-login.php HTTP/1.1" 302 52108 typfit.de "-" "Mozilla/5.0 (compatible; MyApp/1.0)" "-"
65.111.25.0 - - [29/Aug/2026:02:08:59 +0200] "GET /wp-login.php?redirect_to=%2Fwp-admin%2F&action=confirm_admin_email&wp_lang=de_DE HTTP/1.1" 200 54177 typfit.de "-" "Mozilla/5.0 (compatible; MyApp/1.0)" "-"
65.111.25.0 - - [29/Aug/2026:02:09:00 +0200] "GET /wp-admin/admin-ajax.php?action=rest-nonce HTTP/1.1" 200 49722 typfit.de "-" "Mozilla/5.0 (compatible; MyApp/1.0)" "-"
104.207.40.0 - - [29/Aug/2026:02:09:07 +0200] "POST /wp-login.php HTTP/1.1" 302 52108 typfit.de "-" "Mozilla/5.0 (compatible; MyApp/1.0)" "-"
104.207.40.0 - - [29/Aug/2026:02:09:09 +0200] "GET /wp-login.php?redirect_to=%2Fwp-admin%2F&action=confirm_admin_email&wp_lang=de_DE HTTP/1.1" 200 54177 typfit.de "-" "Mozilla/5.0 (compatible; MyApp/1.0)" "-"
23.23.180.0 - - [29/Aug/2026:02:09:09 +0200] "GET /what-is-chicken-road-in-gambling-contexts/ HTTP/1.1" 200 181917 typfit.de "-" "Mozilla/5.0 AppleWebKit/537.36 (KHTML, like Gecko; compatible; Amazonbot/0.1; +https://developer.amazon.com/support/amazonbot) Chrome/119.0.6045.214 Safari/537.36" "-"
104.207.40.0 - - [29/Aug/2026:02:09:11 +0200] "GET /wp-admin/admin-ajax.php?action=rest-nonce HTTP/1.1" 200 49722 typfit.de "-" "Mozilla/5.0 (compatible; MyApp/1.0)" "-"
114.119.159.0 - - [29/Aug/2026:02:09:28 +0200] "GET /?b=6014904964 HTTP/1.1" 200 52109 typfit.de "http://typfit.de/sitemap.xml" "Mozilla/5.0 (Linux; Android 7.0;) AppleWebKit/537.36 (HTML, like Gecko) Mobile Safari/537.36 (compatible; PetalBot;+https://webmaster.petalsearch.com/site/petalbot)" "-"
2a03:2880:f800:: - - [29/Aug/2026:02:09:32 +0200] "GET /?e=91390686578 HTTP/1.1" 200 194027 typfit.de "-" "Mozilla/5.0 (Windows NT 10.0; Win64; x64) AppleWebKit/537.36 (KHTML, like Gecko) Chrome/145.0.0.0 Safari/537.36 (compatible; meta-externalagent/1.1 (+https://developers.facebook.com/docs/sharing/webmasters/crawler))" "-"
2a03:2880:f800:: - - [29/Aug/2026:02:09:53 +0200] "GET /?o=18296048846 HTTP/1.1" 200 194027 typfit.de "-" "Mozilla/5.0 (Windows NT 10.0; Win64; x64) AppleWebKit/537.36 (KHTML, like Gecko) Chrome/145.0.0.0 Safari/537.36 (compatible; meta-externalagent/1.1 (+https://developers.facebook.com/docs/sharing/webmasters/crawler))" "-"
2a03:2880:f800:: - - [29/Aug/2026:02:09:58 +0200] "GET /?n=44541938856 HTTP/1.1" 200 194027 typfit.de "-" "Mozilla/5.0 (Windows NT 10.0; Win64; x64) AppleWebKit/537.36 (KHTML, like Gecko) Chrome/145.0.0.0 Safari/537.36 (compatible; meta-externalagent/1.1 (+https://developers.facebook.com/docs/sharing/webmasters/crawler))" "-"
104.207.55.0 - - [29/Aug/2026:02:10:39 +0200] "GET /wp-login.php HTTP/1.1" 200 61004 typfit.de "-" "Mozilla/5.0 (compatible; MyApp/1.0)" "-"
2a03:2880:f800:: - - [29/Aug/2026:02:10:42 +0200] "GET /?j=48081947053 HTTP/1.1" 200 194027 typfit.de "-" "Mozilla/5.0 (Windows NT 10.0; Win64; x64) AppleWebKit/537.36 (KHTML, like Gecko) Chrome/145.0.0.0 Safari/537.36 (compatible; meta-externalagent/1.1 (+https://developers.facebook.com/docs/sharing/webmasters/crawler))" "-"
2a03:2880:f800:: - - [29/Aug/2026:02:10:48 +0200] "GET /?j=98112534832 HTTP/1.1" 200 194027 typfit.de "-" "Mozilla/5.0 (X11; Linux x86_64) AppleWebKit/537.36 (KHTML, like Gecko) Chrome/145.0.0.0 Safari/537.36 (compatible; meta-externalagent/1.1 (+https://developers.facebook.com/docs/sharing/webmasters/crawler))" "-"
104.207.55.0 - - [29/Aug/2026:02:10:51 +0200] "POST /wp-login.php HTTP/1.1" 302 52108 typfit.de "-" "Mozilla/5.0 (compatible; MyApp/1.0)" "-"
2a03:2880:f800:: - - [29/Aug/2026:02:10:51 +0200] "GET /?j=10786695482 HTTP/1.1" 200 194027 typfit.de "-" "Mozilla/5.0 (Windows NT 10.0; Win64; x64) AppleWebKit/537.36 (KHTML, like Gecko) Chrome/145.0.0.0 Safari/537.36 (compatible; meta-externalagent/1.1 (+https://developers.facebook.com/docs/sharing/webmasters/crawler))" "-"
104.207.55.0 - - [29/Aug/2026:02:10:52 +0200] "GET /wp-login.php?redirect_to=%2Fwp-admin%2F&action=confirm_admin_email&wp_lang=de_DE HTTP/1.1" 200 54177 typfit.de "-" "Mozilla/5.0 (compatible; MyApp/1.0)" "-"
104.207.55.0 - - [29/Aug/2026:02:10:53 +0200] "GET /wp-admin/admin-ajax.php?action=rest-nonce HTTP/1.1" 200 49722 typfit.de "-" "Mozilla/5.0 (compatible; MyApp/1.0)" "-"
2a03:2880:f800:: - - [29/Aug/2026:02:11:05 +0200] "GET /?i=21534152950 HTTP/1.1" 200 194027 typfit.de "-" "Mozilla/5.0 (Windows NT 10.0; Win64; x64) AppleWebKit/537.36 (KHTML, like Gecko) Chrome/145.0.0.0 Safari/537.36 (compatible; meta-externalagent/1.1 (+https://developers.facebook.com/docs/sharing/webmasters/crawler))" "-"
2a03:2880:f800:: - - [29/Aug/2026:02:11:18 +0200] "GET /?k=35535213909 HTTP/1.1" 200 194027 typfit.de "-" "Mozilla/5.0 (Windows NT 10.0; Win64; x64) AppleWebKit/537.36 (KHTML, like Gecko) Chrome/145.0.0.0 Safari/537.36 (compatible; meta-externalagent/1.1 (+https://developers.facebook.com/docs/sharing/webmasters/crawler))" "-"
2a03:2880:f800:: - - [29/Aug/2026:02:11:21 +0200] "GET /?k=24818644915 HTTP/1.1" 200 194027 typfit.de "-" "Mozilla/5.0 (Windows NT 10.0; Win64; x64) AppleWebKit/537.36 (KHTML, like Gecko) Chrome/145.0.0.0 Safari/537.36 (compatible; meta-externalagent/1.1 (+https://developers.facebook.com/docs/sharing/webmasters/crawler))" "-"
2a03:2880:f800:: - - [29/Aug/2026:02:11:25 +0200] "GET /?o=98804117736 HTTP/1.1" 200 194027 typfit.de "-" "Mozilla/5.0 (Windows NT 10.0; Win64; x64) AppleWebKit/537.36 (KHTML, like Gecko) Chrome/145.0.0.0 Safari/537.36 (compatible; meta-externalagent/1.1 (+https://developers.facebook.com/docs/sharing/webmasters/crawler))" "-"
2a03:2880:f800:: - - [29/Aug/2026:02:11:28 +0200] "GET /?k=8610037922 HTTP/1.1" 200 194027 typfit.de "-" "Mozilla/5.0 (Windows NT 10.0; Win64; x64) AppleWebKit/537.36 (KHTML, like Gecko) Chrome/145.0.0.0 Safari/537.36 (compatible; meta-externalagent/1.1 (+https://developers.facebook.com/docs/sharing/webmasters/crawler))" "-"
2a03:2880:f800:: - - [29/Aug/2026:02:11:32 +0200] "GET /?e=9264182884 HTTP/1.1" 200 194027 typfit.de "-" "Mozilla/5.0 (Windows NT 10.0; Win64; x64) AppleWebKit/537.36 (KHTML, like Gecko) Chrome/145.0.0.0 Safari/537.36 (compatible; meta-externalagent/1.1 (+https://developers.facebook.com/docs/sharing/webmasters/crawler))" "-"
40.77.167.0 - - [29/Aug/2026:02:11:36 +0200] "GET /?i=36643175271 HTTP/1.1" 200 195634 www.typfit.de "-" "Mozilla/5.0 AppleWebKit/537.36 (KHTML, like Gecko; compatible; bingbot/2.0; +http://www.bing.com/bingbot.htm) Chrome/116.0.1938.76 Safari/537.36" "-"
2a03:2880:f800:: - - [29/Aug/2026:02:11:37 +0200] "GET /?j=28662520100 HTTP/1.1" 200 194027 typfit.de "-" "Mozilla/5.0 (Windows NT 10.0; Win64; x64) AppleWebKit/537.36 (KHTML, like Gecko) Chrome/145.0.0.0 Safari/537.36 (compatible; meta-externalagent/1.1 (+https://developers.facebook.com/docs/sharing/webmasters/crawler))" "-"
2a03:2880:f800:: - - [29/Aug/2026:02:11:59 +0200] "GET /?e=5545880907 HTTP/1.1" 200 194027 typfit.de "-" "Mozilla/5.0 (Windows NT 10.0; Win64; x64) AppleWebKit/537.36 (KHTML, like Gecko) Chrome/145.0.0.0 Safari/537.36 Edg/145.0.0.0 (compatible; meta-externalagent/1.1 (+https://developers.facebook.com/docs/sharing/webmasters/crawler))" "-"
2a03:2880:f800:: - - [29/Aug/2026:02:12:21 +0200] "GET /?n=95732367285 HTTP/1.1" 200 194027 typfit.de "-" "Mozilla/5.0 (Macintosh; Intel Mac OS X 10_15_7) AppleWebKit/537.36 (KHTML, like Gecko) Chrome/145.0.0.0 Safari/537.36 (compatible; meta-externalagent/1.1 (+https://developers.facebook.com/docs/sharing/webmasters/crawler))" "-"
2a03:2880:f800:: - - [29/Aug/2026:02:12:29 +0200] "GET /?j=88757389157 HTTP/1.1" 200 194027 typfit.de "-" "Mozilla/5.0 (Windows NT 10.0; Win64; x64) AppleWebKit/537.36 (KHTML, like Gecko) Chrome/145.0.0.0 Safari/537.36 (compatible; meta-externalagent/1.1 (+https://developers.facebook.com/docs/sharing/webmasters/crawler))" "-"
2a03:2880:f800:: - - [29/Aug/2026:02:12:32 +0200] "GET /?n=5756731632 HTTP/1.1" 200 194027 typfit.de "-" "Mozilla/5.0 (Macintosh; Intel Mac OS X 10_15_7) AppleWebKit/537.36 (KHTML, like Gecko) Chrome/145.0.0.0 Safari/537.36 (compatible; meta-externalagent/1.1 (+https://developers.facebook.com/docs/sharing/webmasters/crawler))" "-"
2a03:2880:f800:: - - [29/Aug/2026:02:12:57 +0200] "GET /?t=89370763547 HTTP/1.1" 200 194027 typfit.de "-" "Mozilla/5.0 (Windows NT 10.0; Win64; x64) AppleWebKit/537.36 (KHTML, like Gecko) Chrome/145.0.0.0 Safari/537.36 (compatible; meta-externalagent/1.1 (+https://developers.facebook.com/docs/sharing/webmasters/crawler))" "-"
2a03:2880:f800:: - - [29/Aug/2026:02:13:06 +0200] "GET /?j=50271400201 HTTP/1.1" 200 194027 typfit.de "-" "Mozilla/5.0 (Windows NT 10.0; Win64; x64) AppleWebKit/537.36 (KHTML, like Gecko) Chrome/145.0.0.0 Safari/537.36 (compatible; meta-externalagent/1.1 (+https://developers.facebook.com/docs/sharing/webmasters/crawler))" "-"
66.249.70.0 - - [29/Aug/2026:02:13:07 +0200] "GET /?k=49604716627 HTTP/1.1" 200 190593 typfit.de "-" "Mozilla/5.0 (Linux; Android 6.0.1; Nexus 5X Build/MMB29P) AppleWebKit/537.36 (KHTML, like Gecko) Chrome/151.0.7922.173 Mobile Safari/537.36 (compatible; GoogleOther)" "-"
52.167.144.0 - - [29/Aug/2026:02:13:08 +0200] "GET /?h=40260762092 HTTP/1.1" 200 194767 www.typfit.de "-" "Mozilla/5.0 AppleWebKit/537.36 (KHTML, like Gecko; compatible; bingbot/2.0; +http://www.bing.com/bingbot.htm) Chrome/116.0.1938.76 Safari/537.36" "-"
2a03:2880:f800:: - - [29/Aug/2026:02:13:12 +0200] "GET /?b=94894176584 HTTP/1.1" 200 194027 typfit.de "-" "Mozilla/5.0 (Windows NT 10.0; Win64; x64) AppleWebKit/537.36 (KHTML, like Gecko) Chrome/145.0.0.0 Safari/537.36 (compatible; meta-externalagent/1.1 (+https://developers.facebook.com/docs/sharing/webmasters/crawler))" "-"
217.181.90.0 - - [29/Aug/2026:02:13:30 +0200] "GET /wp-login.php HTTP/1.1" 200 61004 typfit.de "-" "Mozilla/5.0 (compatible; MyApp/1.0)" "-"
2a03:2880:f800:: - - [29/Aug/2026:02:13:34 +0200] "GET /?v=49676435244 HTTP/1.1" 429 267 typfit.de "-" "Mozilla/5.0 (Macintosh; Intel Mac OS X 10_15_7) AppleWebKit/537.36 (KHTML, like Gecko) Chrome/145.0.0.0 Safari/537.36 (compatible; meta-externalagent/1.1 (+https://developers.facebook.com/docs/sharing/webmasters/crawler))" "-"
217.181.90.0 - - [29/Aug/2026:02:13:42 +0200] "POST /wp-login.php HTTP/1.1" 302 52108 typfit.de "-" "Mozilla/5.0 (compatible; MyApp/1.0)" "-"
217.181.90.0 - - [29/Aug/2026:02:13:42 +0200] "GET /wp-login.php?redirect_to=%2Fwp-admin%2F&action=confirm_admin_email&wp_lang=de_DE HTTP/1.1" 200 54177 typfit.de "-" "Mozilla/5.0 (compatible; MyApp/1.0)" "-"
217.181.90.0 - - [29/Aug/2026:02:13:43 +0200] "GET /wp-admin/admin-ajax.php?action=rest-nonce HTTP/1.1" 200 49722 typfit.de "-" "Mozilla/5.0 (compatible; MyApp/1.0)" "-"
2a03:2880:f800:: - - [29/Aug/2026:02:14:04 +0200] "GET /?t=12300132016 HTTP/1.1" 429 267 typfit.de "-" "Mozilla/5.0 (Windows NT 10.0; Win64; x64) AppleWebKit/537.36 (KHTML, like Gecko) Chrome/145.0.0.0 Safari/537.36 (compatible; meta-externalagent/1.1 (+https://developers.facebook.com/docs/sharing/webmasters/crawler))" "-"
65.111.13.0 - - [29/Aug/2026:02:14:09 +0200] "GET /wp-login.php HTTP/1.1" 200 61004 typfit.de "-" "Mozilla/5.0 (compatible; MyApp/1.0)" "-"
65.111.13.0 - - [29/Aug/2026:02:14:11 +0200] "POST /wp-login.php HTTP/1.1" 302 52108 typfit.de "-" "Mozilla/5.0 (compatible; MyApp/1.0)" "-"
65.111.13.0 - - [29/Aug/2026:02:14:12 +0200] "GET /wp-login.php?redirect_to=%2Fwp-admin%2F&action=confirm_admin_email&wp_lang=de_DE HTTP/1.1" 200 54177 typfit.de "-" "Mozilla/5.0 (compatible; MyApp/1.0)" "-"
65.111.13.0 - - [29/Aug/2026:02:14:14 +0200] "GET /wp-admin/admin-ajax.php?action=rest-nonce HTTP/1.1" 200 49722 typfit.de "-" "Mozilla/5.0 (compatible; MyApp/1.0)" "-"
2a03:2880:f800:: - - [29/Aug/2026:02:14:23 +0200] "GET /?k=88083053916 HTTP/1.1" 429 267 typfit.de "-" "Mozilla/5.0 (Windows NT 10.0; Win64; x64) AppleWebKit/537.36 (KHTML, like Gecko) Chrome/145.0.0.0 Safari/537.36 (compatible; meta-externalagent/1.1 (+https://developers.facebook.com/docs/sharing/webmasters/crawler))" "-"
2a03:2880:f800:: - - [29/Aug/2026:02:14:26 +0200] "GET /?b=24252974859 HTTP/1.1" 429 267 typfit.de "-" "Mozilla/5.0 (Windows NT 10.0; Win64; x64) AppleWebKit/537.36 (KHTML, like Gecko) Chrome/145.0.0.0 Safari/537.36 (compatible; meta-externalagent/1.1 (+https://developers.facebook.com/docs/sharing/webmasters/crawler))" "-"
2a03:2880:f800:: - - [29/Aug/2026:02:14:42 +0200] "GET /?k=92765442443 HTTP/1.1" 200 194027 typfit.de "-" "Mozilla/5.0 (Macintosh; Intel Mac OS X 10_15_7) AppleWebKit/537.36 (KHTML, like Gecko) Chrome/145.0.0.0 Safari/537.36 (compatible; meta-externalagent/1.1 (+https://developers.facebook.com/docs/sharing/webmasters/crawler))" "-"
2a03:2880:f800:: - - [29/Aug/2026:02:14:46 +0200] "GET /?p=%2Fusr%2Fbin&edit=1&path=%2Fusr%2Fbin%2Fpphs HTTP/1.1" 200 172455 typfit.de "-" "Mozilla/5.0 (Macintosh; Intel Mac OS X 10_15_7) AppleWebKit/537.36 (KHTML, like Gecko) Chrome/145.0.0.0 Safari/537.36 (compatible; meta-externalagent/1.1 (+https://developers.facebook.com/docs/sharing/webmasters/crawler))" "-"
2a03:2880:f800:: - - [29/Aug/2026:02:14:49 +0200] "GET /?download=1&path=%2Fusr%2Fbin%2Fco HTTP/1.1" 200 808 typfit.de "-" "Mozilla/5.0 (Macintosh; Intel Mac OS X 10_15_7) AppleWebKit/537.36 (KHTML, like Gecko) Chrome/145.0.0.0 Safari/537.36 (compatible; meta-externalagent/1.1 (+https://developers.facebook.com/docs/sharing/webmasters/crawler))" "-"
2a03:2880:f800:: - - [29/Aug/2026:02:14:52 +0200] "GET /?p=%2Fusr%2Fbin&edit=1&path=%2Fusr%2Fbin%2Fxbmtopbm HTTP/1.1" 200 172009 typfit.de "-" "Mozilla/5.0 (Windows NT 10.0; Win64; x64) AppleWebKit/537.36 (KHTML, like Gecko) Chrome/145.0.0.0 Safari/537.36 (compatible; meta-externalagent/1.1 (+https://developers.facebook.com/docs/sharing/webmasters/crawler))" "-"
2a03:2880:f800:: - - [29/Aug/2026:02:14:56 +0200] "GET /?i=71960730854 HTTP/1.1" 200 194027 typfit.de "-" "Mozilla/5.0 (Windows NT 10.0; Win64; x64) AppleWebKit/537.36 (KHTML, like Gecko) Chrome/145.0.0.0 Safari/537.36 Edg/145.0.0.0 (compatible; meta-externalagent/1.1 (+https://developers.facebook.com/docs/sharing/webmasters/crawler))" "-"
2a03:2880:f800:: - - [29/Aug/2026:02:14:58 +0200] "GET /?i=58425280022 HTTP/1.1" 200 194027 typfit.de "-" "Mozilla/5.0 (Windows NT 10.0; Win64; x64) AppleWebKit/537.36 (KHTML, like Gecko) Chrome/145.0.0.0 Safari/537.36 (compatible; meta-externalagent/1.1 (+https://developers.facebook.com/docs/sharing/webmasters/crawler))" "-"
2a03:2880:f800:: - - [29/Aug/2026:02:15:12 +0200] "GET /?b=82508639648 HTTP/1.1" 200 194027 typfit.de "-" "Mozilla/5.0 (Windows NT 10.0; Win64; x64) AppleWebKit/537.36 (KHTML, like Gecko) Chrome/145.0.0.0 Safari/537.36 (compatible; meta-externalagent/1.1 (+https://developers.facebook.com/docs/sharing/webmasters/crawler))" "-"
65.111.13.0 - - [29/Aug/2026:02:15:14 +0200] "GET /wp-login.php HTTP/1.1" 200 61004 typfit.de "-" "Mozilla/5.0 (compatible; MyApp/1.0)" "-"
2a03:2880:f800:: - - [29/Aug/2026:02:15:19 +0200] "GET /?v=73667379604 HTTP/1.1" 200 194027 typfit.de "-" "Mozilla/5.0 (Windows NT 10.0; Win64; x64) AppleWebKit/537.36 (KHTML, like Gecko) Chrome/145.0.0.0 Safari/537.36 Edg/145.0.0.0 (compatible; meta-externalagent/1.1 (+https://developers.facebook.com/docs/sharing/webmasters/crawler))" "-"
65.111.13.0 - - [29/Aug/2026:02:15:26 +0200] "POST /wp-login.php HTTP/1.1" 302 52108 typfit.de "-" "Mozilla/5.0 (compatible; MyApp/1.0)" "-"
65.111.0.0 - - [29/Aug/2026:02:15:27 +0200] "GET /wp-login.php HTTP/1.1" 200 61004 typfit.de "-" "Mozilla/5.0 (compatible; MyApp/1.0)" "-"
65.111.13.0 - - [29/Aug/2026:02:15:28 +0200] "GET /wp-login.php?redirect_to=%2Fwp-admin%2F&action=confirm_admin_email&wp_lang=de_DE HTTP/1.1" 200 54177 typfit.de "-" "Mozilla/5.0 (compatible; MyApp/1.0)" "-"
65.111.0.0 - - [29/Aug/2026:02:15:29 +0200] "POST /wp-login.php HTTP/1.1" 302 52108 typfit.de "-" "Mozilla/5.0 (compatible; MyApp/1.0)" "-"
65.111.13.0 - - [29/Aug/2026:02:15:30 +0200] "GET /wp-admin/admin-ajax.php?action=rest-nonce HTTP/1.1" 200 49722 typfit.de "-" "Mozilla/5.0 (compatible; MyApp/1.0)" "-"
2a03:2880:f800:: - - [29/Aug/2026:02:15:30 +0200] "GET /?n=70697921151 HTTP/1.1" 200 194027 typfit.de "-" "Mozilla/5.0 (Macintosh; Intel Mac OS X 10_15_7) AppleWebKit/537.36 (KHTML, like Gecko) Chrome/145.0.0.0 Safari/537.36 (compatible; meta-externalagent/1.1 (+https://developers.facebook.com/docs/sharing/webmasters/crawler))" "-"
65.111.0.0 - - [29/Aug/2026:02:15:31 +0200] "GET /wp-login.php?redirect_to=%2Fwp-admin%2F&action=confirm_admin_email&wp_lang=de_DE HTTP/1.1" 200 54177 typfit.de "-" "Mozilla/5.0 (compatible; MyApp/1.0)" "-"
65.111.0.0 - - [29/Aug/2026:02:15:32 +0200] "GET /wp-admin/admin-ajax.php?action=rest-nonce HTTP/1.1" 200 49722 typfit.de "-" "Mozilla/5.0 (compatible; MyApp/1.0)" "-"
