2a03:2880:f800:: - - [29/Aug/2026:06:35:59 +0200] "GET /?o=47143617377 HTTP/1.1" 200 194027 typfit.de "-" "Mozilla/5.0 (Windows NT 10.0; Win64; x64) AppleWebKit/537.36 (KHTML, like Gecko) Chrome/145.0.0.0 Safari/537.36 (compatible; meta-externalagent/1.1 (+https://developers.facebook.com/docs/sharing/webmasters/crawler))" "-"
2a02:c207:3000:: - - [29/Aug/2026:06:36:01 +0200] "GET /'%20.%20$path%20.%20'?p=/homepages/5/d824826599/htdocs&edit=1&path=/homepages/5/d824826599/htdocs/wp-settings.php HTTP/1.1" 429 267 typfit.de "-" "Mozilla/5.0 (compatible; MJ12bot/v1.4.8; http://mj12bot.com/)" "-"
216.73.217.0 - - [29/Aug/2026:06:36:01 +0200] "GET /?t=25626912244 HTTP/1.1" 200 194027 typfit.de "-" "Mozilla/5.0 AppleWebKit/537.36 (KHTML, like Gecko; compatible; ClaudeBot/1.0; +claudebot@anthropic.com)" "-"
2a02:c207:3000:: - - [29/Aug/2026:06:36:02 +0200] "GET /'%20.%20$path%20.%20'?p=/homepages/5/d824826599/htdocs&edit=1&path=/homepages/5/d824826599/htdocs/wp-signup.php HTTP/1.1" 429 267 typfit.de "-" "Mozilla/5.0 (compatible; MJ12bot/v1.4.8; http://mj12bot.com/)" "-"
2a03:2880:f800:: - - [29/Aug/2026:06:36:03 +0200] "GET /?p=%2Fusr%2Fbin&edit=1&path=%2Fusr%2Fbin%2Fpbmtextps HTTP/1.1" 200 172016 typfit.de "-" "Mozilla/5.0 (Windows NT 10.0; Win64; x64) AppleWebKit/537.36 (KHTML, like Gecko) Chrome/145.0.0.0 Safari/537.36 (compatible; meta-externalagent/1.1 (+https://developers.facebook.com/docs/sharing/webmasters/crawler))" "-"
2a02:c207:3000:: - - [29/Aug/2026:06:36:04 +0200] "GET /'%20.%20$path%20.%20'?p=/homepages/5/d824826599/htdocs&edit=1&path=/homepages/5/d824826599/htdocs/wp-trackback.php HTTP/1.1" 429 267 typfit.de "-" "Mozilla/5.0 (compatible; MJ12bot/v1.4.8; http://mj12bot.com/)" "-"
2a02:c207:3000:: - - [29/Aug/2026:06:36:06 +0200] "GET /'%20.%20$path%20.%20'?p=/homepages/5/d824826599/htdocs/Alte%20HP HTTP/1.1" 429 267 typfit.de "-" "Mozilla/5.0 (compatible; MJ12bot/v1.4.8; http://mj12bot.com/)" "-"
2a03:2880:f800:: - - [29/Aug/2026:06:36:06 +0200] "GET /?z=28401765755 HTTP/1.1" 200 194027 typfit.de "-" "Mozilla/5.0 (Windows NT 10.0; Win64; x64) AppleWebKit/537.36 (KHTML, like Gecko) Chrome/145.0.0.0 Safari/537.36 (compatible; meta-externalagent/1.1 (+https://developers.facebook.com/docs/sharing/webmasters/crawler))" "-"
216.73.217.0 - - [29/Aug/2026:06:36:06 +0200] "GET /?b=16307142061 HTTP/1.1" 200 194027 typfit.de "-" "Mozilla/5.0 AppleWebKit/537.36 (KHTML, like Gecko; compatible; ClaudeBot/1.0; +claudebot@anthropic.com)" "-"
2a02:c207:3000:: - - [29/Aug/2026:06:36:07 +0200] "GET /'%20.%20$path%20.%20'?p=/homepages/5/d824826599/htdocs/logs HTTP/1.1" 429 267 typfit.de "-" "Mozilla/5.0 (compatible; MJ12bot/v1.4.8; http://mj12bot.com/)" "-"
2a02:c207:3000:: - - [29/Aug/2026:06:36:08 +0200] "GET /'%20.%20$path%20.%20'?p=/homepages/5/d824826599/htdocs/wp-admin HTTP/1.1" 429 267 typfit.de "-" "Mozilla/5.0 (compatible; MJ12bot/v1.4.8; http://mj12bot.com/)" "-"
45.3.37.0 - - [29/Aug/2026:06:36:08 +0200] "GET /wp-login.php HTTP/1.1" 200 61004 typfit.de "-" "Mozilla/5.0 (compatible; MyApp/1.0)" "-"
2a02:c207:3000:: - - [29/Aug/2026:06:36:10 +0200] "GET /'%20.%20$path%20.%20'?p=/homepages/5/d824826599/htdocs/wp-content HTTP/1.1" 429 267 typfit.de "-" "Mozilla/5.0 (compatible; MJ12bot/v1.4.8; http://mj12bot.com/)" "-"
45.3.37.0 - - [29/Aug/2026:06:36:10 +0200] "POST /wp-login.php HTTP/1.1" 302 52108 typfit.de "-" "Mozilla/5.0 (compatible; MyApp/1.0)" "-"
2a02:c207:3000:: - - [29/Aug/2026:06:36:11 +0200] "GET /'%20.%20$path%20.%20'?p=/homepages/5/d824826599/htdocs/wp-includes HTTP/1.1" 429 267 typfit.de "-" "Mozilla/5.0 (compatible; MJ12bot/v1.4.8; http://mj12bot.com/)" "-"
216.73.217.0 - - [29/Aug/2026:06:36:11 +0200] "GET /?e=29103234613 HTTP/1.1" 200 194027 typfit.de "-" "Mozilla/5.0 AppleWebKit/537.36 (KHTML, like Gecko; compatible; ClaudeBot/1.0; +claudebot@anthropic.com)" "-"
45.3.37.0 - - [29/Aug/2026:06:36:12 +0200] "GET /wp-login.php?redirect_to=%2Fwp-admin%2F&action=confirm_admin_email&wp_lang=de_DE HTTP/1.1" 200 54177 typfit.de "-" "Mozilla/5.0 (compatible; MyApp/1.0)" "-"
2a03:2880:f800:: - - [29/Aug/2026:06:36:14 +0200] "GET /?p=%2Fusr%2Fbin&edit=1&path=%2Fusr%2Fbin%2Fdpkg-checkbuilddeps HTTP/1.1" 200 179963 typfit.de "-" "Mozilla/5.0 (Windows NT 10.0; Win64; x64) AppleWebKit/537.36 (KHTML, like Gecko) Chrome/145.0.0.0 Safari/537.36 (compatible; meta-externalagent/1.1 (+https://developers.facebook.com/docs/sharing/webmasters/crawler))" "-"
45.3.37.0 - - [29/Aug/2026:06:36:14 +0200] "GET /wp-admin/admin-ajax.php?action=rest-nonce HTTP/1.1" 200 49722 typfit.de "-" "Mozilla/5.0 (compatible; MyApp/1.0)" "-"
2a03:2880:f800:: - - [29/Aug/2026:06:36:15 +0200] "GET /?v=11076062026 HTTP/1.1" 200 194027 typfit.de "-" "Mozilla/5.0 (Windows NT 10.0; Win64; x64) AppleWebKit/537.36 (KHTML, like Gecko) Chrome/145.0.0.0 Safari/537.36 (compatible; meta-externalagent/1.1 (+https://developers.facebook.com/docs/sharing/webmasters/crawler))" "-"
216.73.217.0 - - [29/Aug/2026:06:36:16 +0200] "GET /?b=54112031239 HTTP/1.1" 200 194027 typfit.de "-" "Mozilla/5.0 AppleWebKit/537.36 (KHTML, like Gecko; compatible; ClaudeBot/1.0; +claudebot@anthropic.com)" "-"
2a03:2880:f800:: - - [29/Aug/2026:06:36:17 +0200] "GET / HTTP/1.1" 200 194433 typfit.de "-" "facebookexternalhit/1.1 (+http://www.facebook.com/externalhit_uatext.php)" "-"
2a03:2880:f800:: - - [29/Aug/2026:06:36:18 +0200] "GET /?download=1&path=%2Fusr%2Fbin%2Fx86_64-linux-gnu-gcc-nm-10 HTTP/1.1" 200 22913 typfit.de "-" "Mozilla/5.0 (Windows NT 10.0; Win64; x64) AppleWebKit/537.36 (KHTML, like Gecko) Chrome/145.0.0.0 Safari/537.36 (compatible; meta-externalagent/1.1 (+https://developers.facebook.com/docs/sharing/webmasters/crawler))" "-"
2a03:2880:f800:: - - [29/Aug/2026:06:36:20 +0200] "GET /?download=1&path=%2Fusr%2Fbin%2Fext_skel7.4 HTTP/1.1" 429 267 typfit.de "-" "Mozilla/5.0 (Windows NT 10.0; Win64; x64) AppleWebKit/537.36 (KHTML, like Gecko) Chrome/145.0.0.0 Safari/537.36 (compatible; meta-externalagent/1.1 (+https://developers.facebook.com/docs/sharing/webmasters/crawler))" "-"
216.73.217.0 - - [29/Aug/2026:06:36:21 +0200] "GET /?t=56242277303 HTTP/1.1" 200 194027 typfit.de "-" "Mozilla/5.0 AppleWebKit/537.36 (KHTML, like Gecko; compatible; ClaudeBot/1.0; +claudebot@anthropic.com)" "-"
2a03:2880:f800:: - - [29/Aug/2026:06:36:23 +0200] "GET /?h=62138245091 HTTP/1.1" 429 267 typfit.de "-" "Mozilla/5.0 (Windows NT 10.0; Win64; x64) AppleWebKit/537.36 (KHTML, like Gecko) Chrome/145.0.0.0 Safari/537.36 (compatible; meta-externalagent/1.1 (+https://developers.facebook.com/docs/sharing/webmasters/crawler))" "-"
216.73.217.0 - - [29/Aug/2026:06:36:26 +0200] "GET /?r=47842175729 HTTP/1.1" 200 194027 typfit.de "-" "Mozilla/5.0 AppleWebKit/537.36 (KHTML, like Gecko; compatible; ClaudeBot/1.0; +claudebot@anthropic.com)" "-"
216.73.217.0 - - [29/Aug/2026:06:36:31 +0200] "GET /?h=63798445509 HTTP/1.1" 200 194027 typfit.de "-" "Mozilla/5.0 AppleWebKit/537.36 (KHTML, like Gecko; compatible; ClaudeBot/1.0; +claudebot@anthropic.com)" "-"
45.3.49.0 - - [29/Aug/2026:06:36:36 +0200] "GET /wp-login.php HTTP/1.1" 200 61004 typfit.de "-" "Mozilla/5.0 (compatible; MyApp/1.0)" "-"
216.73.217.0 - - [29/Aug/2026:06:36:36 +0200] "GET /?k=49731131976 HTTP/1.1" 200 194027 typfit.de "-" "Mozilla/5.0 AppleWebKit/537.36 (KHTML, like Gecko; compatible; ClaudeBot/1.0; +claudebot@anthropic.com)" "-"
216.73.217.0 - - [29/Aug/2026:06:36:41 +0200] "GET /?h=2304735983 HTTP/1.1" 200 194027 typfit.de "-" "Mozilla/5.0 AppleWebKit/537.36 (KHTML, like Gecko; compatible; ClaudeBot/1.0; +claudebot@anthropic.com)" "-"
216.73.217.0 - - [29/Aug/2026:06:36:46 +0200] "GET /?i=23273063765 HTTP/1.1" 200 194027 typfit.de "-" "Mozilla/5.0 AppleWebKit/537.36 (KHTML, like Gecko; compatible; ClaudeBot/1.0; +claudebot@anthropic.com)" "-"
45.3.49.0 - - [29/Aug/2026:06:36:48 +0200] "POST /wp-login.php HTTP/1.1" 302 52108 typfit.de "-" "Mozilla/5.0 (compatible; MyApp/1.0)" "-"
45.3.49.0 - - [29/Aug/2026:06:36:50 +0200] "GET /wp-login.php?redirect_to=%2Fwp-admin%2F&action=confirm_admin_email&wp_lang=de_DE HTTP/1.1" 200 54177 typfit.de "-" "Mozilla/5.0 (compatible; MyApp/1.0)" "-"
45.3.49.0 - - [29/Aug/2026:06:36:52 +0200] "GET /wp-admin/admin-ajax.php?action=rest-nonce HTTP/1.1" 200 49722 typfit.de "-" "Mozilla/5.0 (compatible; MyApp/1.0)" "-"
2a03:2880:f800:: - - [29/Aug/2026:06:36:56 +0200] "GET /?p=%2Fusr%2Fbin&edit=1&path=%2Fusr%2Fbin%2Fobjcopy HTTP/1.1" 429 267 typfit.de "-" "Mozilla/5.0 (Windows NT 10.0; Win64; x64) AppleWebKit/537.36 (KHTML, like Gecko) Chrome/145.0.0.0 Safari/537.36 (compatible; meta-externalagent/1.1 (+https://developers.facebook.com/docs/sharing/webmasters/crawler))" "-"
216.73.217.0 - - [29/Aug/2026:06:36:56 +0200] "GET /?i=59701946087 HTTP/1.1" 200 194027 typfit.de "-" "Mozilla/5.0 AppleWebKit/537.36 (KHTML, like Gecko; compatible; ClaudeBot/1.0; +claudebot@anthropic.com)" "-"
216.73.217.0 - - [29/Aug/2026:06:36:56 +0200] "GET /?k=29075279687 HTTP/1.1" 200 194027 typfit.de "-" "Mozilla/5.0 AppleWebKit/537.36 (KHTML, like Gecko; compatible; ClaudeBot/1.0; +claudebot@anthropic.com)" "-"
216.73.217.0 - - [29/Aug/2026:06:36:58 +0200] "GET /?n=99254691361 HTTP/1.1" 200 194027 typfit.de "-" "Mozilla/5.0 AppleWebKit/537.36 (KHTML, like Gecko; compatible; ClaudeBot/1.0; +claudebot@anthropic.com)" "-"
2a03:2880:f800:: - - [29/Aug/2026:06:36:59 +0200] "GET /?download=1&path=%2Fusr%2Fbin%2Far HTTP/1.1" 429 267 typfit.de "-" "Mozilla/5.0 (Windows NT 10.0; Win64; x64) AppleWebKit/537.36 (KHTML, like Gecko) Chrome/145.0.0.0 Safari/537.36 (compatible; meta-externalagent/1.1 (+https://developers.facebook.com/docs/sharing/webmasters/crawler))" "-"
2a03:2880:f800:: - - [29/Aug/2026:06:36:59 +0200] "GET /?download=1&path=%2Fusr%2Fbin%2Fdb5.3_dump HTTP/1.1" 429 267 typfit.de "-" "Mozilla/5.0 (Windows NT 10.0; Win64; x64) AppleWebKit/537.36 (KHTML, like Gecko) Chrome/144.0.0.0 Safari/537.36 Edg/144.0.0.0 (compatible; meta-externalagent/1.1 (+https://developers.facebook.com/docs/sharing/webmasters/crawler))" "-"
216.73.217.0 - - [29/Aug/2026:06:36:59 +0200] "GET /?j=98992338830 HTTP/1.1" 200 194027 typfit.de "-" "Mozilla/5.0 AppleWebKit/537.36 (KHTML, like Gecko; compatible; ClaudeBot/1.0; +claudebot@anthropic.com)" "-"
216.73.217.0 - - [29/Aug/2026:06:37:01 +0200] "GET /?i=29479284197 HTTP/1.1" 200 194027 typfit.de "-" "Mozilla/5.0 AppleWebKit/537.36 (KHTML, like Gecko; compatible; ClaudeBot/1.0; +claudebot@anthropic.com)" "-"
216.73.217.0 - - [29/Aug/2026:06:37:01 +0200] "GET /?z=95471705753 HTTP/1.1" 200 194027 typfit.de "-" "Mozilla/5.0 AppleWebKit/537.36 (KHTML, like Gecko; compatible; ClaudeBot/1.0; +claudebot@anthropic.com)" "-"
216.73.217.0 - - [29/Aug/2026:06:37:03 +0200] "GET /?z=35192563042 HTTP/1.1" 200 194027 typfit.de "-" "Mozilla/5.0 AppleWebKit/537.36 (KHTML, like Gecko; compatible; ClaudeBot/1.0; +claudebot@anthropic.com)" "-"
216.73.217.0 - - [29/Aug/2026:06:37:03 +0200] "GET /?i=87623147126 HTTP/1.1" 200 194027 typfit.de "-" "Mozilla/5.0 AppleWebKit/537.36 (KHTML, like Gecko; compatible; ClaudeBot/1.0; +claudebot@anthropic.com)" "-"
2a03:2880:f800:: - - [29/Aug/2026:06:37:04 +0200] "GET /?p=%2Fusr%2Fbin&edit=1&path=%2Fusr%2Fbin%2Fpbmtoppa HTTP/1.1" 429 267 typfit.de "-" "Mozilla/5.0 (Windows NT 10.0; Win64; x64) AppleWebKit/537.36 (KHTML, like Gecko) Chrome/145.0.0.0 Safari/537.36 Edg/145.0.0.0 (compatible; meta-externalagent/1.1 (+https://developers.facebook.com/docs/sharing/webmasters/crawler))" "-"
216.73.217.0 - - [29/Aug/2026:06:37:05 +0200] "GET /?h=17921732740 HTTP/1.1" 200 194027 typfit.de "-" "Mozilla/5.0 AppleWebKit/537.36 (KHTML, like Gecko; compatible; ClaudeBot/1.0; +claudebot@anthropic.com)" "-"
216.73.217.0 - - [29/Aug/2026:06:37:05 +0200] "GET /?h=31607250515 HTTP/1.1" 200 194027 typfit.de "-" "Mozilla/5.0 AppleWebKit/537.36 (KHTML, like Gecko; compatible; ClaudeBot/1.0; +claudebot@anthropic.com)" "-"
216.73.217.0 - - [29/Aug/2026:06:37:07 +0200] "GET /?h=81612210249 HTTP/1.1" 200 194027 typfit.de "-" "Mozilla/5.0 AppleWebKit/537.36 (KHTML, like Gecko; compatible; ClaudeBot/1.0; +claudebot@anthropic.com)" "-"
216.73.217.0 - - [29/Aug/2026:06:37:07 +0200] "GET /?k=12889881626 HTTP/1.1" 200 194027 typfit.de "-" "Mozilla/5.0 AppleWebKit/537.36 (KHTML, like Gecko; compatible; ClaudeBot/1.0; +claudebot@anthropic.com)" "-"
2a03:2880:f800:: - - [29/Aug/2026:06:37:08 +0200] "GET /?i=13902323268 HTTP/1.1" 429 267 typfit.de "-" "Mozilla/5.0 (X11; Linux x86_64) AppleWebKit/537.36 (KHTML, like Gecko) Chrome/145.0.0.0 Safari/537.36 (compatible; meta-externalagent/1.1 (+https://developers.facebook.com/docs/sharing/webmasters/crawler))" "-"
216.73.217.0 - - [29/Aug/2026:06:37:09 +0200] "GET /?k=24319815279 HTTP/1.1" 429 267 typfit.de "-" "Mozilla/5.0 AppleWebKit/537.36 (KHTML, like Gecko; compatible; ClaudeBot/1.0; +claudebot@anthropic.com)" "-"
216.73.217.0 - - [29/Aug/2026:06:37:09 +0200] "GET /?n=68665132761 HTTP/1.1" 429 267 typfit.de "-" "Mozilla/5.0 AppleWebKit/537.36 (KHTML, like Gecko; compatible; ClaudeBot/1.0; +claudebot@anthropic.com)" "-"
216.73.217.0 - - [29/Aug/2026:06:37:10 +0200] "GET /?j=78535628815 HTTP/1.1" 429 267 typfit.de "-" "Mozilla/5.0 AppleWebKit/537.36 (KHTML, like Gecko; compatible; ClaudeBot/1.0; +claudebot@anthropic.com)" "-"
2a03:2880:f800:: - - [29/Aug/2026:06:37:13 +0200] "GET /?b=34949255825 HTTP/1.1" 429 267 typfit.de "-" "Mozilla/5.0 (Macintosh; Intel Mac OS X 10_15_7) AppleWebKit/537.36 (KHTML, like Gecko) Chrome/145.0.0.0 Safari/537.36 (compatible; meta-externalagent/1.1 (+https://developers.facebook.com/docs/sharing/webmasters/crawler))" "-"
216.73.217.0 - - [29/Aug/2026:06:37:15 +0200] "GET /?h=64886134634 HTTP/1.1" 429 267 typfit.de "-" "Mozilla/5.0 AppleWebKit/537.36 (KHTML, like Gecko; compatible; ClaudeBot/1.0; +claudebot@anthropic.com)" "-"
216.73.217.0 - - [29/Aug/2026:06:37:20 +0200] "GET /?z=62353839587 HTTP/1.1" 429 267 typfit.de "-" "Mozilla/5.0 AppleWebKit/537.36 (KHTML, like Gecko; compatible; ClaudeBot/1.0; +claudebot@anthropic.com)" "-"
216.73.217.0 - - [29/Aug/2026:06:37:25 +0200] "GET /?z=58871002617 HTTP/1.1" 429 267 typfit.de "-" "Mozilla/5.0 AppleWebKit/537.36 (KHTML, like Gecko; compatible; ClaudeBot/1.0; +claudebot@anthropic.com)" "-"
216.73.217.0 - - [29/Aug/2026:06:37:30 +0200] "GET /?j=77554407230 HTTP/1.1" 429 267 typfit.de "-" "Mozilla/5.0 AppleWebKit/537.36 (KHTML, like Gecko; compatible; ClaudeBot/1.0; +claudebot@anthropic.com)" "-"
216.73.217.0 - - [29/Aug/2026:06:37:35 +0200] "GET /?i=48918261411 HTTP/1.1" 429 267 typfit.de "-" "Mozilla/5.0 AppleWebKit/537.36 (KHTML, like Gecko; compatible; ClaudeBot/1.0; +claudebot@anthropic.com)" "-"
216.73.217.0 - - [29/Aug/2026:06:37:40 +0200] "GET /?i=45114033624 HTTP/1.1" 429 267 typfit.de "-" "Mozilla/5.0 AppleWebKit/537.36 (KHTML, like Gecko; compatible; ClaudeBot/1.0; +claudebot@anthropic.com)" "-"
216.73.217.0 - - [29/Aug/2026:06:37:45 +0200] "GET /?i=96310917523 HTTP/1.1" 429 267 typfit.de "-" "Mozilla/5.0 AppleWebKit/537.36 (KHTML, like Gecko; compatible; ClaudeBot/1.0; +claudebot@anthropic.com)" "-"
216.73.217.0 - - [29/Aug/2026:06:37:50 +0200] "GET /?j=44815691235 HTTP/1.1" 429 267 typfit.de "-" "Mozilla/5.0 AppleWebKit/537.36 (KHTML, like Gecko; compatible; ClaudeBot/1.0; +claudebot@anthropic.com)" "-"
2a03:2880:f800:: - - [29/Aug/2026:06:37:57 +0200] "GET /?v=9495437001 HTTP/1.1" 200 194027 typfit.de "-" "Mozilla/5.0 (Windows NT 10.0; Win64; x64) AppleWebKit/537.36 (KHTML, like Gecko) Chrome/145.0.0.0 Safari/537.36 Edg/145.0.0.0 (compatible; meta-externalagent/1.1 (+https://developers.facebook.com/docs/sharing/webmasters/crawler))" "-"
216.73.217.0 - - [29/Aug/2026:06:37:59 +0200] "GET /?j=55992879911 HTTP/1.1" 429 267 typfit.de "-" "Mozilla/5.0 AppleWebKit/537.36 (KHTML, like Gecko; compatible; ClaudeBot/1.0; +claudebot@anthropic.com)" "-"
216.73.217.0 - - [29/Aug/2026:06:38:00 +0200] "GET /?j=79123088844 HTTP/1.1" 429 267 typfit.de "-" "Mozilla/5.0 AppleWebKit/537.36 (KHTML, like Gecko; compatible; ClaudeBot/1.0; +claudebot@anthropic.com)" "-"
2a03:2880:f800:: - - [29/Aug/2026:06:38:02 +0200] "GET /?b=63941851798 HTTP/1.1" 200 194027 typfit.de "-" "Mozilla/5.0 (X11; Linux x86_64) AppleWebKit/537.36 (KHTML, like Gecko) Chrome/145.0.0.0 Safari/537.36 (compatible; meta-externalagent/1.1 (+https://developers.facebook.com/docs/sharing/webmasters/crawler))" "-"
216.73.217.0 - - [29/Aug/2026:06:38:05 +0200] "GET /?n=85320242446 HTTP/1.1" 429 267 typfit.de "-" "Mozilla/5.0 AppleWebKit/537.36 (KHTML, like Gecko; compatible; ClaudeBot/1.0; +claudebot@anthropic.com)" "-"
216.73.217.0 - - [29/Aug/2026:06:38:10 +0200] "GET /?h=95566887797 HTTP/1.1" 200 194027 typfit.de "-" "Mozilla/5.0 AppleWebKit/537.36 (KHTML, like Gecko; compatible; ClaudeBot/1.0; +claudebot@anthropic.com)" "-"
2a03:2880:f800:: - - [29/Aug/2026:06:38:17 +0200] "GET /?download=1&path=%2Fusr%2Fbin%2Fx86_64-linux-gnu-gcov-tool HTTP/1.1" 200 266009 typfit.de "-" "Mozilla/5.0 (Windows NT 10.0; Win64; x64) AppleWebKit/537.36 (KHTML, like Gecko) Chrome/145.0.0.0 Safari/537.36 (compatible; meta-externalagent/1.1 (+https://developers.facebook.com/docs/sharing/webmasters/crawler))" "-"
216.73.217.0 - - [29/Aug/2026:06:38:19 +0200] "GET /?h=31259582646 HTTP/1.1" 200 194027 typfit.de "-" "Mozilla/5.0 AppleWebKit/537.36 (KHTML, like Gecko; compatible; ClaudeBot/1.0; +claudebot@anthropic.com)" "-"
2a03:2880:f800:: - - [29/Aug/2026:06:38:27 +0200] "GET /?r=87767128960 HTTP/1.1" 200 194027 typfit.de "-" "Mozilla/5.0 (Windows NT 10.0; Win64; x64) AppleWebKit/537.36 (KHTML, like Gecko) Chrome/145.0.0.0 Safari/537.36 (compatible; meta-externalagent/1.1 (+https://developers.facebook.com/docs/sharing/webmasters/crawler))" "-"
216.73.217.0 - - [29/Aug/2026:06:38:38 +0200] "GET /?j=29982567023 HTTP/1.1" 200 194027 typfit.de "-" "Mozilla/5.0 AppleWebKit/537.36 (KHTML, like Gecko; compatible; ClaudeBot/1.0; +claudebot@anthropic.com)" "-"
2a03:2880:f800:: - - [29/Aug/2026:06:38:39 +0200] "GET /?b=47320349956 HTTP/1.1" 200 194027 typfit.de "-" "Mozilla/5.0 (Windows NT 10.0; Win64; x64) AppleWebKit/537.36 (KHTML, like Gecko) Chrome/145.0.0.0 Safari/537.36 (compatible; meta-externalagent/1.1 (+https://developers.facebook.com/docs/sharing/webmasters/crawler))" "-"
216.73.217.0 - - [29/Aug/2026:06:38:41 +0200] "GET /?j=11380256696 HTTP/1.1" 200 194027 typfit.de "-" "Mozilla/5.0 AppleWebKit/537.36 (KHTML, like Gecko; compatible; ClaudeBot/1.0; +claudebot@anthropic.com)" "-"
216.73.217.0 - - [29/Aug/2026:06:38:46 +0200] "GET /?z=35738576074 HTTP/1.1" 200 194027 typfit.de "-" "Mozilla/5.0 AppleWebKit/537.36 (KHTML, like Gecko; compatible; ClaudeBot/1.0; +claudebot@anthropic.com)" "-"
216.73.217.0 - - [29/Aug/2026:06:38:51 +0200] "GET /?h=92692950536 HTTP/1.1" 200 194027 typfit.de "-" "Mozilla/5.0 AppleWebKit/537.36 (KHTML, like Gecko; compatible; ClaudeBot/1.0; +claudebot@anthropic.com)" "-"
2a03:2880:f800:: - - [29/Aug/2026:06:38:54 +0200] "GET /?i=97069915789 HTTP/1.1" 200 194027 typfit.de "-" "Mozilla/5.0 (Windows NT 10.0; Win64; x64) AppleWebKit/537.36 (KHTML, like Gecko) Chrome/145.0.0.0 Safari/537.36 (compatible; meta-externalagent/1.1 (+https://developers.facebook.com/docs/sharing/webmasters/crawler))" "-"
216.73.217.0 - - [29/Aug/2026:06:38:55 +0200] "GET /?h=84348532370 HTTP/1.1" 200 194027 typfit.de "-" "Mozilla/5.0 AppleWebKit/537.36 (KHTML, like Gecko; compatible; ClaudeBot/1.0; +claudebot@anthropic.com)" "-"
216.73.217.0 - - [29/Aug/2026:06:39:00 +0200] "GET /?k=61066438984 HTTP/1.1" 200 194027 typfit.de "-" "Mozilla/5.0 AppleWebKit/537.36 (KHTML, like Gecko; compatible; ClaudeBot/1.0; +claudebot@anthropic.com)" "-"
2a03:2880:f800:: - - [29/Aug/2026:06:39:04 +0200] "GET /?k=51885977979 HTTP/1.1" 200 194027 typfit.de "-" "Mozilla/5.0 (Windows NT 10.0; Win64; x64) AppleWebKit/537.36 (KHTML, like Gecko) Chrome/145.0.0.0 Safari/537.36 (compatible; meta-externalagent/1.1 (+https://developers.facebook.com/docs/sharing/webmasters/crawler))" "-"
216.73.217.0 - - [29/Aug/2026:06:39:05 +0200] "GET /?h=24019627346 HTTP/1.1" 200 194027 typfit.de "-" "Mozilla/5.0 AppleWebKit/537.36 (KHTML, like Gecko; compatible; ClaudeBot/1.0; +claudebot@anthropic.com)" "-"
2a03:2880:f800:: - - [29/Aug/2026:06:39:08 +0200] "GET /?j=99551172369 HTTP/1.1" 200 194027 typfit.de "-" "Mozilla/5.0 (Windows NT 10.0; Win64; x64) AppleWebKit/537.36 (KHTML, like Gecko) Chrome/145.0.0.0 Safari/537.36 (compatible; meta-externalagent/1.1 (+https://developers.facebook.com/docs/sharing/webmasters/crawler))" "-"
216.73.217.0 - - [29/Aug/2026:06:39:10 +0200] "GET /?z=76213903842 HTTP/1.1" 200 194027 typfit.de "-" "Mozilla/5.0 AppleWebKit/537.36 (KHTML, like Gecko; compatible; ClaudeBot/1.0; +claudebot@anthropic.com)" "-"
216.73.217.0 - - [29/Aug/2026:06:39:15 +0200] "GET /?h=30094268305 HTTP/1.1" 200 194027 typfit.de "-" "Mozilla/5.0 AppleWebKit/537.36 (KHTML, like Gecko; compatible; ClaudeBot/1.0; +claudebot@anthropic.com)" "-"
216.73.217.0 - - [29/Aug/2026:06:39:20 +0200] "GET /?i=51785126215 HTTP/1.1" 200 194027 typfit.de "-" "Mozilla/5.0 AppleWebKit/537.36 (KHTML, like Gecko; compatible; ClaudeBot/1.0; +claudebot@anthropic.com)" "-"
2a03:2880:f800:: - - [29/Aug/2026:06:39:24 +0200] "GET /?i=46951654836 HTTP/1.1" 200 194027 typfit.de "-" "Mozilla/5.0 (Windows NT 10.0; Win64; x64) AppleWebKit/537.36 (KHTML, like Gecko) Chrome/145.0.0.0 Safari/537.36 (compatible; meta-externalagent/1.1 (+https://developers.facebook.com/docs/sharing/webmasters/crawler))" "-"
216.73.217.0 - - [29/Aug/2026:06:39:25 +0200] "GET /?h=7947641181 HTTP/1.1" 200 194027 typfit.de "-" "Mozilla/5.0 AppleWebKit/537.36 (KHTML, like Gecko; compatible; ClaudeBot/1.0; +claudebot@anthropic.com)" "-"
2a03:2880:f800:: - - [29/Aug/2026:06:39:29 +0200] "GET /?v=83673058052 HTTP/1.1" 200 194027 typfit.de "-" "Mozilla/5.0 (Windows NT 10.0; Win64; x64) AppleWebKit/537.36 (KHTML, like Gecko) Chrome/145.0.0.0 Safari/537.36 (compatible; meta-externalagent/1.1 (+https://developers.facebook.com/docs/sharing/webmasters/crawler))" "-"
216.73.217.0 - - [29/Aug/2026:06:39:30 +0200] "GET /?j=12599800828 HTTP/1.1" 200 194027 typfit.de "-" "Mozilla/5.0 AppleWebKit/537.36 (KHTML, like Gecko; compatible; ClaudeBot/1.0; +claudebot@anthropic.com)" "-"
216.73.217.0 - - [29/Aug/2026:06:39:35 +0200] "GET /?n=21157941300 HTTP/1.1" 200 194027 typfit.de "-" "Mozilla/5.0 AppleWebKit/537.36 (KHTML, like Gecko; compatible; ClaudeBot/1.0; +claudebot@anthropic.com)" "-"
216.73.217.0 - - [29/Aug/2026:06:39:40 +0200] "GET /?h=25247369203 HTTP/1.1" 200 194027 typfit.de "-" "Mozilla/5.0 AppleWebKit/537.36 (KHTML, like Gecko; compatible; ClaudeBot/1.0; +claudebot@anthropic.com)" "-"
2a03:2880:f800:: - - [29/Aug/2026:06:39:45 +0200] "GET /?k=72471993529 HTTP/1.1" 200 194027 typfit.de "-" "Mozilla/5.0 (Windows NT 10.0; Win64; x64) AppleWebKit/537.36 (KHTML, like Gecko) Chrome/145.0.0.0 Safari/537.36 (compatible; meta-externalagent/1.1 (+https://developers.facebook.com/docs/sharing/webmasters/crawler))" "-"
216.73.217.0 - - [29/Aug/2026:06:39:45 +0200] "GET /?j=66559633126 HTTP/1.1" 200 194027 typfit.de "-" "Mozilla/5.0 AppleWebKit/537.36 (KHTML, like Gecko; compatible; ClaudeBot/1.0; +claudebot@anthropic.com)" "-"
216.73.217.0 - - [29/Aug/2026:06:39:52 +0200] "GET /?i=86788241890 HTTP/1.1" 200 194027 typfit.de "-" "Mozilla/5.0 AppleWebKit/537.36 (KHTML, like Gecko; compatible; ClaudeBot/1.0; +claudebot@anthropic.com)" "-"
43.157.153.0 - - [29/Aug/2026:06:39:52 +0200] "GET /?p=%2F HTTP/1.1" 200 192161 typfit.de "-" "Mozilla/5.0 (iPhone; CPU iPhone OS 13_2_3 like Mac OS X) AppleWebKit/605.1.15 (KHTML, like Gecko) Version/13.0.3 Mobile/15E148 Safari/604.1" "-"
216.73.217.0 - - [29/Aug/2026:06:39:56 +0200] "GET /?i=84542573414 HTTP/1.1" 200 194027 typfit.de "-" "Mozilla/5.0 AppleWebKit/537.36 (KHTML, like Gecko; compatible; ClaudeBot/1.0; +claudebot@anthropic.com)" "-"
216.73.217.0 - - [29/Aug/2026:06:40:01 +0200] "GET /?h=73491984759 HTTP/1.1" 200 194027 typfit.de "-" "Mozilla/5.0 AppleWebKit/537.36 (KHTML, like Gecko; compatible; ClaudeBot/1.0; +claudebot@anthropic.com)" "-"
216.73.217.0 - - [29/Aug/2026:06:40:06 +0200] "GET /?k=88370608857 HTTP/1.1" 429 267 typfit.de "-" "Mozilla/5.0 AppleWebKit/537.36 (KHTML, like Gecko; compatible; ClaudeBot/1.0; +claudebot@anthropic.com)" "-"
2a03:2880:f800:: - - [29/Aug/2026:06:40:06 +0200] "GET /?k=36617962271 HTTP/1.1" 200 194027 typfit.de "-" "Mozilla/5.0 (Macintosh; Intel Mac OS X 10_15_7) AppleWebKit/537.36 (KHTML, like Gecko) Chrome/145.0.0.0 Safari/537.36 (compatible; meta-externalagent/1.1 (+https://developers.facebook.com/docs/sharing/webmasters/crawler))" "-"
216.73.217.0 - - [29/Aug/2026:06:40:11 +0200] "GET /?k=51801822851 HTTP/1.1" 429 267 typfit.de "-" "Mozilla/5.0 AppleWebKit/537.36 (KHTML, like Gecko; compatible; ClaudeBot/1.0; +claudebot@anthropic.com)" "-"
2a03:2880:f800:: - - [29/Aug/2026:06:40:13 +0200] "GET /?o=88608604938 HTTP/1.1" 200 194027 typfit.de "-" "Mozilla/5.0 (Macintosh; Intel Mac OS X 10_15_7) AppleWebKit/537.36 (KHTML, like Gecko) Chrome/145.0.0.0 Safari/537.36 (compatible; meta-externalagent/1.1 (+https://developers.facebook.com/docs/sharing/webmasters/crawler))" "-"
216.73.217.0 - - [29/Aug/2026:06:40:17 +0200] "GET /?z=23941462510 HTTP/1.1" 429 267 typfit.de "-" "Mozilla/5.0 AppleWebKit/537.36 (KHTML, like Gecko; compatible; ClaudeBot/1.0; +claudebot@anthropic.com)" "-"
216.73.217.0 - - [29/Aug/2026:06:40:21 +0200] "GET /?i=96977007667 HTTP/1.1" 429 267 typfit.de "-" "Mozilla/5.0 AppleWebKit/537.36 (KHTML, like Gecko; compatible; ClaudeBot/1.0; +claudebot@anthropic.com)" "-"
216.73.217.0 - - [29/Aug/2026:06:40:26 +0200] "GET /?h=29697813363 HTTP/1.1" 429 267 typfit.de "-" "Mozilla/5.0 AppleWebKit/537.36 (KHTML, like Gecko; compatible; ClaudeBot/1.0; +claudebot@anthropic.com)" "-"
2a03:2880:f800:: - - [29/Aug/2026:06:40:26 +0200] "GET /?k=20512019885 HTTP/1.1" 200 194027 typfit.de "-" "Mozilla/5.0 (X11; Linux x86_64) AppleWebKit/537.36 (KHTML, like Gecko) Chrome/145.0.0.0 Safari/537.36 (compatible; meta-externalagent/1.1 (+https://developers.facebook.com/docs/sharing/webmasters/crawler))" "-"
66.249.70.0 - - [29/Aug/2026:06:40:28 +0200] "GET /shop.php?shop/items/S148501728 HTTP/1.1" 200 202799 typfit.de "-" "Mozilla/5.0 (Linux; Android 6.0.1; Nexus 5X Build/MMB29P) AppleWebKit/537.36 (KHTML, like Gecko) Chrome/151.0.7922.173 Mobile Safari/537.36 (compatible; Googlebot/2.1; +http://www.google.com/bot.html)" "-"
216.73.217.0 - - [29/Aug/2026:06:40:31 +0200] "GET /?z=72426608416 HTTP/1.1" 429 267 typfit.de "-" "Mozilla/5.0 AppleWebKit/537.36 (KHTML, like Gecko; compatible; ClaudeBot/1.0; +claudebot@anthropic.com)" "-"
216.73.217.0 - - [29/Aug/2026:06:40:36 +0200] "GET /?j=10018014799 HTTP/1.1" 429 267 typfit.de "-" "Mozilla/5.0 AppleWebKit/537.36 (KHTML, like Gecko; compatible; ClaudeBot/1.0; +claudebot@anthropic.com)" "-"
2a03:2880:f800:: - - [29/Aug/2026:06:40:38 +0200] "GET /?p=%2Fusr%2Fbin&edit=1&path=%2Fusr%2Fbin%2Fdircolors HTTP/1.1" 200 172016 typfit.de "-" "Mozilla/5.0 (Windows NT 10.0; Win64; x64) AppleWebKit/537.36 (KHTML, like Gecko) Chrome/145.0.0.0 Safari/537.36 (compatible; meta-externalagent/1.1 (+https://developers.facebook.com/docs/sharing/webmasters/crawler))" "-"
216.73.217.0 - - [29/Aug/2026:06:40:42 +0200] "GET /?i=42026011712 HTTP/1.1" 429 267 typfit.de "-" "Mozilla/5.0 AppleWebKit/537.36 (KHTML, like Gecko; compatible; ClaudeBot/1.0; +claudebot@anthropic.com)" "-"
216.73.217.0 - - [29/Aug/2026:06:40:50 +0200] "GET /?z=64569850917 HTTP/1.1" 429 267 typfit.de "-" "Mozilla/5.0 AppleWebKit/537.36 (KHTML, like Gecko; compatible; ClaudeBot/1.0; +claudebot@anthropic.com)" "-"
216.73.217.0 - - [29/Aug/2026:06:40:51 +0200] "GET /?j=45792942042 HTTP/1.1" 429 267 typfit.de "-" "Mozilla/5.0 AppleWebKit/537.36 (KHTML, like Gecko; compatible; ClaudeBot/1.0; +claudebot@anthropic.com)" "-"
2a03:2880:f800:: - - [29/Aug/2026:06:40:51 +0200] "GET /?download=1&path=%2Fusr%2Fbin%2Fbmptoppm HTTP/1.1" 200 14473 typfit.de "-" "Mozilla/5.0 (Windows NT 10.0; Win64; x64) AppleWebKit/537.36 (KHTML, like Gecko) Chrome/145.0.0.0 Safari/537.36 (compatible; meta-externalagent/1.1 (+https://developers.facebook.com/docs/sharing/webmasters/crawler))" "-"
2a03:2880:f800:: - - [29/Aug/2026:06:40:54 +0200] "GET /?download=1&path=%2Fusr%2Fbin%2Fping6 HTTP/1.1" 200 39681 typfit.de "-" "Mozilla/5.0 (Windows NT 10.0; Win64; x64) AppleWebKit/537.36 (KHTML, like Gecko) Chrome/145.0.0.0 Safari/537.36 (compatible; meta-externalagent/1.1 (+https://developers.facebook.com/docs/sharing/webmasters/crawler))" "-"
216.73.217.0 - - [29/Aug/2026:06:40:56 +0200] "GET /?j=86315024613 HTTP/1.1" 429 267 typfit.de "-" "Mozilla/5.0 AppleWebKit/537.36 (KHTML, like Gecko; compatible; ClaudeBot/1.0; +claudebot@anthropic.com)" "-"
2a03:2880:f800:: - - [29/Aug/2026:06:40:56 +0200] "GET /?p=%2Fusr%2Fbin&edit=1&path=%2Fusr%2Fbin%2Ftsort HTTP/1.1" 200 171988 typfit.de "-" "Mozilla/5.0 (Windows NT 10.0; Win64; x64) AppleWebKit/537.36 (KHTML, like Gecko) Chrome/145.0.0.0 Safari/537.36 (compatible; meta-externalagent/1.1 (+https://developers.facebook.com/docs/sharing/webmasters/crawler))" "-"
2a03:2880:f800:: - - [29/Aug/2026:06:40:59 +0200] "GET /?download=1&path=%2Fusr%2Fbin%2Fischroot HTTP/1.1" 200 14609 typfit.de "-" "Mozilla/5.0 (Macintosh; Intel Mac OS X 10_15_7) AppleWebKit/537.36 (KHTML, like Gecko) Chrome/145.0.0.0 Safari/537.36 (compatible; meta-externalagent/1.1 (+https://developers.facebook.com/docs/sharing/webmasters/crawler))" "-"
216.73.217.0 - - [29/Aug/2026:06:41:01 +0200] "GET /?i=13814676621 HTTP/1.1" 429 267 typfit.de "-" "Mozilla/5.0 AppleWebKit/537.36 (KHTML, like Gecko; compatible; ClaudeBot/1.0; +claudebot@anthropic.com)" "-"
216.73.217.0 - - [29/Aug/2026:06:41:06 +0200] "GET /?j=52729040144 HTTP/1.1" 200 194027 typfit.de "-" "Mozilla/5.0 AppleWebKit/537.36 (KHTML, like Gecko; compatible; ClaudeBot/1.0; +claudebot@anthropic.com)" "-"
2a03:2880:f800:: - - [29/Aug/2026:06:41:14 +0200] "GET / HTTP/1.1" 200 194433 typfit.de "-" "facebookexternalhit/1.1 (+http://www.facebook.com/externalhit_uatext.php)" "-"
216.73.217.0 - - [29/Aug/2026:06:41:15 +0200] "GET /?j=84662242826 HTTP/1.1" 200 194027 typfit.de "-" "Mozilla/5.0 AppleWebKit/537.36 (KHTML, like Gecko; compatible; ClaudeBot/1.0; +claudebot@anthropic.com)" "-"
216.73.217.0 - - [29/Aug/2026:06:41:19 +0200] "GET /?h=15521078785 HTTP/1.1" 200 194027 typfit.de "-" "Mozilla/5.0 AppleWebKit/537.36 (KHTML, like Gecko; compatible; ClaudeBot/1.0; +claudebot@anthropic.com)" "-"
216.73.217.0 - - [29/Aug/2026:06:41:21 +0200] "GET /?o=2490983018 HTTP/1.1" 200 194027 typfit.de "-" "Mozilla/5.0 AppleWebKit/537.36 (KHTML, like Gecko; compatible; ClaudeBot/1.0; +claudebot@anthropic.com)" "-"
216.73.217.0 - - [29/Aug/2026:06:41:26 +0200] "GET /?n=52972299857 HTTP/1.1" 200 194027 typfit.de "-" "Mozilla/5.0 AppleWebKit/537.36 (KHTML, like Gecko; compatible; ClaudeBot/1.0; +claudebot@anthropic.com)" "-"
2a03:2880:f800:: - - [29/Aug/2026:06:41:28 +0200] "GET /?j=1798349247 HTTP/1.1" 200 194027 typfit.de "-" "Mozilla/5.0 (Windows NT 10.0; Win64; x64) AppleWebKit/537.36 (KHTML, like Gecko) Chrome/145.0.0.0 Safari/537.36 (compatible; meta-externalagent/1.1 (+https://developers.facebook.com/docs/sharing/webmasters/crawler))" "-"
2a03:2880:f800:: - - [29/Aug/2026:06:41:31 +0200] "GET /?p=%2Fusr%2Fbin&edit=1&path=%2Fusr%2Fbin%2Fcomposite HTTP/1.1" 429 267 typfit.de "-" "Mozilla/5.0 (Windows NT 10.0; Win64; x64) AppleWebKit/537.36 (KHTML, like Gecko) Chrome/145.0.0.0 Safari/537.36 (compatible; meta-externalagent/1.1 (+https://developers.facebook.com/docs/sharing/webmasters/crawler))" "-"
216.73.217.0 - - [29/Aug/2026:06:41:31 +0200] "GET /?b=76368526789 HTTP/1.1" 200 194027 typfit.de "-" "Mozilla/5.0 AppleWebKit/537.36 (KHTML, like Gecko; compatible; ClaudeBot/1.0; +claudebot@anthropic.com)" "-"
2a03:2880:f800:: - - [29/Aug/2026:06:41:33 +0200] "GET /?p=%2Fusr%2Fbin&edit=1&path=%2Fusr%2Fbin%2Fmariadb-slap HTTP/1.1" 429 267 typfit.de "-" "Mozilla/5.0 (Windows NT 10.0; Win64; x64) AppleWebKit/537.36 (KHTML, like Gecko) Chrome/145.0.0.0 Safari/537.36 (compatible; meta-externalagent/1.1 (+https://developers.facebook.com/docs/sharing/webmasters/crawler))" "-"
2a03:2880:f800:: - - [29/Aug/2026:06:41:34 +0200] "GET /?p=%2Fusr%2Fbin&edit=1&path=%2Fusr%2Fbin%2Flogin HTTP/1.1" 429 267 typfit.de "-" "Mozilla/5.0 (Windows NT 10.0; Win64; x64) AppleWebKit/537.36 (KHTML, like Gecko) Chrome/145.0.0.0 Safari/537.36 (compatible; meta-externalagent/1.1 (+https://developers.facebook.com/docs/sharing/webmasters/crawler))" "-"
2a03:2880:f800:: - - [29/Aug/2026:06:41:36 +0200] "GET /?p=%2Fusr%2Fbin&edit=1&path=%2Fusr%2Fbin%2Fgcc-ranlib-10 HTTP/1.1" 429 267 typfit.de "-" "Mozilla/5.0 (Windows NT 10.0; Win64; x64) AppleWebKit/537.36 (KHTML, like Gecko) Chrome/145.0.0.0 Safari/537.36 (compatible; meta-externalagent/1.1 (+https://developers.facebook.com/docs/sharing/webmasters/crawler))" "-"
2a03:2880:f800:: - - [29/Aug/2026:06:41:37 +0200] "GET /?p=%2Fusr%2Fbin&edit=1&path=%2Fusr%2Fbin%2Fm4 HTTP/1.1" 429 267 typfit.de "-" "Mozilla/5.0 (Macintosh; Intel Mac OS X 10_15_7) AppleWebKit/537.36 (KHTML, like Gecko) Chrome/145.0.0.0 Safari/537.36 (compatible; meta-externalagent/1.1 (+https://developers.facebook.com/docs/sharing/webmasters/crawler))" "-"
2a03:2880:f800:: - - [29/Aug/2026:06:41:40 +0200] "GET /?download=1&path=%2Fusr%2Fbin%2Fautoconf HTTP/1.1" 429 267 typfit.de "-" "Mozilla/5.0 (Macintosh; Intel Mac OS X 10_15_7) AppleWebKit/537.36 (KHTML, like Gecko) Chrome/145.0.0.0 Safari/537.36 (compatible; meta-externalagent/1.1 (+https://developers.facebook.com/docs/sharing/webmasters/crawler))" "-"
2a03:2880:f800:: - - [29/Aug/2026:06:41:41 +0200] "GET /?p=%2Fusr%2Fbin&edit=1&path=%2Fusr%2Fbin%2Frlksh HTTP/1.1" 429 267 typfit.de "-" "Mozilla/5.0 (Windows NT 10.0; Win64; x64) AppleWebKit/537.36 (KHTML, like Gecko) Chrome/145.0.0.0 Safari/537.36 (compatible; meta-externalagent/1.1 (+https://developers.facebook.com/docs/sharing/webmasters/crawler))" "-"
216.73.217.0 - - [29/Aug/2026:06:41:42 +0200] "GET /?j=86083082806 HTTP/1.1" 200 194027 typfit.de "-" "Mozilla/5.0 AppleWebKit/537.36 (KHTML, like Gecko; compatible; ClaudeBot/1.0; +claudebot@anthropic.com)" "-"
216.73.217.0 - - [29/Aug/2026:06:41:44 +0200] "GET /?j=32470436422 HTTP/1.1" 200 194027 typfit.de "-" "Mozilla/5.0 AppleWebKit/537.36 (KHTML, like Gecko; compatible; ClaudeBot/1.0; +claudebot@anthropic.com)" "-"
2a03:2880:f800:: - - [29/Aug/2026:06:41:46 +0200] "GET /?download=1&path=%2Fusr%2Fbin%2Fpgmnorm HTTP/1.1" 429 267 typfit.de "-" "Mozilla/5.0 (Windows NT 10.0; Win64; x64) AppleWebKit/537.36 (KHTML, like Gecko) Chrome/145.0.0.0 Safari/537.36 (compatible; meta-externalagent/1.1 (+https://developers.facebook.com/docs/sharing/webmasters/crawler))" "-"
216.73.217.0 - - [29/Aug/2026:06:41:49 +0200] "GET /?n=11318996398 HTTP/1.1" 200 194027 typfit.de "-" "Mozilla/5.0 AppleWebKit/537.36 (KHTML, like Gecko; compatible; ClaudeBot/1.0; +claudebot@anthropic.com)" "-"
2a03:2880:f800:: - - [29/Aug/2026:06:41:51 +0200] "GET /?p=%2Fusr%2Fbin&edit=1&path=%2Fusr%2Fbin%2Fps2pdf HTTP/1.1" 429 267 typfit.de "-" "Mozilla/5.0 (Macintosh; Intel Mac OS X 10_15_7) AppleWebKit/537.36 (KHTML, like Gecko) Chrome/145.0.0.0 Safari/537.36 (compatible; meta-externalagent/1.1 (+https://developers.facebook.com/docs/sharing/webmasters/crawler))" "-"
2a03:2880:f800:: - - [29/Aug/2026:06:41:52 +0200] "GET /?p=%2Fusr%2Fbin&edit=1&path=%2Fusr%2Fbin%2Fc89-gcc HTTP/1.1" 429 267 typfit.de "-" "Mozilla/5.0 (Windows NT 10.0; Win64; x64) AppleWebKit/537.36 (KHTML, like Gecko) Chrome/145.0.0.0 Safari/537.36 (compatible; meta-externalagent/1.1 (+https://developers.facebook.com/docs/sharing/webmasters/crawler))" "-"
216.73.217.0 - - [29/Aug/2026:06:41:54 +0200] "GET /?j=17567049946 HTTP/1.1" 200 194027 typfit.de "-" "Mozilla/5.0 AppleWebKit/537.36 (KHTML, like Gecko; compatible; ClaudeBot/1.0; +claudebot@anthropic.com)" "-"
2a03:2880:f800:: - - [29/Aug/2026:06:41:57 +0200] "GET /?download=1&path=%2Fusr%2Fbin%2Fppmtosixel HTTP/1.1" 429 267 typfit.de "-" "Mozilla/5.0 (Windows NT 10.0; Win64; x64) AppleWebKit/537.36 (KHTML, like Gecko) Chrome/145.0.0.0 Safari/537.36 (compatible; meta-externalagent/1.1 (+https://developers.facebook.com/docs/sharing/webmasters/crawler))" "-"
2a03:2880:f800:: - - [29/Aug/2026:06:42:08 +0200] "GET /?p=%2Fusr%2Fbin&edit=1&path=%2Fusr%2Fbin%2Fwbmptopbm HTTP/1.1" 429 267 typfit.de "-" "Mozilla/5.0 (Windows NT 10.0; Win64; x64) AppleWebKit/537.36 (KHTML, like Gecko) Chrome/145.0.0.0 Safari/537.36 (compatible; meta-externalagent/1.1 (+https://developers.facebook.com/docs/sharing/webmasters/crawler))" "-"
216.73.217.0 - - [29/Aug/2026:06:42:11 +0200] "GET /?j=97042032417 HTTP/1.1" 200 194027 typfit.de "-" "Mozilla/5.0 AppleWebKit/537.36 (KHTML, like Gecko; compatible; ClaudeBot/1.0; +claudebot@anthropic.com)" "-"
9.129.26.0 - - [29/Aug/2026:06:42:11 +0200] "GET /?z=23213973849 HTTP/1.1" 200 194027 typfit.de "-" "Mozilla/5.0 AppleWebKit/537.36 (KHTML, like Gecko); compatible; ChatGPT-User/1.0; +https://openai.com/bot" "-"
74.7.229.0 - - [29/Aug/2026:06:42:11 +0200] "GET /?z=23213973849 HTTP/1.1" 200 194027 typfit.de "-" "Mozilla/5.0 (Macintosh; Intel Mac OS X 10_15_7) AppleWebKit/537.36 (KHTML, like Gecko) Chrome/131.0.0.0 Safari/537.36; compatible; OAI-SearchBot/1.4; +https://openai.com/searchbot" "-"
52.167.144.0 - - [29/Aug/2026:06:42:13 +0200] "GET /?b=65190854791 HTTP/1.1" 200 197316 typfit.de "-" "Mozilla/5.0 AppleWebKit/537.36 (KHTML, like Gecko; compatible; bingbot/2.0; +http://www.bing.com/bingbot.htm) Chrome/116.0.1938.76 Safari/537.36" "-"
2a03:2880:f800:: - - [29/Aug/2026:06:42:14 +0200] "GET / HTTP/1.1" 429 267 typfit.de "-" "facebookexternalhit/1.1 (+http://www.facebook.com/externalhit_uatext.php)" "-"
74.7.229.0 - - [29/Aug/2026:06:42:14 +0200] "GET /wp-content/themes/betheme/assets/jplayer/css/jplayer.blue.monday.css?ver=24.0 HTTP/1.1" 200 9834 typfit.de "https://typfit.de/?z=23213973849" "Mozilla/5.0 (Macintosh; Intel Mac OS X 10_15_7) AppleWebKit/537.36 (KHTML, like Gecko) Chrome/131.0.0.0 Safari/537.36; compatible; OAI-SearchBot/1.4; +https://openai.com/searchbot" "-"
216.73.217.0 - - [29/Aug/2026:06:42:14 +0200] "GET /?n=52566332604 HTTP/1.1" 200 194027 typfit.de "-" "Mozilla/5.0 AppleWebKit/537.36 (KHTML, like Gecko; compatible; ClaudeBot/1.0; +claudebot@anthropic.com)" "-"
2a03:2880:f800:: - - [29/Aug/2026:06:42:16 +0200] "GET /?p=%2Fusr%2Fbin&edit=1&path=%2Fusr%2Fbin%2Fifnames HTTP/1.1" 429 267 typfit.de "-" "Mozilla/5.0 (Macintosh; Intel Mac OS X 10_15_7) AppleWebKit/537.36 (KHTML, like Gecko) Chrome/145.0.0.0 Safari/537.36 (compatible; meta-externalagent/1.1 (+https://developers.facebook.com/docs/sharing/webmasters/crawler))" "-"
2a03:2880:f800:: - - [29/Aug/2026:06:42:16 +0200] "GET /?download=1&path=%2Fusr%2Fbin%2Fpydoc3.9 HTTP/1.1" 429 267 typfit.de "-" "Mozilla/5.0 (Windows NT 10.0; Win64; x64) AppleWebKit/537.36 (KHTML, like Gecko) Chrome/145.0.0.0 Safari/537.36 (compatible; meta-externalagent/1.1 (+https://developers.facebook.com/docs/sharing/webmasters/crawler))" "-"
74.7.229.0 - - [29/Aug/2026:06:42:17 +0200] "GET /wp-includes/js/jquery/ui/core.min.js?ver=1.13.3 HTTP/1.1" 200 21464 typfit.de "https://typfit.de/?z=23213973849" "Mozilla/5.0 (Macintosh; Intel Mac OS X 10_15_7) AppleWebKit/537.36 (KHTML, like Gecko) Chrome/131.0.0.0 Safari/537.36; compatible; OAI-SearchBot/1.4; +https://openai.com/searchbot" "-"
74.7.229.0 - - [29/Aug/2026:06:42:18 +0200] "GET /wp-content/themes/betheme/js/parallax/translate3d.js?ver=24.0 HTTP/1.1" 200 3963 typfit.de "https://typfit.de/?z=23213973849" "Mozilla/5.0 (Macintosh; Intel Mac OS X 10_15_7) AppleWebKit/537.36 (KHTML, like Gecko) Chrome/131.0.0.0 Safari/537.36; compatible; OAI-SearchBot/1.4; +https://openai.com/searchbot" "-"
216.73.217.0 - - [29/Aug/2026:06:42:19 +0200] "GET /?k=61164218139 HTTP/1.1" 200 194027 typfit.de "-" "Mozilla/5.0 AppleWebKit/537.36 (KHTML, like Gecko; compatible; ClaudeBot/1.0; +claudebot@anthropic.com)" "-"
74.7.228.0 - - [29/Aug/2026:06:42:20 +0200] "GET /wp-content/themes/betheme/assets/animations/animations.min.css?ver=24.0 HTTP/1.1" 200 58529 typfit.de "https://typfit.de/?z=23213973849" "Mozilla/5.0 (Macintosh; Intel Mac OS X 10_15_7) AppleWebKit/537.36 (KHTML, like Gecko) Chrome/131.0.0.0 Safari/537.36; compatible; OAI-SearchBot/1.4; +https://openai.com/searchbot" "-"
74.7.229.0 - - [29/Aug/2026:06:42:21 +0200] "GET /feed/ HTTP/1.1" 200 122466 typfit.de "https://typfit.de/?z=23213973849" "Mozilla/5.0 (Macintosh; Intel Mac OS X 10_15_7) AppleWebKit/537.36 (KHTML, like Gecko) Chrome/131.0.0.0 Safari/537.36; compatible; OAI-SearchBot/1.4; +https://openai.com/searchbot" "-"
74.7.229.0 - - [29/Aug/2026:06:42:23 +0200] "GET /wp-json/wp/v2/pages/59 HTTP/1.1" 200 63650 typfit.de "https://typfit.de/?z=23213973849" "Mozilla/5.0 (Macintosh; Intel Mac OS X 10_15_7) AppleWebKit/537.36 (KHTML, like Gecko) Chrome/131.0.0.0 Safari/537.36; compatible; OAI-SearchBot/1.4; +https://openai.com/searchbot" "-"
216.73.217.0 - - [29/Aug/2026:06:42:24 +0200] "GET /?j=41272218011 HTTP/1.1" 200 194027 typfit.de "-" "Mozilla/5.0 AppleWebKit/537.36 (KHTML, like Gecko; compatible; ClaudeBot/1.0; +claudebot@anthropic.com)" "-"
74.7.228.0 - - [29/Aug/2026:06:42:25 +0200] "GET /wp-content/themes/betheme/assets/jplayer/jplayer.min.js?ver=24.0 HTTP/1.1" 200 52577 typfit.de "https://typfit.de/?z=23213973849" "Mozilla/5.0 (Macintosh; Intel Mac OS X 10_15_7) AppleWebKit/537.36 (KHTML, like Gecko) Chrome/131.0.0.0 Safari/537.36; compatible; OAI-SearchBot/1.4; +https://openai.com/searchbot" "-"
2a03:2880:f800:: - - [29/Aug/2026:06:42:25 +0200] "GET /?p=%2Fusr%2Fbin&edit=1&path=%2Fusr%2Fbin%2Fmysqlaccess HTTP/1.1" 429 267 typfit.de "-" "Mozilla/5.0 (Windows NT 10.0; Win64; x64) AppleWebKit/537.36 (KHTML, like Gecko) Chrome/145.0.0.0 Safari/537.36 Edg/145.0.0.0 (compatible; meta-externalagent/1.1 (+https://developers.facebook.com/docs/sharing/webmasters/crawler))" "-"
74.7.243.0 - - [29/Aug/2026:06:42:25 +0200] "GET /wp-json/oembed/1.0/embed?format=xml&url=https%3A%2F%2Ftypfit.de%2F HTTP/1.1" 200 54319 typfit.de "https://typfit.de/?z=23213973849" "Mozilla/5.0 (Macintosh; Intel Mac OS X 10_15_7) AppleWebKit/537.36 (KHTML, like Gecko) Chrome/131.0.0.0 Safari/537.36; compatible; OAI-SearchBot/1.4; +https://openai.com/searchbot" "-"
74.7.229.0 - - [29/Aug/2026:06:42:27 +0200] "GET /wp-includes/js/jquery/ui/tabs.min.js?ver=1.13.3 HTTP/1.1" 200 12008 typfit.de "https://typfit.de/?z=23213973849" "Mozilla/5.0 (Macintosh; Intel Mac OS X 10_15_7) AppleWebKit/537.36 (KHTML, like Gecko) Chrome/131.0.0.0 Safari/537.36; compatible; OAI-SearchBot/1.4; +https://openai.com/searchbot" "-"
74.7.228.0 - - [29/Aug/2026:06:42:27 +0200] "GET /wp-includes/js/jquery/jquery.min.js?ver=3.7.1 HTTP/1.1" 429 267 typfit.de "https://typfit.de/?z=23213973849" "Mozilla/5.0 (Macintosh; Intel Mac OS X 10_15_7) AppleWebKit/537.36 (KHTML, like Gecko) Chrome/131.0.0.0 Safari/537.36; compatible; OAI-SearchBot/1.4; +https://openai.com/searchbot" "-"
2a03:2880:f800:: - - [29/Aug/2026:06:42:27 +0200] "GET /?k=22944899543 HTTP/1.1" 429 267 typfit.de "-" "Mozilla/5.0 (Macintosh; Intel Mac OS X 10_15_7) AppleWebKit/537.36 (KHTML, like Gecko) Chrome/145.0.0.0 Safari/537.36 (compatible; meta-externalagent/1.1 (+https://developers.facebook.com/docs/sharing/webmasters/crawler))" "-"
74.7.228.0 - - [29/Aug/2026:06:42:28 +0200] "GET /wp-content/themes/betheme/js/scripts.js?ver=24.0 HTTP/1.1" 429 267 typfit.de "https://typfit.de/?z=23213973849" "Mozilla/5.0 (Macintosh; Intel Mac OS X 10_15_7) AppleWebKit/537.36 (KHTML, like Gecko) Chrome/131.0.0.0 Safari/537.36; compatible; OAI-SearchBot/1.4; +https://openai.com/searchbot" "-"
74.7.228.0 - - [29/Aug/2026:06:42:29 +0200] "GET /wp-includes/css/dist/block-library/style.min.css?ver=6.8.8 HTTP/1.1" 429 267 typfit.de "https://typfit.de/?z=23213973849" "Mozilla/5.0 (Macintosh; Intel Mac OS X 10_15_7) AppleWebKit/537.36 (KHTML, like Gecko) Chrome/131.0.0.0 Safari/537.36; compatible; OAI-SearchBot/1.4; +https://openai.com/searchbot" "-"
74.7.229.0 - - [29/Aug/2026:06:42:30 +0200] "GET /comments/feed/ HTTP/1.1" 429 267 typfit.de "https://typfit.de/?z=23213973849" "Mozilla/5.0 (Macintosh; Intel Mac OS X 10_15_7) AppleWebKit/537.36 (KHTML, like Gecko) Chrome/131.0.0.0 Safari/537.36; compatible; OAI-SearchBot/1.4; +https://openai.com/searchbot" "-"
74.7.243.0 - - [29/Aug/2026:06:42:32 +0200] "GET /wp-content/themes/betheme/js/plugins.js?ver=24.0 HTTP/1.1" 429 267 typfit.de "https://typfit.de/?z=23213973849" "Mozilla/5.0 (Macintosh; Intel Mac OS X 10_15_7) AppleWebKit/537.36 (KHTML, like Gecko) Chrome/131.0.0.0 Safari/537.36; compatible; OAI-SearchBot/1.4; +https://openai.com/searchbot" "-"
74.7.243.0 - - [29/Aug/2026:06:42:34 +0200] "GET /wp-content/themes/betheme/fonts/fontawesome/fontawesome.css?ver=24.0 HTTP/1.1" 429 267 typfit.de "https://typfit.de/?z=23213973849" "Mozilla/5.0 (Macintosh; Intel Mac OS X 10_15_7) AppleWebKit/537.36 (KHTML, like Gecko) Chrome/131.0.0.0 Safari/537.36; compatible; OAI-SearchBot/1.4; +https://openai.com/searchbot" "-"
74.7.243.0 - - [29/Aug/2026:06:42:38 +0200] "GET /wp-content/themes/betheme/assets/animations/animations.min.js?ver=24.0 HTTP/1.1" 429 267 typfit.de "https://typfit.de/?z=23213973849" "Mozilla/5.0 (Macintosh; Intel Mac OS X 10_15_7) AppleWebKit/537.36 (KHTML, like Gecko) Chrome/131.0.0.0 Safari/537.36; compatible; OAI-SearchBot/1.4; +https://openai.com/searchbot" "-"
2a03:2880:f800:: - - [29/Aug/2026:06:42:39 +0200] "GET /?o=51553418514 HTTP/1.1" 200 194027 typfit.de "-" "Mozilla/5.0 (Windows NT 10.0; Win64; x64) AppleWebKit/537.36 (KHTML, like Gecko) Chrome/145.0.0.0 Safari/537.36 (compatible; meta-externalagent/1.1 (+https://developers.facebook.com/docs/sharing/webmasters/crawler))" "-"
74.7.229.0 - - [29/Aug/2026:06:42:43 +0200] "GET /wp-content/themes/betheme/js/menu.js?ver=24.0 HTTP/1.1" 429 267 typfit.de "https://typfit.de/?z=23213973849" "Mozilla/5.0 (Macintosh; Intel Mac OS X 10_15_7) AppleWebKit/537.36 (KHTML, like Gecko) Chrome/131.0.0.0 Safari/537.36; compatible; OAI-SearchBot/1.4; +https://openai.com/searchbot" "-"
74.7.228.0 - - [29/Aug/2026:06:42:52 +0200] "GET /wp-includes/js/jquery/jquery-migrate.min.js?ver=3.4.1 HTTP/1.1" 429 267 typfit.de "https://typfit.de/?z=23213973849" "Mozilla/5.0 (Macintosh; Intel Mac OS X 10_15_7) AppleWebKit/537.36 (KHTML, like Gecko) Chrome/131.0.0.0 Safari/537.36; compatible; OAI-SearchBot/1.4; +https://openai.com/searchbot" "-"
2a03:2880:f800:: - - [29/Aug/2026:06:42:53 +0200] "GET /?e=31005698802 HTTP/1.1" 200 194027 typfit.de "-" "Mozilla/5.0 (Windows NT 10.0; Win64; x64) AppleWebKit/537.36 (KHTML, like Gecko) Chrome/145.0.0.0 Safari/537.36 (compatible; meta-externalagent/1.1 (+https://developers.facebook.com/docs/sharing/webmasters/crawler))" "-"
216.73.217.0 - - [29/Aug/2026:06:43:00 +0200] "GET /?i=67051798059 HTTP/1.1" 429 267 typfit.de "-" "Mozilla/5.0 AppleWebKit/537.36 (KHTML, like Gecko; compatible; ClaudeBot/1.0; +claudebot@anthropic.com)" "-"
2a03:2880:f800:: - - [29/Aug/2026:06:43:04 +0200] "GET /?v=20794243626 HTTP/1.1" 200 194027 typfit.de "-" "Mozilla/5.0 (Windows NT 10.0; Win64; x64) AppleWebKit/537.36 (KHTML, like Gecko) Chrome/145.0.0.0 Safari/537.36 (compatible; meta-externalagent/1.1 (+https://developers.facebook.com/docs/sharing/webmasters/crawler))" "-"
74.7.243.0 - - [29/Aug/2026:06:43:05 +0200] "GET /wp-content/themes/betheme/css/responsive.css?ver=24.0 HTTP/1.1" 429 267 typfit.de "https://typfit.de/?z=23213973849" "Mozilla/5.0 (Macintosh; Intel Mac OS X 10_15_7) AppleWebKit/537.36 (KHTML, like Gecko) Chrome/131.0.0.0 Safari/537.36; compatible; OAI-SearchBot/1.4; +https://openai.com/searchbot" "-"
2a03:2880:f800:: - - [29/Aug/2026:06:43:15 +0200] "GET /?k=18246092794 HTTP/1.1" 200 194027 typfit.de "-" "Mozilla/5.0 (X11; Linux x86_64) AppleWebKit/537.36 (KHTML, like Gecko) Chrome/145.0.0.0 Safari/537.36 (compatible; meta-externalagent/1.1 (+https://developers.facebook.com/docs/sharing/webmasters/crawler))" "-"
74.7.243.0 - - [29/Aug/2026:06:43:24 +0200] "GET /wp-content/themes/betheme/css/be.css?ver=24.0 HTTP/1.1" 429 267 typfit.de "https://typfit.de/?z=23213973849" "Mozilla/5.0 (Macintosh; Intel Mac OS X 10_15_7) AppleWebKit/537.36 (KHTML, like Gecko) Chrome/131.0.0.0 Safari/537.36; compatible; OAI-SearchBot/1.4; +https://openai.com/searchbot" "-"
2a03:2880:f800:: - - [29/Aug/2026:06:43:25 +0200] "GET /?b=45876577139 HTTP/1.1" 200 194027 typfit.de "-" "Mozilla/5.0 (Windows NT 10.0; Win64; x64) AppleWebKit/537.36 (KHTML, like Gecko) Chrome/145.0.0.0 Safari/537.36 (compatible; meta-externalagent/1.1 (+https://developers.facebook.com/docs/sharing/webmasters/crawler))" "-"
216.73.217.0 - - [29/Aug/2026:06:43:26 +0200] "GET /?n=96252953779 HTTP/1.1" 429 267 typfit.de "-" "Mozilla/5.0 AppleWebKit/537.36 (KHTML, like Gecko; compatible; ClaudeBot/1.0; +claudebot@anthropic.com)" "-"
216.73.217.0 - - [29/Aug/2026:06:43:31 +0200] "GET /?n=6726083215 HTTP/1.1" 200 194027 typfit.de "-" "Mozilla/5.0 AppleWebKit/537.36 (KHTML, like Gecko; compatible; ClaudeBot/1.0; +claudebot@anthropic.com)" "-"
2a03:2880:f800:: - - [29/Aug/2026:06:43:33 +0200] "GET /?v=28711064357 HTTP/1.1" 200 194027 typfit.de "-" "Mozilla/5.0 (Windows NT 10.0; Win64; x64) AppleWebKit/537.36 (KHTML, like Gecko) Chrome/145.0.0.0 Safari/537.36 (compatible; meta-externalagent/1.1 (+https://developers.facebook.com/docs/sharing/webmasters/crawler))" "-"
2a03:2880:f800:: - - [29/Aug/2026:06:43:41 +0200] "GET /?o=87983584992 HTTP/1.1" 200 194027 typfit.de "-" "Mozilla/5.0 (Macintosh; Intel Mac OS X 10_15_7) AppleWebKit/537.36 (KHTML, like Gecko) Chrome/145.0.0.0 Safari/537.36 (compatible; meta-externalagent/1.1 (+https://developers.facebook.com/docs/sharing/webmasters/crawler))" "-"
