216.73.217.0 - - [29/Aug/2026:03:25:02 +0200] "GET /?e=28552461268 HTTP/1.1" 200 194027 typfit.de "-" "Mozilla/5.0 AppleWebKit/537.36 (KHTML, like Gecko; compatible; ClaudeBot/1.0; +claudebot@anthropic.com)" "-"
216.73.217.0 - - [29/Aug/2026:03:25:07 +0200] "GET /?r=75152583598 HTTP/1.1" 200 194027 typfit.de "-" "Mozilla/5.0 AppleWebKit/537.36 (KHTML, like Gecko; compatible; ClaudeBot/1.0; +claudebot@anthropic.com)" "-"
216.73.217.0 - - [29/Aug/2026:03:25:12 +0200] "GET /?t=7042348085 HTTP/1.1" 200 194027 typfit.de "-" "Mozilla/5.0 AppleWebKit/537.36 (KHTML, like Gecko; compatible; ClaudeBot/1.0; +claudebot@anthropic.com)" "-"
216.73.217.0 - - [29/Aug/2026:03:25:18 +0200] "GET /?k=8783212464 HTTP/1.1" 200 194027 typfit.de "-" "Mozilla/5.0 AppleWebKit/537.36 (KHTML, like Gecko; compatible; ClaudeBot/1.0; +claudebot@anthropic.com)" "-"
2a03:2880:f800:: - - [29/Aug/2026:03:25:18 +0200] "GET /?k=71704459550 HTTP/1.1" 200 194027 typfit.de "-" "Mozilla/5.0 (Windows NT 10.0; Win64; x64) AppleWebKit/537.36 (KHTML, like Gecko) Chrome/145.0.0.0 Safari/537.36 (compatible; meta-externalagent/1.1 (+https://developers.facebook.com/docs/sharing/webmasters/crawler))" "-"
216.73.217.0 - - [29/Aug/2026:03:25:22 +0200] "GET /?i=99263460751 HTTP/1.1" 200 194027 typfit.de "-" "Mozilla/5.0 AppleWebKit/537.36 (KHTML, like Gecko; compatible; ClaudeBot/1.0; +claudebot@anthropic.com)" "-"
216.73.217.0 - - [29/Aug/2026:03:25:27 +0200] "GET /?t=48616270979 HTTP/1.1" 200 194027 typfit.de "-" "Mozilla/5.0 AppleWebKit/537.36 (KHTML, like Gecko; compatible; ClaudeBot/1.0; +claudebot@anthropic.com)" "-"
216.73.217.0 - - [29/Aug/2026:03:25:32 +0200] "GET /?i=36098439490 HTTP/1.1" 200 194027 typfit.de "-" "Mozilla/5.0 AppleWebKit/537.36 (KHTML, like Gecko; compatible; ClaudeBot/1.0; +claudebot@anthropic.com)" "-"
114.119.133.0 - - [29/Aug/2026:03:25:37 +0200] "GET /?o=77135047477 HTTP/1.1" 200 52109 www.typfit.de "http://www.typfit.de/sitemap.xml" "Mozilla/5.0 (Linux; Android 7.0;) AppleWebKit/537.36 (HTML, like Gecko) Mobile Safari/537.36 (compatible; PetalBot;+https://webmaster.petalsearch.com/site/petalbot)" "-"
216.73.217.0 - - [29/Aug/2026:03:25:37 +0200] "GET /?e=92184858426 HTTP/1.1" 200 194027 typfit.de "-" "Mozilla/5.0 AppleWebKit/537.36 (KHTML, like Gecko; compatible; ClaudeBot/1.0; +claudebot@anthropic.com)" "-"
216.73.217.0 - - [29/Aug/2026:03:25:42 +0200] "GET /?r=34519331482 HTTP/1.1" 200 194027 typfit.de "-" "Mozilla/5.0 AppleWebKit/537.36 (KHTML, like Gecko; compatible; ClaudeBot/1.0; +claudebot@anthropic.com)" "-"
217.181.92.0 - - [29/Aug/2026:03:25:50 +0200] "GET /wp-login.php HTTP/1.1" 200 61004 typfit.de "-" "Mozilla/5.0 (compatible; MyApp/1.0)" "-"
216.73.217.0 - - [29/Aug/2026:03:25:51 +0200] "GET /?r=9510409315 HTTP/1.1" 200 194027 typfit.de "-" "Mozilla/5.0 AppleWebKit/537.36 (KHTML, like Gecko; compatible; ClaudeBot/1.0; +claudebot@anthropic.com)" "-"
2a03:2880:f800:: - - [29/Aug/2026:03:25:54 +0200] "GET /?e=46842860789 HTTP/1.1" 200 194027 typfit.de "-" "Mozilla/5.0 (Macintosh; Intel Mac OS X 10_15_7) AppleWebKit/537.36 (KHTML, like Gecko) Chrome/145.0.0.0 Safari/537.36 (compatible; meta-externalagent/1.1 (+https://developers.facebook.com/docs/sharing/webmasters/crawler))" "-"
216.73.217.0 - - [29/Aug/2026:03:25:55 +0200] "GET /?h=6368012121 HTTP/1.1" 200 194027 typfit.de "-" "Mozilla/5.0 AppleWebKit/537.36 (KHTML, like Gecko; compatible; ClaudeBot/1.0; +claudebot@anthropic.com)" "-"
2a03:2880:f800:: - - [29/Aug/2026:03:25:59 +0200] "GET /?j=13316607364 HTTP/1.1" 200 194027 typfit.de "-" "Mozilla/5.0 (Windows NT 10.0; Win64; x64) AppleWebKit/537.36 (KHTML, like Gecko) Chrome/145.0.0.0 Safari/537.36 (compatible; meta-externalagent/1.1 (+https://developers.facebook.com/docs/sharing/webmasters/crawler))" "-"
216.73.217.0 - - [29/Aug/2026:03:26:00 +0200] "GET /?r=75505618962 HTTP/1.1" 200 194027 typfit.de "-" "Mozilla/5.0 AppleWebKit/537.36 (KHTML, like Gecko; compatible; ClaudeBot/1.0; +claudebot@anthropic.com)" "-"
45.3.54.0 - - [29/Aug/2026:03:26:01 +0200] "GET /wp-login.php HTTP/1.1" 200 61004 typfit.de "-" "Mozilla/5.0 (compatible; MyApp/1.0)" "-"
217.181.92.0 - - [29/Aug/2026:03:26:02 +0200] "POST /wp-login.php HTTP/1.1" 302 52108 typfit.de "-" "Mozilla/5.0 (compatible; MyApp/1.0)" "-"
217.181.92.0 - - [29/Aug/2026:03:26:03 +0200] "GET /wp-login.php?redirect_to=%2Fwp-admin%2F&action=confirm_admin_email&wp_lang=de_DE HTTP/1.1" 200 54177 typfit.de "-" "Mozilla/5.0 (compatible; MyApp/1.0)" "-"
217.181.92.0 - - [29/Aug/2026:03:26:04 +0200] "GET /wp-admin/admin-ajax.php?action=rest-nonce HTTP/1.1" 200 49722 typfit.de "-" "Mozilla/5.0 (compatible; MyApp/1.0)" "-"
216.73.217.0 - - [29/Aug/2026:03:26:05 +0200] "GET /?r=50840526721 HTTP/1.1" 200 194027 typfit.de "-" "Mozilla/5.0 AppleWebKit/537.36 (KHTML, like Gecko; compatible; ClaudeBot/1.0; +claudebot@anthropic.com)" "-"
2a03:2880:f800:: - - [29/Aug/2026:03:26:07 +0200] "GET /?k=75306118669 HTTP/1.1" 200 194027 typfit.de "-" "Mozilla/5.0 (Windows NT 10.0; Win64; x64) AppleWebKit/537.36 (KHTML, like Gecko) Chrome/145.0.0.0 Safari/537.36 (compatible; meta-externalagent/1.1 (+https://developers.facebook.com/docs/sharing/webmasters/crawler))" "-"
216.73.217.0 - - [29/Aug/2026:03:26:10 +0200] "GET /?n=55833858334 HTTP/1.1" 200 194027 typfit.de "-" "Mozilla/5.0 AppleWebKit/537.36 (KHTML, like Gecko; compatible; ClaudeBot/1.0; +claudebot@anthropic.com)" "-"
45.3.54.0 - - [29/Aug/2026:03:26:13 +0200] "POST /wp-login.php HTTP/1.1" 302 52108 typfit.de "-" "Mozilla/5.0 (compatible; MyApp/1.0)" "-"
45.3.54.0 - - [29/Aug/2026:03:26:14 +0200] "GET /wp-login.php?redirect_to=%2Fwp-admin%2F&action=confirm_admin_email&wp_lang=de_DE HTTP/1.1" 200 54177 typfit.de "-" "Mozilla/5.0 (compatible; MyApp/1.0)" "-"
45.3.54.0 - - [29/Aug/2026:03:26:15 +0200] "GET /wp-admin/admin-ajax.php?action=rest-nonce HTTP/1.1" 200 49722 typfit.de "-" "Mozilla/5.0 (compatible; MyApp/1.0)" "-"
216.73.217.0 - - [29/Aug/2026:03:26:15 +0200] "GET /?b=12420384717 HTTP/1.1" 200 194027 typfit.de "-" "Mozilla/5.0 AppleWebKit/537.36 (KHTML, like Gecko; compatible; ClaudeBot/1.0; +claudebot@anthropic.com)" "-"
45.3.55.0 - - [29/Aug/2026:03:26:20 +0200] "GET /wp-login.php HTTP/1.1" 200 61004 typfit.de "-" "Mozilla/5.0 (compatible; MyApp/1.0)" "-"
216.73.217.0 - - [29/Aug/2026:03:26:20 +0200] "GET /?n=22553436706 HTTP/1.1" 200 194027 typfit.de "-" "Mozilla/5.0 AppleWebKit/537.36 (KHTML, like Gecko; compatible; ClaudeBot/1.0; +claudebot@anthropic.com)" "-"
216.73.217.0 - - [29/Aug/2026:03:26:25 +0200] "GET /?e=26388927228 HTTP/1.1" 200 194027 typfit.de "-" "Mozilla/5.0 AppleWebKit/537.36 (KHTML, like Gecko; compatible; ClaudeBot/1.0; +claudebot@anthropic.com)" "-"
216.73.217.0 - - [29/Aug/2026:03:26:30 +0200] "GET /?k=51534830983 HTTP/1.1" 429 267 typfit.de "-" "Mozilla/5.0 AppleWebKit/537.36 (KHTML, like Gecko; compatible; ClaudeBot/1.0; +claudebot@anthropic.com)" "-"
45.3.55.0 - - [29/Aug/2026:03:26:32 +0200] "POST /wp-login.php HTTP/1.1" 302 52108 typfit.de "-" "Mozilla/5.0 (compatible; MyApp/1.0)" "-"
45.3.55.0 - - [29/Aug/2026:03:26:33 +0200] "GET /wp-login.php?redirect_to=%2Fwp-admin%2F&action=confirm_admin_email&wp_lang=de_DE HTTP/1.1" 200 54177 typfit.de "-" "Mozilla/5.0 (compatible; MyApp/1.0)" "-"
216.73.217.0 - - [29/Aug/2026:03:26:35 +0200] "GET /?t=38230547701 HTTP/1.1" 429 267 typfit.de "-" "Mozilla/5.0 AppleWebKit/537.36 (KHTML, like Gecko; compatible; ClaudeBot/1.0; +claudebot@anthropic.com)" "-"
45.3.55.0 - - [29/Aug/2026:03:26:35 +0200] "GET /wp-admin/admin-ajax.php?action=rest-nonce HTTP/1.1" 200 49722 typfit.de "-" "Mozilla/5.0 (compatible; MyApp/1.0)" "-"
2a03:2880:f800:: - - [29/Aug/2026:03:26:39 +0200] "GET /?v=73088658344 HTTP/1.1" 200 194027 typfit.de "-" "Mozilla/5.0 (Windows NT 10.0; Win64; x64) AppleWebKit/537.36 (KHTML, like Gecko) Chrome/145.0.0.0 Safari/537.36 (compatible; meta-externalagent/1.1 (+https://developers.facebook.com/docs/sharing/webmasters/crawler))" "-"
216.73.217.0 - - [29/Aug/2026:03:26:40 +0200] "GET /?r=10976184986 HTTP/1.1" 429 267 typfit.de "-" "Mozilla/5.0 AppleWebKit/537.36 (KHTML, like Gecko; compatible; ClaudeBot/1.0; +claudebot@anthropic.com)" "-"
216.73.217.0 - - [29/Aug/2026:03:26:46 +0200] "GET /?t=22889352694 HTTP/1.1" 429 267 typfit.de "-" "Mozilla/5.0 AppleWebKit/537.36 (KHTML, like Gecko; compatible; ClaudeBot/1.0; +claudebot@anthropic.com)" "-"
216.73.217.0 - - [29/Aug/2026:03:26:51 +0200] "GET /?k=33373398849 HTTP/1.1" 429 267 typfit.de "-" "Mozilla/5.0 AppleWebKit/537.36 (KHTML, like Gecko; compatible; ClaudeBot/1.0; +claudebot@anthropic.com)" "-"
2a03:2880:f800:: - - [29/Aug/2026:03:26:54 +0200] "GET /?b=4309052695 HTTP/1.1" 200 194027 typfit.de "-" "Mozilla/5.0 (Macintosh; Intel Mac OS X 10_15_7) AppleWebKit/537.36 (KHTML, like Gecko) Chrome/145.0.0.0 Safari/537.36 (compatible; meta-externalagent/1.1 (+https://developers.facebook.com/docs/sharing/webmasters/crawler))" "-"
216.73.217.0 - - [29/Aug/2026:03:26:56 +0200] "GET /?r=71112078664 HTTP/1.1" 429 267 typfit.de "-" "Mozilla/5.0 AppleWebKit/537.36 (KHTML, like Gecko; compatible; ClaudeBot/1.0; +claudebot@anthropic.com)" "-"
216.73.217.0 - - [29/Aug/2026:03:27:00 +0200] "GET /?j=73590123910 HTTP/1.1" 429 267 typfit.de "-" "Mozilla/5.0 AppleWebKit/537.36 (KHTML, like Gecko; compatible; ClaudeBot/1.0; +claudebot@anthropic.com)" "-"
114.119.145.0 - - [29/Aug/2026:03:27:00 +0200] "GET /?i=94995483363 HTTP/1.1" 200 52109 www.typfit.de "http://www.typfit.de/sitemap.xml" "Mozilla/5.0 (Linux; Android 7.0;) AppleWebKit/537.36 (HTML, like Gecko) Mobile Safari/537.36 (compatible; PetalBot;+https://webmaster.petalsearch.com/site/petalbot)" "-"
216.73.217.0 - - [29/Aug/2026:03:27:05 +0200] "GET /?t=39895109747 HTTP/1.1" 429 267 typfit.de "-" "Mozilla/5.0 AppleWebKit/537.36 (KHTML, like Gecko; compatible; ClaudeBot/1.0; +claudebot@anthropic.com)" "-"
2a03:2880:f800:: - - [29/Aug/2026:03:27:08 +0200] "GET /?i=28064555841 HTTP/1.1" 200 194027 typfit.de "-" "Mozilla/5.0 (Windows NT 10.0; Win64; x64) AppleWebKit/537.36 (KHTML, like Gecko) Chrome/145.0.0.0 Safari/537.36 (compatible; meta-externalagent/1.1 (+https://developers.facebook.com/docs/sharing/webmasters/crawler))" "-"
216.73.217.0 - - [29/Aug/2026:03:27:10 +0200] "GET /?k=44526268257 HTTP/1.1" 429 267 typfit.de "-" "Mozilla/5.0 AppleWebKit/537.36 (KHTML, like Gecko; compatible; ClaudeBot/1.0; +claudebot@anthropic.com)" "-"
216.73.217.0 - - [29/Aug/2026:03:27:15 +0200] "GET /?z=67051783206 HTTP/1.1" 429 267 typfit.de "-" "Mozilla/5.0 AppleWebKit/537.36 (KHTML, like Gecko; compatible; ClaudeBot/1.0; +claudebot@anthropic.com)" "-"
2a03:2880:f800:: - - [29/Aug/2026:03:27:18 +0200] "GET /?t=81294992523 HTTP/1.1" 200 194027 typfit.de "-" "Mozilla/5.0 (Windows NT 10.0; Win64; x64) AppleWebKit/537.36 (KHTML, like Gecko) Chrome/145.0.0.0 Safari/537.36 Edg/145.0.0.0 (compatible; meta-externalagent/1.1 (+https://developers.facebook.com/docs/sharing/webmasters/crawler))" "-"
216.73.217.0 - - [29/Aug/2026:03:27:20 +0200] "GET /?i=73512563063 HTTP/1.1" 429 267 typfit.de "-" "Mozilla/5.0 AppleWebKit/537.36 (KHTML, like Gecko; compatible; ClaudeBot/1.0; +claudebot@anthropic.com)" "-"
216.73.217.0 - - [29/Aug/2026:03:27:25 +0200] "GET /?z=3715215722 HTTP/1.1" 429 267 typfit.de "-" "Mozilla/5.0 AppleWebKit/537.36 (KHTML, like Gecko; compatible; ClaudeBot/1.0; +claudebot@anthropic.com)" "-"
216.73.217.0 - - [29/Aug/2026:03:27:30 +0200] "GET /?n=66726353121 HTTP/1.1" 200 194027 typfit.de "-" "Mozilla/5.0 AppleWebKit/537.36 (KHTML, like Gecko; compatible; ClaudeBot/1.0; +claudebot@anthropic.com)" "-"
216.73.217.0 - - [29/Aug/2026:03:27:35 +0200] "GET /?t=83470444574 HTTP/1.1" 200 194027 typfit.de "-" "Mozilla/5.0 AppleWebKit/537.36 (KHTML, like Gecko; compatible; ClaudeBot/1.0; +claudebot@anthropic.com)" "-"
216.73.217.0 - - [29/Aug/2026:03:27:40 +0200] "GET /?e=11799262620 HTTP/1.1" 200 194027 typfit.de "-" "Mozilla/5.0 AppleWebKit/537.36 (KHTML, like Gecko; compatible; ClaudeBot/1.0; +claudebot@anthropic.com)" "-"
216.73.217.0 - - [29/Aug/2026:03:27:45 +0200] "GET /?h=62482328136 HTTP/1.1" 200 194027 typfit.de "-" "Mozilla/5.0 AppleWebKit/537.36 (KHTML, like Gecko; compatible; ClaudeBot/1.0; +claudebot@anthropic.com)" "-"
104.207.58.0 - - [29/Aug/2026:03:27:47 +0200] "GET /wp-login.php HTTP/1.1" 200 61004 typfit.de "-" "Mozilla/5.0 (compatible; MyApp/1.0)" "-"
216.73.217.0 - - [29/Aug/2026:03:27:50 +0200] "GET /?i=84370063183 HTTP/1.1" 200 194027 typfit.de "-" "Mozilla/5.0 AppleWebKit/537.36 (KHTML, like Gecko; compatible; ClaudeBot/1.0; +claudebot@anthropic.com)" "-"
2a03:2880:f800:: - - [29/Aug/2026:03:27:50 +0200] "GET /?k=89120662966 HTTP/1.1" 200 194027 typfit.de "-" "Mozilla/5.0 (Macintosh; Intel Mac OS X 10_15_7) AppleWebKit/537.36 (KHTML, like Gecko) Chrome/145.0.0.0 Safari/537.36 (compatible; meta-externalagent/1.1 (+https://developers.facebook.com/docs/sharing/webmasters/crawler))" "-"
65.111.23.0 - - [29/Aug/2026:03:27:55 +0200] "GET /wp-login.php HTTP/1.1" 200 61004 typfit.de "-" "Mozilla/5.0 (compatible; MyApp/1.0)" "-"
216.73.217.0 - - [29/Aug/2026:03:27:55 +0200] "GET /?n=92533286603 HTTP/1.1" 200 194027 typfit.de "-" "Mozilla/5.0 AppleWebKit/537.36 (KHTML, like Gecko; compatible; ClaudeBot/1.0; +claudebot@anthropic.com)" "-"
104.207.58.0 - - [29/Aug/2026:03:27:59 +0200] "POST /wp-login.php HTTP/1.1" 302 52108 typfit.de "-" "Mozilla/5.0 (compatible; MyApp/1.0)" "-"
216.73.217.0 - - [29/Aug/2026:03:28:00 +0200] "GET /?t=19182884396 HTTP/1.1" 200 194027 typfit.de "-" "Mozilla/5.0 AppleWebKit/537.36 (KHTML, like Gecko; compatible; ClaudeBot/1.0; +claudebot@anthropic.com)" "-"
104.207.58.0 - - [29/Aug/2026:03:28:01 +0200] "GET /wp-login.php?redirect_to=%2Fwp-admin%2F&action=confirm_admin_email&wp_lang=de_DE HTTP/1.1" 200 54177 typfit.de "-" "Mozilla/5.0 (compatible; MyApp/1.0)" "-"
2a03:2880:f800:: - - [29/Aug/2026:03:28:01 +0200] "GET /?z=97607142346 HTTP/1.1" 200 194027 typfit.de "-" "Mozilla/5.0 (Macintosh; Intel Mac OS X 10_15_7) AppleWebKit/537.36 (KHTML, like Gecko) Chrome/145.0.0.0 Safari/537.36 (compatible; meta-externalagent/1.1 (+https://developers.facebook.com/docs/sharing/webmasters/crawler))" "-"
104.207.58.0 - - [29/Aug/2026:03:28:02 +0200] "GET /wp-admin/admin-ajax.php?action=rest-nonce HTTP/1.1" 200 49722 typfit.de "-" "Mozilla/5.0 (compatible; MyApp/1.0)" "-"
216.73.217.0 - - [29/Aug/2026:03:28:05 +0200] "GET /?i=28723255667 HTTP/1.1" 200 194027 typfit.de "-" "Mozilla/5.0 AppleWebKit/537.36 (KHTML, like Gecko; compatible; ClaudeBot/1.0; +claudebot@anthropic.com)" "-"
65.111.23.0 - - [29/Aug/2026:03:28:07 +0200] "POST /wp-login.php HTTP/1.1" 302 52108 typfit.de "-" "Mozilla/5.0 (compatible; MyApp/1.0)" "-"
65.111.23.0 - - [29/Aug/2026:03:28:08 +0200] "GET /wp-login.php?redirect_to=%2Fwp-admin%2F&action=confirm_admin_email&wp_lang=de_DE HTTP/1.1" 200 54177 typfit.de "-" "Mozilla/5.0 (compatible; MyApp/1.0)" "-"
65.111.23.0 - - [29/Aug/2026:03:28:10 +0200] "GET /wp-admin/admin-ajax.php?action=rest-nonce HTTP/1.1" 200 49722 typfit.de "-" "Mozilla/5.0 (compatible; MyApp/1.0)" "-"
216.73.217.0 - - [29/Aug/2026:03:28:11 +0200] "GET /?n=14124422363 HTTP/1.1" 200 194027 typfit.de "-" "Mozilla/5.0 AppleWebKit/537.36 (KHTML, like Gecko; compatible; ClaudeBot/1.0; +claudebot@anthropic.com)" "-"
2a03:2880:f800:: - - [29/Aug/2026:03:28:13 +0200] "GET /?k=32150084540 HTTP/1.1" 200 194027 typfit.de "-" "Mozilla/5.0 (Macintosh; Intel Mac OS X 10_15_7) AppleWebKit/537.36 (KHTML, like Gecko) Chrome/145.0.0.0 Safari/537.36 (compatible; meta-externalagent/1.1 (+https://developers.facebook.com/docs/sharing/webmasters/crawler))" "-"
216.73.217.0 - - [29/Aug/2026:03:28:16 +0200] "GET /?i=83727579106 HTTP/1.1" 200 194027 typfit.de "-" "Mozilla/5.0 AppleWebKit/537.36 (KHTML, like Gecko; compatible; ClaudeBot/1.0; +claudebot@anthropic.com)" "-"
2a03:2880:f800:: - - [29/Aug/2026:03:28:20 +0200] "GET /?n=5957449634 HTTP/1.1" 429 267 typfit.de "-" "Mozilla/5.0 (Windows NT 10.0; Win64; x64) AppleWebKit/537.36 (KHTML, like Gecko) Chrome/145.0.0.0 Safari/537.36 (compatible; meta-externalagent/1.1 (+https://developers.facebook.com/docs/sharing/webmasters/crawler))" "-"
216.73.217.0 - - [29/Aug/2026:03:28:21 +0200] "GET /?o=7378100154 HTTP/1.1" 200 194027 typfit.de "-" "Mozilla/5.0 AppleWebKit/537.36 (KHTML, like Gecko; compatible; ClaudeBot/1.0; +claudebot@anthropic.com)" "-"
114.119.133.0 - - [29/Aug/2026:03:28:23 +0200] "GET /?e=64326491354 HTTP/1.1" 200 52109 www.typfit.de "http://www.typfit.de/sitemap.xml" "Mozilla/5.0 (Linux; Android 7.0;) AppleWebKit/537.36 (HTML, like Gecko) Mobile Safari/537.36 (compatible; PetalBot;+https://webmaster.petalsearch.com/site/petalbot)" "-"
104.207.37.0 - - [29/Aug/2026:03:28:28 +0200] "GET /wp-login.php HTTP/1.1" 200 61004 typfit.de "-" "Mozilla/5.0 (compatible; MyApp/1.0)" "-"
104.207.37.0 - - [29/Aug/2026:03:28:30 +0200] "POST /wp-login.php HTTP/1.1" 302 52108 typfit.de "-" "Mozilla/5.0 (compatible; MyApp/1.0)" "-"
104.207.37.0 - - [29/Aug/2026:03:28:32 +0200] "GET /wp-login.php?redirect_to=%2Fwp-admin%2F&action=confirm_admin_email&wp_lang=de_DE HTTP/1.1" 200 54177 typfit.de "-" "Mozilla/5.0 (compatible; MyApp/1.0)" "-"
2a03:2880:f800:: - - [29/Aug/2026:03:28:33 +0200] "GET /?o=48221862927 HTTP/1.1" 429 267 typfit.de "-" "Mozilla/5.0 (Macintosh; Intel Mac OS X 10_15_7) AppleWebKit/537.36 (KHTML, like Gecko) Chrome/145.0.0.0 Safari/537.36 (compatible; meta-externalagent/1.1 (+https://developers.facebook.com/docs/sharing/webmasters/crawler))" "-"
104.207.37.0 - - [29/Aug/2026:03:28:34 +0200] "GET /wp-admin/admin-ajax.php?action=rest-nonce HTTP/1.1" 200 49722 typfit.de "-" "Mozilla/5.0 (compatible; MyApp/1.0)" "-"
2a03:2880:f800:: - - [29/Aug/2026:03:28:44 +0200] "GET /?t=61106135207 HTTP/1.1" 429 267 typfit.de "-" "Mozilla/5.0 (Windows NT 10.0; Win64; x64) AppleWebKit/537.36 (KHTML, like Gecko) Chrome/145.0.0.0 Safari/537.36 (compatible; meta-externalagent/1.1 (+https://developers.facebook.com/docs/sharing/webmasters/crawler))" "-"
2a03:2880:f800:: - - [29/Aug/2026:03:28:48 +0200] "GET /?n=54663126048 HTTP/1.1" 429 267 typfit.de "-" "Mozilla/5.0 (Windows NT 10.0; Win64; x64) AppleWebKit/537.36 (KHTML, like Gecko) Chrome/145.0.0.0 Safari/537.36 (compatible; meta-externalagent/1.1 (+https://developers.facebook.com/docs/sharing/webmasters/crawler))" "-"
2a03:2880:f800:: - - [29/Aug/2026:03:28:48 +0200] "GET /?download=1&path=%2Fusr%2Fbin%2Fdebsums HTTP/1.1" 429 267 typfit.de "-" "Mozilla/5.0 (Windows NT 10.0; Win64; x64) AppleWebKit/537.36 (KHTML, like Gecko) Chrome/146.0.0.0 Safari/537.36 Edg/146.0.0.0 (compatible; meta-externalagent/1.1 (+https://developers.facebook.com/docs/sharing/webmasters/crawler))" "-"
2a03:2880:f800:: - - [29/Aug/2026:03:28:51 +0200] "GET /?p=%2Fusr%2Fbin&edit=1&path=%2Fusr%2Fbin%2Fnisdomainname HTTP/1.1" 429 267 typfit.de "-" "Mozilla/5.0 (Windows NT 10.0; Win64; x64) AppleWebKit/537.36 (KHTML, like Gecko) Chrome/145.0.0.0 Safari/537.36 (compatible; meta-externalagent/1.1 (+https://developers.facebook.com/docs/sharing/webmasters/crawler))" "-"
2a03:2880:f800:: - - [29/Aug/2026:03:28:52 +0200] "GET /?p=%2Fusr%2Fbin&edit=1&path=%2Fusr%2Fbin%2Fpinky HTTP/1.1" 429 267 typfit.de "-" "Mozilla/5.0 (Windows NT 10.0; Win64; x64) AppleWebKit/537.36 (KHTML, like Gecko) Chrome/145.0.0.0 Safari/537.36 (compatible; meta-externalagent/1.1 (+https://developers.facebook.com/docs/sharing/webmasters/crawler))" "-"
2a03:2880:f800:: - - [29/Aug/2026:03:28:56 +0200] "GET /?download=1&path=%2Fusr%2Fbin%2Fxargs HTTP/1.1" 429 267 typfit.de "-" "Mozilla/5.0 (Macintosh; Intel Mac OS X 10_15_7) AppleWebKit/537.36 (KHTML, like Gecko) Chrome/145.0.0.0 Safari/537.36 (compatible; meta-externalagent/1.1 (+https://developers.facebook.com/docs/sharing/webmasters/crawler))" "-"
2a03:2880:f800:: - - [29/Aug/2026:03:28:57 +0200] "GET /?o=5288467684 HTTP/1.1" 429 267 typfit.de "-" "Mozilla/5.0 (Windows NT 10.0; Win64; x64) AppleWebKit/537.36 (KHTML, like Gecko) Chrome/145.0.0.0 Safari/537.36 (compatible; meta-externalagent/1.1 (+https://developers.facebook.com/docs/sharing/webmasters/crawler))" "-"
2a03:2880:f800:: - - [29/Aug/2026:03:29:03 +0200] "GET /?i=60761921488 HTTP/1.1" 429 267 typfit.de "-" "Mozilla/5.0 (Windows NT 10.0; Win64; x64) AppleWebKit/537.36 (KHTML, like Gecko) Chrome/145.0.0.0 Safari/537.36 (compatible; meta-externalagent/1.1 (+https://developers.facebook.com/docs/sharing/webmasters/crawler))" "-"
2a03:2880:f800:: - - [29/Aug/2026:03:29:03 +0200] "GET /?download=1&path=%2Fusr%2Fbin%2Fhipstopgm HTTP/1.1" 429 267 typfit.de "-" "Mozilla/5.0 (Windows NT 10.0; Win64; x64) AppleWebKit/537.36 (KHTML, like Gecko) Chrome/145.0.0.0 Safari/537.36 (compatible; meta-externalagent/1.1 (+https://developers.facebook.com/docs/sharing/webmasters/crawler))" "-"
2a03:2880:f800:: - - [29/Aug/2026:03:29:09 +0200] "GET /?i=80390349858 HTTP/1.1" 429 267 typfit.de "-" "Mozilla/5.0 (Windows NT 10.0; Win64; x64) AppleWebKit/537.36 (KHTML, like Gecko) Chrome/145.0.0.0 Safari/537.36 Edg/145.0.0.0 (compatible; meta-externalagent/1.1 (+https://developers.facebook.com/docs/sharing/webmasters/crawler))" "-"
2a03:2880:f800:: - - [29/Aug/2026:03:29:11 +0200] "GET /?z=89401346798 HTTP/1.1" 429 267 typfit.de "-" "Mozilla/5.0 (Windows NT 10.0; Win64; x64) AppleWebKit/537.36 (KHTML, like Gecko) Chrome/145.0.0.0 Safari/537.36 (compatible; meta-externalagent/1.1 (+https://developers.facebook.com/docs/sharing/webmasters/crawler))" "-"
2a03:2880:f800:: - - [29/Aug/2026:03:29:20 +0200] "GET /?k=74208145145 HTTP/1.1" 200 194027 typfit.de "-" "Mozilla/5.0 (Macintosh; Intel Mac OS X 10.15; rv:147.0) Gecko/20100101 Firefox/147.0 (compatible; meta-externalagent/1.1 (+https://developers.facebook.com/docs/sharing/webmasters/crawler))" "-"
65.111.22.0 - - [29/Aug/2026:03:29:22 +0200] "GET /wp-login.php HTTP/1.1" 200 61004 typfit.de "-" "Mozilla/5.0 (compatible; MyApp/1.0)" "-"
2a03:2880:f800:: - - [29/Aug/2026:03:29:22 +0200] "GET /?p=%2Fhomepages%2F5%2Fd824826599%2Fhtdocs%2Fwp-content&edit=1&path=%2Fhomepages%2F5%2Fd824826599%2Fhtdocs%2Fwp-content%2F8d95c491.php HTTP/1.1" 200 173169 typfit.de "-" "Mozilla/5.0 (Windows NT 10.0; Win64; x64) AppleWebKit/537.36 (KHTML, like Gecko) Chrome/145.0.0.0 Safari/537.36 (compatible; meta-externalagent/1.1 (+https://developers.facebook.com/docs/sharing/webmasters/crawler))" "-"
65.111.22.0 - - [29/Aug/2026:03:29:35 +0200] "POST /wp-login.php HTTP/1.1" 302 52108 typfit.de "-" "Mozilla/5.0 (compatible; MyApp/1.0)" "-"
65.111.22.0 - - [29/Aug/2026:03:29:37 +0200] "GET /wp-login.php?redirect_to=%2Fwp-admin%2F&action=confirm_admin_email&wp_lang=de_DE HTTP/1.1" 200 54177 typfit.de "-" "Mozilla/5.0 (compatible; MyApp/1.0)" "-"
65.111.22.0 - - [29/Aug/2026:03:29:38 +0200] "GET /wp-admin/admin-ajax.php?action=rest-nonce HTTP/1.1" 200 49722 typfit.de "-" "Mozilla/5.0 (compatible; MyApp/1.0)" "-"
2a03:2880:f800:: - - [29/Aug/2026:03:29:39 +0200] "GET /?z=65513558949 HTTP/1.1" 200 194027 typfit.de "-" "Mozilla/5.0 (Macintosh; Intel Mac OS X 10_15_7) AppleWebKit/537.36 (KHTML, like Gecko) Chrome/145.0.0.0 Safari/537.36 (compatible; meta-externalagent/1.1 (+https://developers.facebook.com/docs/sharing/webmasters/crawler))" "-"
40.77.167.0 - - [29/Aug/2026:03:29:46 +0200] "GET /?t=54832322649 HTTP/1.1" 200 189900 typfit.de "-" "Mozilla/5.0 AppleWebKit/537.36 (KHTML, like Gecko; compatible; bingbot/2.0; +http://www.bing.com/bingbot.htm) Chrome/116.0.1938.76 Safari/537.36" "-"
2a03:2880:f800:: - - [29/Aug/2026:03:29:47 +0200] "GET /?o=54199943458 HTTP/1.1" 200 194027 typfit.de "-" "Mozilla/5.0 (Windows NT 10.0; Win64; x64) AppleWebKit/537.36 (KHTML, like Gecko) Chrome/145.0.0.0 Safari/537.36 (compatible; meta-externalagent/1.1 (+https://developers.facebook.com/docs/sharing/webmasters/crawler))" "-"
114.119.137.0 - - [29/Aug/2026:03:29:48 +0200] "GET /?z=67780762445 HTTP/1.1" 200 52109 typfit.de "http://typfit.de/sitemap.xml" "Mozilla/5.0 (Linux; Android 7.0;) AppleWebKit/537.36 (HTML, like Gecko) Mobile Safari/537.36 (compatible; PetalBot;+https://webmaster.petalsearch.com/site/petalbot)" "-"
2a03:2880:f800:: - - [29/Aug/2026:03:29:59 +0200] "GET /?e=14215996978 HTTP/1.1" 200 194027 typfit.de "-" "Mozilla/5.0 (Windows NT 10.0; Win64; x64) AppleWebKit/537.36 (KHTML, like Gecko) Chrome/145.0.0.0 Safari/537.36 (compatible; meta-externalagent/1.1 (+https://developers.facebook.com/docs/sharing/webmasters/crawler))" "-"
2a03:2880:f800:: - - [29/Aug/2026:03:30:08 +0200] "GET /?p=%2Fusr%2Fbin&edit=1&path=%2Fusr%2Fbin%2Fmontage-im6 HTTP/1.1" 200 172038 typfit.de "-" "Mozilla/5.0 (Macintosh; Intel Mac OS X 10_15_7) AppleWebKit/537.36 (KHTML, like Gecko) Chrome/145.0.0.0 Safari/537.36 (compatible; meta-externalagent/1.1 (+https://developers.facebook.com/docs/sharing/webmasters/crawler))" "-"
216.73.217.0 - - [29/Aug/2026:03:30:13 +0200] "GET /?k=70079709161 HTTP/1.1" 200 194027 typfit.de "-" "Mozilla/5.0 AppleWebKit/537.36 (KHTML, like Gecko; compatible; ClaudeBot/1.0; +claudebot@anthropic.com)" "-"
2a03:2880:f800:: - - [29/Aug/2026:03:30:17 +0200] "GET /?r=25333387425 HTTP/1.1" 200 194027 typfit.de "-" "Mozilla/5.0 (Windows NT 10.0; Win64; x64) AppleWebKit/537.36 (KHTML, like Gecko) Chrome/145.0.0.0 Safari/537.36 (compatible; meta-externalagent/1.1 (+https://developers.facebook.com/docs/sharing/webmasters/crawler))" "-"
2a03:2880:f800:: - - [29/Aug/2026:03:30:32 +0200] "GET /?v=28879028456 HTTP/1.1" 200 194027 typfit.de "-" "Mozilla/5.0 (Windows NT 10.0; Win64; x64) AppleWebKit/537.36 (KHTML, like Gecko) Chrome/145.0.0.0 Safari/537.36 (compatible; meta-externalagent/1.1 (+https://developers.facebook.com/docs/sharing/webmasters/crawler))" "-"
2a03:2880:f800:: - - [29/Aug/2026:03:30:38 +0200] "GET /?p=%2Fusr%2Fbin&edit=1&path=%2Fusr%2Fbin%2Fcomm HTTP/1.1" 200 171981 typfit.de "-" "Mozilla/5.0 (Macintosh; Intel Mac OS X 10_15_7) AppleWebKit/537.36 (KHTML, like Gecko) Chrome/145.0.0.0 Safari/537.36 (compatible; meta-externalagent/1.1 (+https://developers.facebook.com/docs/sharing/webmasters/crawler))" "-"
2a03:2880:f800:: - - [29/Aug/2026:03:30:43 +0200] "GET /?i=65378847184 HTTP/1.1" 200 194027 typfit.de "-" "Mozilla/5.0 (X11; Linux x86_64) AppleWebKit/537.36 (KHTML, like Gecko) Chrome/145.0.0.0 Safari/537.36 (compatible; meta-externalagent/1.1 (+https://developers.facebook.com/docs/sharing/webmasters/crawler))" "-"
45.3.50.0 - - [29/Aug/2026:03:30:48 +0200] "GET /wp-login.php HTTP/1.1" 200 61004 typfit.de "-" "Mozilla/5.0 (compatible; MyApp/1.0)" "-"
45.3.50.0 - - [29/Aug/2026:03:30:50 +0200] "POST /wp-login.php HTTP/1.1" 302 52108 typfit.de "-" "Mozilla/5.0 (compatible; MyApp/1.0)" "-"
45.3.50.0 - - [29/Aug/2026:03:30:53 +0200] "GET /wp-login.php?redirect_to=%2Fwp-admin%2F&action=confirm_admin_email&wp_lang=de_DE HTTP/1.1" 200 54177 typfit.de "-" "Mozilla/5.0 (compatible; MyApp/1.0)" "-"
45.3.50.0 - - [29/Aug/2026:03:30:55 +0200] "GET /wp-admin/admin-ajax.php?action=rest-nonce HTTP/1.1" 200 49722 typfit.de "-" "Mozilla/5.0 (compatible; MyApp/1.0)" "-"
43.166.253.0 - - [29/Aug/2026:03:31:04 +0200] "GET /comments/feed/ HTTP/1.1" 200 53751 typfit.de "-" "Mozilla/5.0 (iPhone; CPU iPhone OS 13_2_3 like Mac OS X) AppleWebKit/605.1.15 (KHTML, like Gecko) Version/13.0.3 Mobile/15E148 Safari/604.1" "-"
45.3.37.0 - - [29/Aug/2026:03:31:11 +0200] "GET /wp-login.php HTTP/1.1" 200 61004 typfit.de "-" "Mozilla/5.0 (compatible; MyApp/1.0)" "-"
2a03:2880:f800:: - - [29/Aug/2026:03:31:14 +0200] "GET /?z=33852751494 HTTP/1.1" 200 194027 typfit.de "-" "Mozilla/5.0 (Windows NT 10.0; Win64; x64) AppleWebKit/537.36 (KHTML, like Gecko) Chrome/145.0.0.0 Safari/537.36 (compatible; meta-externalagent/1.1 (+https://developers.facebook.com/docs/sharing/webmasters/crawler))" "-"
114.119.158.0 - - [29/Aug/2026:03:31:16 +0200] "GET /?o=96915414353 HTTP/1.1" 200 52109 typfit.de "http://typfit.de/sitemap.xml" "Mozilla/5.0 (Linux; Android 7.0;) AppleWebKit/537.36 (HTML, like Gecko) Mobile Safari/537.36 (compatible; PetalBot;+https://webmaster.petalsearch.com/site/petalbot)" "-"
45.3.37.0 - - [29/Aug/2026:03:31:23 +0200] "POST /wp-login.php HTTP/1.1" 302 52108 typfit.de "-" "Mozilla/5.0 (compatible; MyApp/1.0)" "-"
45.3.37.0 - - [29/Aug/2026:03:31:25 +0200] "GET /wp-login.php?redirect_to=%2Fwp-admin%2F&action=confirm_admin_email&wp_lang=de_DE HTTP/1.1" 200 54177 typfit.de "-" "Mozilla/5.0 (compatible; MyApp/1.0)" "-"
104.207.42.0 - - [29/Aug/2026:03:31:26 +0200] "GET /wp-login.php HTTP/1.1" 200 61004 typfit.de "-" "Mozilla/5.0 (compatible; MyApp/1.0)" "-"
45.3.37.0 - - [29/Aug/2026:03:31:27 +0200] "GET /wp-admin/admin-ajax.php?action=rest-nonce HTTP/1.1" 200 49722 typfit.de "-" "Mozilla/5.0 (compatible; MyApp/1.0)" "-"
104.207.42.0 - - [29/Aug/2026:03:31:28 +0200] "POST /wp-login.php HTTP/1.1" 302 52108 typfit.de "-" "Mozilla/5.0 (compatible; MyApp/1.0)" "-"
104.207.42.0 - - [29/Aug/2026:03:31:30 +0200] "GET /wp-login.php?redirect_to=%2Fwp-admin%2F&action=confirm_admin_email&wp_lang=de_DE HTTP/1.1" 200 54177 typfit.de "-" "Mozilla/5.0 (compatible; MyApp/1.0)" "-"
104.207.42.0 - - [29/Aug/2026:03:31:32 +0200] "GET /wp-admin/admin-ajax.php?action=rest-nonce HTTP/1.1" 200 49722 typfit.de "-" "Mozilla/5.0 (compatible; MyApp/1.0)" "-"
2a03:2880:f800:: - - [29/Aug/2026:03:31:54 +0200] "GET /?j=34550571715 HTTP/1.1" 200 194027 typfit.de "-" "Mozilla/5.0 (Windows NT 10.0; Win64; x64) AppleWebKit/537.36 (KHTML, like Gecko) Chrome/145.0.0.0 Safari/537.36 (compatible; meta-externalagent/1.1 (+https://developers.facebook.com/docs/sharing/webmasters/crawler))" "-"
2a03:2880:f800:: - - [29/Aug/2026:03:31:57 +0200] "GET / HTTP/1.1" 200 194433 typfit.de "-" "facebookexternalhit/1.1 (+http://www.facebook.com/externalhit_uatext.php)" "-"
2a03:2880:f800:: - - [29/Aug/2026:03:31:59 +0200] "GET /?k=97793945555 HTTP/1.1" 200 194027 typfit.de "-" "Mozilla/5.0 (Macintosh; Intel Mac OS X 10_15_7) AppleWebKit/537.36 (KHTML, like Gecko) Chrome/145.0.0.0 Safari/537.36 (compatible; meta-externalagent/1.1 (+https://developers.facebook.com/docs/sharing/webmasters/crawler))" "-"
2a03:2880:f800:: - - [29/Aug/2026:03:32:02 +0200] "GET /?download=1&path=%2Fusr%2Fbin%2Fpnminterp-gen HTTP/1.1" 200 1344 typfit.de "-" "Mozilla/5.0 (Macintosh; Intel Mac OS X 10_15_7) AppleWebKit/537.36 (KHTML, like Gecko) Chrome/145.0.0.0 Safari/537.36 (compatible; meta-externalagent/1.1 (+https://developers.facebook.com/docs/sharing/webmasters/crawler))" "-"
216.73.217.0 - - [29/Aug/2026:03:32:03 +0200] "GET /sitemap.xml HTTP/1.1" 200 163179 typfit.de "-" "Mozilla/5.0 AppleWebKit/537.36 (KHTML, like Gecko; compatible; ClaudeBot/1.0; +claudebot@anthropic.com)" "-"
2a03:2880:f800:: - - [29/Aug/2026:03:32:07 +0200] "GET /?download=1&path=%2Fusr%2Fbin%2Fdb_replicate HTTP/1.1" 200 14521 typfit.de "-" "Mozilla/5.0 (X11; Linux x86_64) AppleWebKit/537.36 (KHTML, like Gecko) Chrome/145.0.0.0 Safari/537.36 (compatible; meta-externalagent/1.1 (+https://developers.facebook.com/docs/sharing/webmasters/crawler))" "-"
104.207.49.0 - - [29/Aug/2026:03:32:11 +0200] "GET /wp-login.php HTTP/1.1" 200 61004 typfit.de "-" "Mozilla/5.0 (compatible; MyApp/1.0)" "-"
2a03:2880:f800:: - - [29/Aug/2026:03:32:11 +0200] "GET /?p=%2Fhomepages%2F5%2Fd178141238 HTTP/1.1" 200 179350 typfit.de "-" "Mozilla/5.0 (Windows NT 10.0; Win64; x64) AppleWebKit/537.36 (KHTML, like Gecko) Chrome/145.0.0.0 Safari/537.36 (compatible; meta-externalagent/1.1 (+https://developers.facebook.com/docs/sharing/webmasters/crawler))" "-"
104.207.49.0 - - [29/Aug/2026:03:32:14 +0200] "POST /wp-login.php HTTP/1.1" 302 52108 typfit.de "-" "Mozilla/5.0 (compatible; MyApp/1.0)" "-"
2a03:2880:f800:: - - [29/Aug/2026:03:32:15 +0200] "GET /?t=70974111979 HTTP/1.1" 200 194027 typfit.de "-" "Mozilla/5.0 (Windows NT 10.0; Win64; x64) AppleWebKit/537.36 (KHTML, like Gecko) Chrome/145.0.0.0 Safari/537.36 (compatible; meta-externalagent/1.1 (+https://developers.facebook.com/docs/sharing/webmasters/crawler))" "-"
104.207.49.0 - - [29/Aug/2026:03:32:16 +0200] "GET /wp-login.php?redirect_to=%2Fwp-admin%2F&action=confirm_admin_email&wp_lang=de_DE HTTP/1.1" 200 54177 typfit.de "-" "Mozilla/5.0 (compatible; MyApp/1.0)" "-"
104.207.49.0 - - [29/Aug/2026:03:32:18 +0200] "GET /wp-admin/admin-ajax.php?action=rest-nonce HTTP/1.1" 200 49722 typfit.de "-" "Mozilla/5.0 (compatible; MyApp/1.0)" "-"
2a03:2880:f800:: - - [29/Aug/2026:03:32:19 +0200] "GET /?h=18982159679 HTTP/1.1" 200 194027 typfit.de "-" "Mozilla/5.0 (Windows NT 10.0; Win64; x64) AppleWebKit/537.36 (KHTML, like Gecko) Chrome/145.0.0.0 Safari/537.36 (compatible; meta-externalagent/1.1 (+https://developers.facebook.com/docs/sharing/webmasters/crawler))" "-"
2a03:2880:f800:: - - [29/Aug/2026:03:32:22 +0200] "GET /?t=31189666304 HTTP/1.1" 200 194027 typfit.de "-" "Mozilla/5.0 (Windows NT 10.0; Win64; x64) AppleWebKit/537.36 (KHTML, like Gecko) Chrome/145.0.0.0 Safari/537.36 (compatible; meta-externalagent/1.1 (+https://developers.facebook.com/docs/sharing/webmasters/crawler))" "-"
114.119.137.0 - - [29/Aug/2026:03:32:35 +0200] "GET /?k=83670129136 HTTP/1.1" 200 52109 typfit.de "http://typfit.de/sitemap.xml" "Mozilla/5.0 (Linux; Android 7.0;) AppleWebKit/537.36 (HTML, like Gecko) Mobile Safari/537.36 (compatible; PetalBot;+https://webmaster.petalsearch.com/site/petalbot)" "-"
2a03:2880:f800:: - - [29/Aug/2026:03:32:52 +0200] "GET /?b=11831545837 HTTP/1.1" 200 194027 typfit.de "-" "Mozilla/5.0 (Macintosh; Intel Mac OS X 10_15_7) AppleWebKit/537.36 (KHTML, like Gecko) Chrome/145.0.0.0 Safari/537.36 (compatible; meta-externalagent/1.1 (+https://developers.facebook.com/docs/sharing/webmasters/crawler))" "-"
2a03:2880:f800:: - - [29/Aug/2026:03:32:56 +0200] "GET /?download=1&path=%2Fusr%2Fbin%2Funcompress HTTP/1.1" 200 2347 typfit.de "-" "Mozilla/5.0 (Windows NT 10.0; Win64; x64) AppleWebKit/537.36 (KHTML, like Gecko) Chrome/145.0.0.0 Safari/537.36 Edg/145.0.0.0 (compatible; meta-externalagent/1.1 (+https://developers.facebook.com/docs/sharing/webmasters/crawler))" "-"
45.3.47.0 - - [29/Aug/2026:03:32:56 +0200] "GET /wp-login.php HTTP/1.1" 200 61004 typfit.de "-" "Mozilla/5.0 (compatible; MyApp/1.0)" "-"
45.3.47.0 - - [29/Aug/2026:03:33:08 +0200] "POST /wp-login.php HTTP/1.1" 302 52108 typfit.de "-" "Mozilla/5.0 (compatible; MyApp/1.0)" "-"
45.3.47.0 - - [29/Aug/2026:03:33:11 +0200] "GET /wp-login.php?redirect_to=%2Fwp-admin%2F&action=confirm_admin_email&wp_lang=de_DE HTTP/1.1" 200 54177 typfit.de "-" "Mozilla/5.0 (compatible; MyApp/1.0)" "-"
45.3.47.0 - - [29/Aug/2026:03:33:12 +0200] "GET /wp-admin/admin-ajax.php?action=rest-nonce HTTP/1.1" 200 49722 typfit.de "-" "Mozilla/5.0 (compatible; MyApp/1.0)" "-"
2a03:2880:f800:: - - [29/Aug/2026:03:33:14 +0200] "GET /?k=64017786845 HTTP/1.1" 429 267 typfit.de "-" "Mozilla/5.0 (Windows NT 10.0; Win64; x64) AppleWebKit/537.36 (KHTML, like Gecko) Chrome/145.0.0.0 Safari/537.36 (compatible; meta-externalagent/1.1 (+https://developers.facebook.com/docs/sharing/webmasters/crawler))" "-"
104.207.35.0 - - [29/Aug/2026:03:33:33 +0200] "GET /wp-login.php HTTP/1.1" 200 61004 typfit.de "-" "Mozilla/5.0 (compatible; MyApp/1.0)" "-"
45.137.212.0 - - [29/Aug/2026:03:33:41 +0200] "POST / HTTP/1.1" 200 194519 typfit.de "-" "Mozilla/5.0 (Macintosh; Intel Mac OS X 10_15_7) AppleWebKit/605.1.15 (KHTML, like Gecko) Version/18.4 Safari/605.1.15" "-"
2a03:2880:f800:: - - [29/Aug/2026:03:33:42 +0200] "GET /?download=1&path=%2Fusr%2Fbin%2Fgs HTTP/1.1" 429 267 typfit.de "-" "Mozilla/5.0 (Macintosh; Intel Mac OS X 10_15_7) AppleWebKit/537.36 (KHTML, like Gecko) Chrome/145.0.0.0 Safari/537.36 (compatible; meta-externalagent/1.1 (+https://developers.facebook.com/docs/sharing/webmasters/crawler))" "-"
104.207.35.0 - - [29/Aug/2026:03:33:45 +0200] "POST /wp-login.php HTTP/1.1" 302 52108 typfit.de "-" "Mozilla/5.0 (compatible; MyApp/1.0)" "-"
104.207.35.0 - - [29/Aug/2026:03:33:47 +0200] "GET /wp-login.php?redirect_to=%2Fwp-admin%2F&action=confirm_admin_email&wp_lang=de_DE HTTP/1.1" 200 54177 typfit.de "-" "Mozilla/5.0 (compatible; MyApp/1.0)" "-"
104.207.35.0 - - [29/Aug/2026:03:33:50 +0200] "GET /wp-admin/admin-ajax.php?action=rest-nonce HTTP/1.1" 200 49722 typfit.de "-" "Mozilla/5.0 (compatible; MyApp/1.0)" "-"
114.119.137.0 - - [29/Aug/2026:03:33:59 +0200] "GET /?v=70582844067 HTTP/1.1" 200 52109 www.typfit.de "http://www.typfit.de/sitemap.xml" "Mozilla/5.0 (Linux; Android 7.0;) AppleWebKit/537.36 (HTML, like Gecko) Mobile Safari/537.36 (compatible; PetalBot;+https://webmaster.petalsearch.com/site/petalbot)" "-"
2a03:2880:f800:: - - [29/Aug/2026:03:34:10 +0200] "GET / HTTP/1.1" 429 267 typfit.de "-" "facebookexternalhit/1.1 (+http://www.facebook.com/externalhit_uatext.php)" "-"
2a03:2880:f800:: - - [29/Aug/2026:03:34:13 +0200] "GET /?i=65385261372 HTTP/1.1" 429 267 typfit.de "-" "Mozilla/5.0 (Windows NT 10.0; Win64; x64) AppleWebKit/537.36 (KHTML, like Gecko) Chrome/145.0.0.0 Safari/537.36 (compatible; meta-externalagent/1.1 (+https://developers.facebook.com/docs/sharing/webmasters/crawler))" "-"
45.3.41.0 - - [29/Aug/2026:03:34:22 +0200] "GET /wp-login.php HTTP/1.1" 200 61004 typfit.de "-" "Mozilla/5.0 (compatible; MyApp/1.0)" "-"
45.3.41.0 - - [29/Aug/2026:03:34:34 +0200] "POST /wp-login.php HTTP/1.1" 302 52108 typfit.de "-" "Mozilla/5.0 (compatible; MyApp/1.0)" "-"
45.3.41.0 - - [29/Aug/2026:03:34:36 +0200] "GET /wp-login.php?redirect_to=%2Fwp-admin%2F&action=confirm_admin_email&wp_lang=de_DE HTTP/1.1" 200 54177 typfit.de "-" "Mozilla/5.0 (compatible; MyApp/1.0)" "-"
45.3.54.0 - - [29/Aug/2026:03:34:38 +0200] "GET /wp-login.php HTTP/1.1" 200 61004 typfit.de "-" "Mozilla/5.0 (compatible; MyApp/1.0)" "-"
45.3.41.0 - - [29/Aug/2026:03:34:38 +0200] "GET /wp-admin/admin-ajax.php?action=rest-nonce HTTP/1.1" 200 49722 typfit.de "-" "Mozilla/5.0 (compatible; MyApp/1.0)" "-"
2a03:2880:f800:: - - [29/Aug/2026:03:34:46 +0200] "GET /?v=59024392677 HTTP/1.1" 200 194027 typfit.de "-" "Mozilla/5.0 (Windows NT 10.0; Win64; x64) AppleWebKit/537.36 (KHTML, like Gecko) Chrome/145.0.0.0 Safari/537.36 (compatible; meta-externalagent/1.1 (+https://developers.facebook.com/docs/sharing/webmasters/crawler))" "-"
216.73.217.0 - - [29/Aug/2026:03:34:47 +0200] "GET /?r=44159004979 HTTP/1.1" 200 194027 typfit.de "-" "Mozilla/5.0 AppleWebKit/537.36 (KHTML, like Gecko; compatible; ClaudeBot/1.0; +claudebot@anthropic.com)" "-"
45.3.54.0 - - [29/Aug/2026:03:34:50 +0200] "POST /wp-login.php HTTP/1.1" 302 52108 typfit.de "-" "Mozilla/5.0 (compatible; MyApp/1.0)" "-"
2a03:2880:f800:: - - [29/Aug/2026:03:34:50 +0200] "GET /?t=50897629226 HTTP/1.1" 200 194027 typfit.de "-" "Mozilla/5.0 (Windows NT 10.0; Win64; x64) AppleWebKit/537.36 (KHTML, like Gecko) Chrome/145.0.0.0 Safari/537.36 (compatible; meta-externalagent/1.1 (+https://developers.facebook.com/docs/sharing/webmasters/crawler))" "-"
45.3.54.0 - - [29/Aug/2026:03:34:51 +0200] "GET /wp-login.php?redirect_to=%2Fwp-admin%2F&action=confirm_admin_email&wp_lang=de_DE HTTP/1.1" 200 54177 typfit.de "-" "Mozilla/5.0 (compatible; MyApp/1.0)" "-"
45.3.54.0 - - [29/Aug/2026:03:34:53 +0200] "GET /wp-admin/admin-ajax.php?action=rest-nonce HTTP/1.1" 200 49722 typfit.de "-" "Mozilla/5.0 (compatible; MyApp/1.0)" "-"
2a03:2880:f800:: - - [29/Aug/2026:03:34:54 +0200] "GET /?p=%2Fusr%2Fbin&edit=1&path=%2Fusr%2Fbin%2Fpod2text HTTP/1.1" 200 183654 typfit.de "-" "Mozilla/5.0 (Windows NT 10.0; Win64; x64) AppleWebKit/537.36 (KHTML, like Gecko) Chrome/145.0.0.0 Safari/537.36 (compatible; meta-externalagent/1.1 (+https://developers.facebook.com/docs/sharing/webmasters/crawler))" "-"
104.207.57.0 - - [29/Aug/2026:03:35:00 +0200] "GET /wp-login.php HTTP/1.1" 200 61004 typfit.de "-" "Mozilla/5.0 (compatible; MyApp/1.0)" "-"
2a03:2880:f800:: - - [29/Aug/2026:03:35:01 +0200] "GET /?i=18281256985 HTTP/1.1" 200 194027 typfit.de "-" "Mozilla/5.0 (Windows NT 10.0; Win64; x64) AppleWebKit/537.36 (KHTML, like Gecko) Chrome/145.0.0.0 Safari/537.36 (compatible; meta-externalagent/1.1 (+https://developers.facebook.com/docs/sharing/webmasters/crawler))" "-"
104.207.57.0 - - [29/Aug/2026:03:35:12 +0200] "POST /wp-login.php HTTP/1.1" 302 52108 typfit.de "-" "Mozilla/5.0 (compatible; MyApp/1.0)" "-"
104.207.57.0 - - [29/Aug/2026:03:35:13 +0200] "GET /wp-login.php?redirect_to=%2Fwp-admin%2F&action=confirm_admin_email&wp_lang=de_DE HTTP/1.1" 200 54177 typfit.de "-" "Mozilla/5.0 (compatible; MyApp/1.0)" "-"
104.207.57.0 - - [29/Aug/2026:03:35:16 +0200] "GET /wp-admin/admin-ajax.php?action=rest-nonce HTTP/1.1" 200 49722 typfit.de "-" "Mozilla/5.0 (compatible; MyApp/1.0)" "-"
114.119.157.0 - - [29/Aug/2026:03:35:23 +0200] "GET /?b=66637734403 HTTP/1.1" 200 52109 www.typfit.de "http://www.typfit.de/sitemap.xml" "Mozilla/5.0 (Linux; Android 7.0;) AppleWebKit/537.36 (HTML, like Gecko) Mobile Safari/537.36 (compatible; PetalBot;+https://webmaster.petalsearch.com/site/petalbot)" "-"
216.73.217.0 - - [29/Aug/2026:03:35:23 +0200] "GET /?t=20382175477 HTTP/1.1" 200 194027 typfit.de "-" "Mozilla/5.0 AppleWebKit/537.36 (KHTML, like Gecko; compatible; ClaudeBot/1.0; +claudebot@anthropic.com)" "-"
2a03:2880:f800:: - - [29/Aug/2026:03:35:37 +0200] "GET /?r=75512551924 HTTP/1.1" 200 194027 typfit.de "-" "Mozilla/5.0 (Windows NT 10.0; Win64; x64) AppleWebKit/537.36 (KHTML, like Gecko) Chrome/145.0.0.0 Safari/537.36 (compatible; meta-externalagent/1.1 (+https://developers.facebook.com/docs/sharing/webmasters/crawler))" "-"
2a03:2880:f800:: - - [29/Aug/2026:03:35:49 +0200] "GET /?j=6585794327 HTTP/1.1" 200 194027 typfit.de "-" "Mozilla/5.0 (Windows NT 10.0; Win64; x64) AppleWebKit/537.36 (KHTML, like Gecko) Chrome/145.0.0.0 Safari/537.36 (compatible; meta-externalagent/1.1 (+https://developers.facebook.com/docs/sharing/webmasters/crawler))" "-"
2a03:2880:f800:: - - [29/Aug/2026:03:36:23 +0200] "GET /?v=77436517788 HTTP/1.1" 200 194027 typfit.de "-" "Mozilla/5.0 (X11; Linux x86_64) AppleWebKit/537.36 (KHTML, like Gecko) Chrome/145.0.0.0 Safari/537.36 (compatible; meta-externalagent/1.1 (+https://developers.facebook.com/docs/sharing/webmasters/crawler))" "-"
2a03:2880:f800:: - - [29/Aug/2026:03:36:25 +0200] "GET /?p=%2Fusr%2Fbin&edit=1&path=%2Fusr%2Fbin%2Fcvs-switchroot HTTP/1.1" 200 174974 typfit.de "-" "Mozilla/5.0 (Macintosh; Intel Mac OS X 10_15_7) AppleWebKit/537.36 (KHTML, like Gecko) Chrome/145.0.0.0 Safari/537.36 (compatible; meta-externalagent/1.1 (+https://developers.facebook.com/docs/sharing/webmasters/crawler))" "-"
2a03:2880:f800:: - - [29/Aug/2026:03:36:31 +0200] "GET /?n=87157250572 HTTP/1.1" 200 194027 typfit.de "-" "Mozilla/5.0 (Macintosh; Intel Mac OS X 10_15_7) AppleWebKit/537.36 (KHTML, like Gecko) Chrome/145.0.0.0 Safari/537.36 (compatible; meta-externalagent/1.1 (+https://developers.facebook.com/docs/sharing/webmasters/crawler))" "-"
2a03:2880:f800:: - - [29/Aug/2026:03:36:58 +0200] "GET / HTTP/1.1" 200 194433 typfit.de "-" "facebookexternalhit/1.1 (+http://www.facebook.com/externalhit_uatext.php)" "-"
2a03:2880:f800:: - - [29/Aug/2026:03:37:02 +0200] "GET /?k=92746861284 HTTP/1.1" 200 194027 typfit.de "-" "Mozilla/5.0 (Windows NT 10.0; Win64; x64) AppleWebKit/537.36 (KHTML, like Gecko) Chrome/145.0.0.0 Safari/537.36 (compatible; meta-externalagent/1.1 (+https://developers.facebook.com/docs/sharing/webmasters/crawler))" "-"
65.111.20.0 - - [29/Aug/2026:03:37:07 +0200] "GET /wp-login.php HTTP/1.1" 200 61004 typfit.de "-" "Mozilla/5.0 (compatible; MyApp/1.0)" "-"
2a03:2880:f800:: - - [29/Aug/2026:03:37:08 +0200] "GET /?v=99224002892 HTTP/1.1" 200 194027 typfit.de "-" "Mozilla/5.0 (Windows NT 10.0; Win64; x64) AppleWebKit/537.36 (KHTML, like Gecko) Chrome/145.0.0.0 Safari/537.36 (compatible; meta-externalagent/1.1 (+https://developers.facebook.com/docs/sharing/webmasters/crawler))" "-"
40.77.167.0 - - [29/Aug/2026:03:37:09 +0200] "GET /?e=32441229670 HTTP/1.1" 200 195812 typfit.de "-" "Mozilla/5.0 AppleWebKit/537.36 (KHTML, like Gecko; compatible; bingbot/2.0; +http://www.bing.com/bingbot.htm) Chrome/116.0.1938.76 Safari/537.36" "-"
2a03:2880:f800:: - - [29/Aug/2026:03:37:13 +0200] "GET /?k=72490262143 HTTP/1.1" 200 194027 typfit.de "-" "Mozilla/5.0 (Windows NT 10.0; Win64; x64) AppleWebKit/537.36 (KHTML, like Gecko) Chrome/145.0.0.0 Safari/537.36 (compatible; meta-externalagent/1.1 (+https://developers.facebook.com/docs/sharing/webmasters/crawler))" "-"
45.3.52.0 - - [29/Aug/2026:03:37:18 +0200] "GET /wp-login.php HTTP/1.1" 200 61004 typfit.de "-" "Mozilla/5.0 (compatible; MyApp/1.0)" "-"
65.111.20.0 - - [29/Aug/2026:03:37:19 +0200] "POST /wp-login.php HTTP/1.1" 302 52108 typfit.de "-" "Mozilla/5.0 (compatible; MyApp/1.0)" "-"
65.111.20.0 - - [29/Aug/2026:03:37:21 +0200] "GET /wp-login.php?redirect_to=%2Fwp-admin%2F&action=confirm_admin_email&wp_lang=de_DE HTTP/1.1" 200 54177 typfit.de "-" "Mozilla/5.0 (compatible; MyApp/1.0)" "-"
65.111.20.0 - - [29/Aug/2026:03:37:24 +0200] "GET /wp-admin/admin-ajax.php?action=rest-nonce HTTP/1.1" 200 49722 typfit.de "-" "Mozilla/5.0 (compatible; MyApp/1.0)" "-"
2a03:2880:f800:: - - [29/Aug/2026:03:37:24 +0200] "GET /?k=90529593572 HTTP/1.1" 200 194027 typfit.de "-" "Mozilla/5.0 (Windows NT 10.0; Win64; x64) AppleWebKit/537.36 (KHTML, like Gecko) Chrome/145.0.0.0 Safari/537.36 (compatible; meta-externalagent/1.1 (+https://developers.facebook.com/docs/sharing/webmasters/crawler))" "-"
45.3.52.0 - - [29/Aug/2026:03:37:30 +0200] "POST /wp-login.php HTTP/1.1" 302 52108 typfit.de "-" "Mozilla/5.0 (compatible; MyApp/1.0)" "-"
45.3.52.0 - - [29/Aug/2026:03:37:32 +0200] "GET /wp-login.php?redirect_to=%2Fwp-admin%2F&action=confirm_admin_email&wp_lang=de_DE HTTP/1.1" 200 54177 typfit.de "-" "Mozilla/5.0 (compatible; MyApp/1.0)" "-"
45.3.52.0 - - [29/Aug/2026:03:37:34 +0200] "GET /wp-admin/admin-ajax.php?action=rest-nonce HTTP/1.1" 200 49722 typfit.de "-" "Mozilla/5.0 (compatible; MyApp/1.0)" "-"
2a03:2880:f800:: - - [29/Aug/2026:03:37:40 +0200] "GET /?h=70338884551 HTTP/1.1" 200 194027 typfit.de "-" "Mozilla/5.0 (Macintosh; Intel Mac OS X 10_15_7) AppleWebKit/537.36 (KHTML, like Gecko) Chrome/145.0.0.0 Safari/537.36 (compatible; meta-externalagent/1.1 (+https://developers.facebook.com/docs/sharing/webmasters/crawler))" "-"
2a03:2880:f800:: - - [29/Aug/2026:03:37:42 +0200] "GET /?r=25340974183 HTTP/1.1" 200 194027 typfit.de "-" "Mozilla/5.0 (Macintosh; Intel Mac OS X 10_15_7) AppleWebKit/537.36 (KHTML, like Gecko) Chrome/145.0.0.0 Safari/537.36 (compatible; meta-externalagent/1.1 (+https://developers.facebook.com/docs/sharing/webmasters/crawler))" "-"
2a03:2880:f800:: - - [29/Aug/2026:03:37:45 +0200] "GET /?j=96800972366 HTTP/1.1" 200 194027 typfit.de "-" "Mozilla/5.0 (Windows NT 10.0; Win64; x64) AppleWebKit/537.36 (KHTML, like Gecko) Chrome/145.0.0.0 Safari/537.36 (compatible; meta-externalagent/1.1 (+https://developers.facebook.com/docs/sharing/webmasters/crawler))" "-"
2a03:2880:f800:: - - [29/Aug/2026:03:38:09 +0200] "GET /?k=79412501395 HTTP/1.1" 200 194027 typfit.de "-" "Mozilla/5.0 (Macintosh; Intel Mac OS X 10_15_7) AppleWebKit/537.36 (KHTML, like Gecko) Chrome/145.0.0.0 Safari/537.36 (compatible; meta-externalagent/1.1 (+https://developers.facebook.com/docs/sharing/webmasters/crawler))" "-"
2a03:2880:f800:: - - [29/Aug/2026:03:38:26 +0200] "GET /?j=76388082309 HTTP/1.1" 200 194027 typfit.de "-" "Mozilla/5.0 (Windows NT 10.0; Win64; x64) AppleWebKit/537.36 (KHTML, like Gecko) Chrome/145.0.0.0 Safari/537.36 (compatible; meta-externalagent/1.1 (+https://developers.facebook.com/docs/sharing/webmasters/crawler))" "-"
2a03:2880:f800:: - - [29/Aug/2026:03:38:51 +0200] "GET /?i=48049581765 HTTP/1.1" 200 194027 typfit.de "-" "Mozilla/5.0 (Windows NT 10.0; Win64; x64) AppleWebKit/537.36 (KHTML, like Gecko) Chrome/145.0.0.0 Safari/537.36 (compatible; meta-externalagent/1.1 (+https://developers.facebook.com/docs/sharing/webmasters/crawler))" "-"
2a03:2880:f800:: - - [29/Aug/2026:03:39:00 +0200] "GET /?t=72101509211 HTTP/1.1" 200 194027 typfit.de "-" "Mozilla/5.0 (Windows NT 10.0; Win64; x64) AppleWebKit/537.36 (KHTML, like Gecko) Chrome/145.0.0.0 Safari/537.36 (compatible; meta-externalagent/1.1 (+https://developers.facebook.com/docs/sharing/webmasters/crawler))" "-"
2a03:2880:f800:: - - [29/Aug/2026:03:39:10 +0200] "GET /?t=12478867929 HTTP/1.1" 429 267 typfit.de "-" "Mozilla/5.0 (Windows NT 10.0; Win64; x64) AppleWebKit/537.36 (KHTML, like Gecko) Chrome/145.0.0.0 Safari/537.36 (compatible; meta-externalagent/1.1 (+https://developers.facebook.com/docs/sharing/webmasters/crawler))" "-"
2a03:2880:f800:: - - [29/Aug/2026:03:39:35 +0200] "GET /?t=75033849986 HTTP/1.1" 429 267 typfit.de "-" "Mozilla/5.0 (Windows NT 10.0; Win64; x64) AppleWebKit/537.36 (KHTML, like Gecko) Chrome/145.0.0.0 Safari/537.36 (compatible; meta-externalagent/1.1 (+https://developers.facebook.com/docs/sharing/webmasters/crawler))" "-"
43.164.133.0 - - [29/Aug/2026:03:40:21 +0200] "GET /?p=%2Fhomepages%2F5%2Fd824826599%2Fhtdocs&edit=1&path=%2Fhomepages%2F5%2Fd824826599%2Fhtdocs%2Flicense.txt HTTP/1.1" 200 192669 typfit.de "-" "Mozilla/5.0 (iPhone; CPU iPhone OS 13_2_3 like Mac OS X) AppleWebKit/605.1.15 (KHTML, like Gecko) Version/13.0.3 Mobile/15E148 Safari/604.1" "-"
2a03:2880:f800:: - - [29/Aug/2026:03:40:23 +0200] "GET /?j=71891254369 HTTP/1.1" 200 194027 typfit.de "-" "Mozilla/5.0 (Macintosh; Intel Mac OS X 10_15_7) AppleWebKit/537.36 (KHTML, like Gecko) Chrome/145.0.0.0 Safari/537.36 (compatible; meta-externalagent/1.1 (+https://developers.facebook.com/docs/sharing/webmasters/crawler))" "-"
2a03:2880:f800:: - - [29/Aug/2026:03:40:40 +0200] "GET /?j=29835187217 HTTP/1.1" 200 194027 typfit.de "-" "Mozilla/5.0 (X11; Linux x86_64) AppleWebKit/537.36 (KHTML, like Gecko) Chrome/145.0.0.0 Safari/537.36 (compatible; meta-externalagent/1.1 (+https://developers.facebook.com/docs/sharing/webmasters/crawler))" "-"
2a03:2880:f800:: - - [29/Aug/2026:03:40:44 +0200] "GET /?v=16322432114 HTTP/1.1" 200 194027 typfit.de "-" "Mozilla/5.0 (Windows NT 10.0; Win64; x64) AppleWebKit/537.36 (KHTML, like Gecko) Chrome/145.0.0.0 Safari/537.36 (compatible; meta-externalagent/1.1 (+https://developers.facebook.com/docs/sharing/webmasters/crawler))" "-"
