2a03:2880:f800:: - - [29/Aug/2026:02:32:47 +0200] "GET /?download=1&path=%2Fusr%2Fbin%2Flslogins HTTP/1.1" 200 67817 typfit.de "-" "Mozilla/5.0 (X11; Linux x86_64) AppleWebKit/537.36 (KHTML, like Gecko) Chrome/145.0.0.0 Safari/537.36 (compatible; meta-externalagent/1.1 (+https://developers.facebook.com/docs/sharing/webmasters/crawler))" "-"
65.111.21.0 - - [29/Aug/2026:02:32:48 +0200] "GET /wp-login.php HTTP/1.1" 200 61004 typfit.de "-" "Mozilla/5.0 (compatible; MyApp/1.0)" "-"
65.111.21.0 - - [29/Aug/2026:02:32:50 +0200] "POST /wp-login.php HTTP/1.1" 302 52108 typfit.de "-" "Mozilla/5.0 (compatible; MyApp/1.0)" "-"
2a03:2880:f800:: - - [29/Aug/2026:02:32:50 +0200] "GET /?p=%2Fusr%2Fbin&edit=1&path=%2Fusr%2Fbin%2F%5B HTTP/1.1" 200 171970 typfit.de "-" "Mozilla/5.0 (Macintosh; Intel Mac OS X 10_15_7) AppleWebKit/537.36 (KHTML, like Gecko) Chrome/145.0.0.0 Safari/537.36 (compatible; meta-externalagent/1.1 (+https://developers.facebook.com/docs/sharing/webmasters/crawler))" "-"
65.111.21.0 - - [29/Aug/2026:02:32:52 +0200] "GET /wp-login.php?redirect_to=%2Fwp-admin%2F&action=confirm_admin_email&wp_lang=de_DE HTTP/1.1" 200 54177 typfit.de "-" "Mozilla/5.0 (compatible; MyApp/1.0)" "-"
2a03:2880:f800:: - - [29/Aug/2026:02:32:53 +0200] "GET /?download=1&path=%2Fusr%2Fbin%2Fh2ph HTTP/1.1" 200 29225 typfit.de "-" "Mozilla/5.0 (Windows NT 10.0; Win64; x64) AppleWebKit/537.36 (KHTML, like Gecko) Chrome/145.0.0.0 Safari/537.36 (compatible; meta-externalagent/1.1 (+https://developers.facebook.com/docs/sharing/webmasters/crawler))" "-"
65.111.21.0 - - [29/Aug/2026:02:32:54 +0200] "GET /wp-admin/admin-ajax.php?action=rest-nonce HTTP/1.1" 200 49722 typfit.de "-" "Mozilla/5.0 (compatible; MyApp/1.0)" "-"
2a03:2880:f800:: - - [29/Aug/2026:02:33:02 +0200] "GET /?k=97580406270 HTTP/1.1" 200 194027 typfit.de "-" "Mozilla/5.0 (Macintosh; Intel Mac OS X 10_15_7) AppleWebKit/537.36 (KHTML, like Gecko) Chrome/145.0.0.0 Safari/537.36 (compatible; meta-externalagent/1.1 (+https://developers.facebook.com/docs/sharing/webmasters/crawler))" "-"
2a03:2880:f800:: - - [29/Aug/2026:02:33:06 +0200] "GET /?r=23914325115 HTTP/1.1" 200 194027 typfit.de "-" "Mozilla/5.0 (Windows NT 10.0; Win64; x64) AppleWebKit/537.36 (KHTML, like Gecko) Chrome/145.0.0.0 Safari/537.36 (compatible; meta-externalagent/1.1 (+https://developers.facebook.com/docs/sharing/webmasters/crawler))" "-"
2a03:2880:f800:: - - [29/Aug/2026:02:33:10 +0200] "GET /?o=76060437002 HTTP/1.1" 200 194027 typfit.de "-" "Mozilla/5.0 (Windows NT 10.0; Win64; x64) AppleWebKit/537.36 (KHTML, like Gecko) Chrome/145.0.0.0 Safari/537.36 (compatible; meta-externalagent/1.1 (+https://developers.facebook.com/docs/sharing/webmasters/crawler))" "-"
2a03:2880:f800:: - - [29/Aug/2026:02:33:19 +0200] "GET /?z=28848304276 HTTP/1.1" 200 194027 typfit.de "-" "Mozilla/5.0 (Macintosh; Intel Mac OS X 10_15_7) AppleWebKit/537.36 (KHTML, like Gecko) Chrome/145.0.0.0 Safari/537.36 (compatible; meta-externalagent/1.1 (+https://developers.facebook.com/docs/sharing/webmasters/crawler))" "-"
2a03:2880:f800:: - - [29/Aug/2026:02:33:22 +0200] "GET /?h=63720561654 HTTP/1.1" 200 194027 typfit.de "-" "Mozilla/5.0 (Windows NT 10.0; Win64; x64) AppleWebKit/537.36 (KHTML, like Gecko) Chrome/145.0.0.0 Safari/537.36 (compatible; meta-externalagent/1.1 (+https://developers.facebook.com/docs/sharing/webmasters/crawler))" "-"
2a03:2880:f800:: - - [29/Aug/2026:02:33:28 +0200] "GET /?n=59164349256 HTTP/1.1" 200 194027 typfit.de "-" "Mozilla/5.0 (Windows NT 10.0; Win64; x64) AppleWebKit/537.36 (KHTML, like Gecko) Chrome/145.0.0.0 Safari/537.36 (compatible; meta-externalagent/1.1 (+https://developers.facebook.com/docs/sharing/webmasters/crawler))" "-"
66.249.70.0 - - [29/Aug/2026:02:33:33 +0200] "GET /shop.php?shop/items/T194619282 HTTP/1.1" 200 206935 typfit.de "-" "Mozilla/5.0 (Linux; Android 6.0.1; Nexus 5X Build/MMB29P) AppleWebKit/537.36 (KHTML, like Gecko) Chrome/151.0.7922.173 Mobile Safari/537.36 (compatible; Googlebot/2.1; +http://www.google.com/bot.html)" "-"
2a03:2880:f800:: - - [29/Aug/2026:02:33:51 +0200] "GET / HTTP/1.1" 200 194433 typfit.de "-" "facebookexternalhit/1.1 (+http://www.facebook.com/externalhit_uatext.php)" "-"
2a03:2880:f800:: - - [29/Aug/2026:02:33:53 +0200] "GET /?k=65997323411 HTTP/1.1" 200 194027 typfit.de "-" "Mozilla/5.0 (Windows NT 10.0; Win64; x64) AppleWebKit/537.36 (KHTML, like Gecko) Chrome/145.0.0.0 Safari/537.36 (compatible; meta-externalagent/1.1 (+https://developers.facebook.com/docs/sharing/webmasters/crawler))" "-"
2a03:2880:f800:: - - [29/Aug/2026:02:33:57 +0200] "GET /?n=41614943013 HTTP/1.1" 200 194027 typfit.de "-" "Mozilla/5.0 (Macintosh; Intel Mac OS X 10_15_7) AppleWebKit/537.36 (KHTML, like Gecko) Chrome/145.0.0.0 Safari/537.36 (compatible; meta-externalagent/1.1 (+https://developers.facebook.com/docs/sharing/webmasters/crawler))" "-"
2a03:2880:f800:: - - [29/Aug/2026:02:34:00 +0200] "GET /?n=93300405272 HTTP/1.1" 429 267 typfit.de "-" "Mozilla/5.0 (X11; Linux x86_64) AppleWebKit/537.36 (KHTML, like Gecko) Chrome/145.0.0.0 Safari/537.36 (compatible; meta-externalagent/1.1 (+https://developers.facebook.com/docs/sharing/webmasters/crawler))" "-"
45.3.44.0 - - [29/Aug/2026:02:34:08 +0200] "GET /wp-login.php HTTP/1.1" 200 61004 typfit.de "-" "Mozilla/5.0 (compatible; MyApp/1.0)" "-"
104.207.43.0 - - [29/Aug/2026:02:34:11 +0200] "GET /wp-login.php HTTP/1.1" 200 61004 typfit.de "-" "Mozilla/5.0 (compatible; MyApp/1.0)" "-"
104.207.43.0 - - [29/Aug/2026:02:34:13 +0200] "POST /wp-login.php HTTP/1.1" 302 52108 typfit.de "-" "Mozilla/5.0 (compatible; MyApp/1.0)" "-"
65.111.2.0 - - [29/Aug/2026:02:34:15 +0200] "GET /wp-login.php HTTP/1.1" 200 61004 typfit.de "-" "Mozilla/5.0 (compatible; MyApp/1.0)" "-"
104.207.43.0 - - [29/Aug/2026:02:34:15 +0200] "GET /wp-login.php?redirect_to=%2Fwp-admin%2F&action=confirm_admin_email&wp_lang=de_DE HTTP/1.1" 200 54177 typfit.de "-" "Mozilla/5.0 (compatible; MyApp/1.0)" "-"
104.207.48.0 - - [29/Aug/2026:02:34:15 +0200] "GET /wp-login.php HTTP/1.1" 200 61004 typfit.de "-" "Mozilla/5.0 (compatible; MyApp/1.0)" "-"
65.111.2.0 - - [29/Aug/2026:02:34:16 +0200] "POST /wp-login.php HTTP/1.1" 302 52108 typfit.de "-" "Mozilla/5.0 (compatible; MyApp/1.0)" "-"
104.207.43.0 - - [29/Aug/2026:02:34:17 +0200] "GET /wp-admin/admin-ajax.php?action=rest-nonce HTTP/1.1" 200 49722 typfit.de "-" "Mozilla/5.0 (compatible; MyApp/1.0)" "-"
65.111.2.0 - - [29/Aug/2026:02:34:18 +0200] "GET /wp-login.php?redirect_to=%2Fwp-admin%2F&action=confirm_admin_email&wp_lang=de_DE HTTP/1.1" 200 54177 typfit.de "-" "Mozilla/5.0 (compatible; MyApp/1.0)" "-"
65.111.2.0 - - [29/Aug/2026:02:34:20 +0200] "GET /wp-admin/admin-ajax.php?action=rest-nonce HTTP/1.1" 200 49722 typfit.de "-" "Mozilla/5.0 (compatible; MyApp/1.0)" "-"
45.3.44.0 - - [29/Aug/2026:02:34:21 +0200] "POST /wp-login.php HTTP/1.1" 302 52108 typfit.de "-" "Mozilla/5.0 (compatible; MyApp/1.0)" "-"
45.3.44.0 - - [29/Aug/2026:02:34:21 +0200] "GET /wp-login.php?redirect_to=%2Fwp-admin%2F&action=confirm_admin_email&wp_lang=de_DE HTTP/1.1" 200 54177 typfit.de "-" "Mozilla/5.0 (compatible; MyApp/1.0)" "-"
45.3.44.0 - - [29/Aug/2026:02:34:22 +0200] "GET /wp-admin/admin-ajax.php?action=rest-nonce HTTP/1.1" 200 49722 typfit.de "-" "Mozilla/5.0 (compatible; MyApp/1.0)" "-"
104.207.48.0 - - [29/Aug/2026:02:34:27 +0200] "POST /wp-login.php HTTP/1.1" 302 52108 typfit.de "-" "Mozilla/5.0 (compatible; MyApp/1.0)" "-"
104.207.48.0 - - [29/Aug/2026:02:34:29 +0200] "GET /wp-login.php?redirect_to=%2Fwp-admin%2F&action=confirm_admin_email&wp_lang=de_DE HTTP/1.1" 200 54177 typfit.de "-" "Mozilla/5.0 (compatible; MyApp/1.0)" "-"
2a03:2880:f800:: - - [29/Aug/2026:02:34:31 +0200] "GET /?r=89919506353 HTTP/1.1" 429 267 typfit.de "-" "Mozilla/5.0 (Windows NT 10.0; Win64; x64) AppleWebKit/537.36 (KHTML, like Gecko) Chrome/145.0.0.0 Safari/537.36 (compatible; meta-externalagent/1.1 (+https://developers.facebook.com/docs/sharing/webmasters/crawler))" "-"
104.207.48.0 - - [29/Aug/2026:02:34:31 +0200] "GET /wp-admin/admin-ajax.php?action=rest-nonce HTTP/1.1" 200 49722 typfit.de "-" "Mozilla/5.0 (compatible; MyApp/1.0)" "-"
2a03:2880:f800:: - - [29/Aug/2026:02:34:37 +0200] "GET /?j=56563415065 HTTP/1.1" 429 267 typfit.de "-" "Mozilla/5.0 (Windows NT 10.0; Win64; x64) AppleWebKit/537.36 (KHTML, like Gecko) Chrome/145.0.0.0 Safari/537.36 (compatible; meta-externalagent/1.1 (+https://developers.facebook.com/docs/sharing/webmasters/crawler))" "-"
2a03:2880:f800:: - - [29/Aug/2026:02:34:46 +0200] "GET /?v=70321402438 HTTP/1.1" 429 267 typfit.de "-" "Mozilla/5.0 (Macintosh; Intel Mac OS X 10_15_7) AppleWebKit/537.36 (KHTML, like Gecko) Chrome/145.0.0.0 Safari/537.36 (compatible; meta-externalagent/1.1 (+https://developers.facebook.com/docs/sharing/webmasters/crawler))" "-"
2a03:2880:f800:: - - [29/Aug/2026:02:34:51 +0200] "GET /?i=68708520662 HTTP/1.1" 429 267 typfit.de "-" "Mozilla/5.0 (Macintosh; Intel Mac OS X 10_15_7) AppleWebKit/537.36 (KHTML, like Gecko) Chrome/145.0.0.0 Safari/537.36 (compatible; meta-externalagent/1.1 (+https://developers.facebook.com/docs/sharing/webmasters/crawler))" "-"
2a03:2880:f800:: - - [29/Aug/2026:02:35:20 +0200] "GET /?k=85780577025 HTTP/1.1" 200 194027 typfit.de "-" "Mozilla/5.0 (Macintosh; Intel Mac OS X 10_15_7) AppleWebKit/537.36 (KHTML, like Gecko) Chrome/145.0.0.0 Safari/537.36 (compatible; meta-externalagent/1.1 (+https://developers.facebook.com/docs/sharing/webmasters/crawler))" "-"
114.119.159.0 - - [29/Aug/2026:02:35:22 +0200] "GET /?z=1334747525 HTTP/1.1" 200 194027 typfit.de "https://typfit.de/?z=1334747525" "Mozilla/5.0 (Linux; Android 7.0;) AppleWebKit/537.36 (HTML, like Gecko) Mobile Safari/537.36 (compatible; PetalBot;+https://webmaster.petalsearch.com/site/petalbot)" "-"
2a03:2880:f800:: - - [29/Aug/2026:02:35:29 +0200] "GET /?k=7460805297 HTTP/1.1" 200 194027 typfit.de "-" "Mozilla/5.0 (Windows NT 10.0; Win64; x64) AppleWebKit/537.36 (KHTML, like Gecko) Chrome/145.0.0.0 Safari/537.36 (compatible; meta-externalagent/1.1 (+https://developers.facebook.com/docs/sharing/webmasters/crawler))" "-"
159.223.89.0 - - [29/Aug/2026:02:35:33 +0200] "GET /wp-admin/ HTTP/1.1" 302 49712 www.typfit.de "-" "Mozilla/5.0 (X11; Ubuntu; Linux x86_64) AppleWebKit/537.36 (KHTML, like Gecko) Chrome/119.0.0.0 Safari/537.36" "-"
2a03:2880:f800:: - - [29/Aug/2026:02:35:33 +0200] "GET /?j=62609425488 HTTP/1.1" 200 194027 typfit.de "-" "Mozilla/5.0 (Windows NT 10.0; Win64; x64) AppleWebKit/537.36 (KHTML, like Gecko) Chrome/145.0.0.0 Safari/537.36 (compatible; meta-externalagent/1.1 (+https://developers.facebook.com/docs/sharing/webmasters/crawler))" "-"
2a03:2880:f800:: - - [29/Aug/2026:02:35:37 +0200] "GET /?o=87139141380 HTTP/1.1" 200 194027 typfit.de "-" "Mozilla/5.0 (Windows NT 10.0; Win64; x64) AppleWebKit/537.36 (KHTML, like Gecko) Chrome/145.0.0.0 Safari/537.36 (compatible; meta-externalagent/1.1 (+https://developers.facebook.com/docs/sharing/webmasters/crawler))" "-"
159.223.89.0 - - [29/Aug/2026:02:35:41 +0200] "GET /wp-login.php?redirect_to=https%3A%2F%2Fwww.typfit.de%2Fwp-admin%2F&reauth=1 HTTP/1.1" 200 61102 typfit.de "-" "Mozilla/5.0 (X11; Ubuntu; Linux x86_64) AppleWebKit/537.36 (KHTML, like Gecko) Chrome/119.0.0.0 Safari/537.36" "-"
2a03:2880:f800:: - - [29/Aug/2026:02:35:42 +0200] "GET /?j=83465229712 HTTP/1.1" 200 194027 typfit.de "-" "Mozilla/5.0 (Macintosh; Intel Mac OS X 10_15_7) AppleWebKit/537.36 (KHTML, like Gecko) Chrome/145.0.0.0 Safari/537.36 (compatible; meta-externalagent/1.1 (+https://developers.facebook.com/docs/sharing/webmasters/crawler))" "-"
159.223.89.0 - - [29/Aug/2026:02:35:50 +0200] "GET /?author=1 HTTP/1.1" 200 52109 www.typfit.de "https://www.facebook.com/" "Mozilla/5.0 (Macintosh; Intel Mac OS X 10_15_7) AppleWebKit/605.1.15 (KHTML, like Gecko) Version/16.6 Safari/605.1.15" "-"
2a03:2880:f800:: - - [29/Aug/2026:02:35:51 +0200] "GET /?e=30747452325 HTTP/1.1" 200 194027 typfit.de "-" "Mozilla/5.0 (Windows NT 10.0; Win64; x64) AppleWebKit/537.36 (KHTML, like Gecko) Chrome/145.0.0.0 Safari/537.36 (compatible; meta-externalagent/1.1 (+https://developers.facebook.com/docs/sharing/webmasters/crawler))" "-"
2a03:2880:f800:: - - [29/Aug/2026:02:35:54 +0200] "GET /?k=36859491487 HTTP/1.1" 200 194027 typfit.de "-" "Mozilla/5.0 (Macintosh; Intel Mac OS X 10_15_7) AppleWebKit/537.36 (KHTML, like Gecko) Chrome/145.0.0.0 Safari/537.36 (compatible; meta-externalagent/1.1 (+https://developers.facebook.com/docs/sharing/webmasters/crawler))" "-"
151.123.178.0 - - [29/Aug/2026:02:35:56 +0200] "GET /wp-login.php HTTP/1.1" 200 61004 typfit.de "-" "Mozilla/5.0 (compatible; MyApp/1.0)" "-"
2a03:2880:f800:: - - [29/Aug/2026:02:35:58 +0200] "GET /?e=32537041804 HTTP/1.1" 200 194027 typfit.de "-" "Mozilla/5.0 (Macintosh; Intel Mac OS X 10_15_7) AppleWebKit/537.36 (KHTML, like Gecko) Chrome/145.0.0.0 Safari/537.36 (compatible; meta-externalagent/1.1 (+https://developers.facebook.com/docs/sharing/webmasters/crawler))" "-"
159.223.89.0 - - [29/Aug/2026:02:35:58 +0200] "GET /?author=2 HTTP/1.1" 200 52109 www.typfit.de "https://www.facebook.com/" "Mozilla/5.0 (Macintosh; Intel Mac OS X 10_15_7; rv:118.0) Gecko/20100101 Firefox/118.0" "-"
2a03:2880:f800:: - - [29/Aug/2026:02:36:01 +0200] "GET /?j=37039325889 HTTP/1.1" 200 194027 typfit.de "-" "Mozilla/5.0 (Macintosh; Intel Mac OS X 10_15_7) AppleWebKit/537.36 (KHTML, like Gecko) Chrome/145.0.0.0 Safari/537.36 (compatible; meta-externalagent/1.1 (+https://developers.facebook.com/docs/sharing/webmasters/crawler))" "-"
2a03:2880:f800:: - - [29/Aug/2026:02:36:07 +0200] "GET /?n=84376398124 HTTP/1.1" 200 194027 typfit.de "-" "Mozilla/5.0 (Windows NT 10.0; Win64; x64) AppleWebKit/537.36 (KHTML, like Gecko) Chrome/145.0.0.0 Safari/537.36 (compatible; meta-externalagent/1.1 (+https://developers.facebook.com/docs/sharing/webmasters/crawler))" "-"
151.123.178.0 - - [29/Aug/2026:02:36:08 +0200] "POST /wp-login.php HTTP/1.1" 302 52108 typfit.de "-" "Mozilla/5.0 (compatible; MyApp/1.0)" "-"
159.223.89.0 - - [29/Aug/2026:02:36:08 +0200] "GET /?author=3 HTTP/1.1" 200 52109 www.typfit.de "https://duckduckgo.com/" "Mozilla/5.0 (Macintosh; Intel Mac OS X 10_15_7) AppleWebKit/605.1.15 (KHTML, like Gecko) Version/17.0 Safari/605.1.15" "-"
151.123.178.0 - - [29/Aug/2026:02:36:09 +0200] "GET /wp-login.php?redirect_to=%2Fwp-admin%2F&action=confirm_admin_email&wp_lang=de_DE HTTP/1.1" 200 54177 typfit.de "-" "Mozilla/5.0 (compatible; MyApp/1.0)" "-"
151.123.178.0 - - [29/Aug/2026:02:36:10 +0200] "GET /wp-admin/admin-ajax.php?action=rest-nonce HTTP/1.1" 200 49722 typfit.de "-" "Mozilla/5.0 (compatible; MyApp/1.0)" "-"
2a03:2880:f800:: - - [29/Aug/2026:02:36:10 +0200] "GET / HTTP/1.1" 200 194433 typfit.de "-" "facebookexternalhit/1.1 (+http://www.facebook.com/externalhit_uatext.php)" "-"
159.223.89.0 - - [29/Aug/2026:02:36:18 +0200] "GET /?author=4 HTTP/1.1" 200 52109 www.typfit.de "" "Mozilla/5.0 (Macintosh; Intel Mac OS X 13_6_1) AppleWebKit/605.1.15 (KHTML, like Gecko) Version/17.2 Safari/605.1.15" "-"
159.223.89.0 - - [29/Aug/2026:02:36:26 +0200] "GET /?author=5 HTTP/1.1" 200 52109 www.typfit.de "" "Mozilla/5.0 (Macintosh; Intel Mac OS X 13_6_1) AppleWebKit/537.36 (KHTML, like Gecko) Chrome/119.0.0.0 Safari/537.36" "-"
2a03:2880:f800:: - - [29/Aug/2026:02:36:31 +0200] "GET /?e=24151568766 HTTP/1.1" 200 194027 typfit.de "-" "Mozilla/5.0 (Windows NT 10.0; Win64; x64) AppleWebKit/537.36 (KHTML, like Gecko) Chrome/145.0.0.0 Safari/537.36 (compatible; meta-externalagent/1.1 (+https://developers.facebook.com/docs/sharing/webmasters/crawler))" "-"
159.223.89.0 - - [29/Aug/2026:02:36:34 +0200] "GET /wp-json/wp/v2/users HTTP/1.1" 200 52830 www.typfit.de "" "Mozilla/5.0 (X11; Ubuntu; Linux x86_64) AppleWebKit/537.36 (KHTML, like Gecko) Chrome/120.0.0.0 Safari/537.36" "-"
114.119.159.0 - - [29/Aug/2026:02:36:43 +0200] "GET /?j=51551937229 HTTP/1.1" 200 194027 typfit.de "https://typfit.de/sitemap.xml" "Mozilla/5.0 (Linux; Android 7.0;) AppleWebKit/537.36 (HTML, like Gecko) Mobile Safari/537.36 (compatible; PetalBot;+https://webmaster.petalsearch.com/site/petalbot)" "-"
2a03:2880:f800:: - - [29/Aug/2026:02:36:43 +0200] "GET /?b=58173316672 HTTP/1.1" 200 194027 typfit.de "-" "Mozilla/5.0 (Windows NT 10.0; Win64; x64) AppleWebKit/537.36 (KHTML, like Gecko) Chrome/145.0.0.0 Safari/537.36 (compatible; meta-externalagent/1.1 (+https://developers.facebook.com/docs/sharing/webmasters/crawler))" "-"
45.3.38.0 - - [29/Aug/2026:02:36:45 +0200] "GET /wp-login.php HTTP/1.1" 200 61004 typfit.de "-" "Mozilla/5.0 (compatible; MyApp/1.0)" "-"
45.3.38.0 - - [29/Aug/2026:02:36:47 +0200] "POST /wp-login.php HTTP/1.1" 302 52108 typfit.de "-" "Mozilla/5.0 (compatible; MyApp/1.0)" "-"
45.3.38.0 - - [29/Aug/2026:02:36:49 +0200] "GET /wp-login.php?redirect_to=%2Fwp-admin%2F&action=confirm_admin_email&wp_lang=de_DE HTTP/1.1" 200 54177 typfit.de "-" "Mozilla/5.0 (compatible; MyApp/1.0)" "-"
159.223.89.0 - - [29/Aug/2026:02:36:50 +0200] "GET /wp-admin/index.php HTTP/1.1" 302 49712 www.typfit.de "https://www.typfit.de/wp-login.php" "Mozilla/5.0 (Windows NT 10.0; Win64; x64) AppleWebKit/537.36 (KHTML, like Gecko) Chrome/121.0.0.0 Safari/537.36" "-"
45.3.38.0 - - [29/Aug/2026:02:36:50 +0200] "GET /wp-admin/admin-ajax.php?action=rest-nonce HTTP/1.1" 200 49722 typfit.de "-" "Mozilla/5.0 (compatible; MyApp/1.0)" "-"
2a03:2880:f800:: - - [29/Aug/2026:02:36:54 +0200] "GET /?z=16459936390 HTTP/1.1" 200 194027 typfit.de "-" "Mozilla/5.0 (Macintosh; Intel Mac OS X 10_15_7) AppleWebKit/537.36 (KHTML, like Gecko) Chrome/145.0.0.0 Safari/537.36 (compatible; meta-externalagent/1.1 (+https://developers.facebook.com/docs/sharing/webmasters/crawler))" "-"
159.223.89.0 - - [29/Aug/2026:02:36:59 +0200] "GET /wp-login.php?redirect_to=https%3A%2F%2Fwww.typfit.de%2Fwp-admin%2Findex&reauth=1 HTTP/1.1" 200 61112 typfit.de "https://www.typfit.de/wp-login.php" "Mozilla/5.0 (Windows NT 10.0; Win64; x64) AppleWebKit/537.36 (KHTML, like Gecko) Chrome/121.0.0.0 Safari/537.36" "-"
2a03:2880:f800:: - - [29/Aug/2026:02:37:01 +0200] "GET /?t=41753710363 HTTP/1.1" 200 194027 typfit.de "-" "Mozilla/5.0 (Windows NT 10.0; Win64; x64) AppleWebKit/537.36 (KHTML, like Gecko) Chrome/145.0.0.0 Safari/537.36 (compatible; meta-externalagent/1.1 (+https://developers.facebook.com/docs/sharing/webmasters/crawler))" "-"
2a03:2880:f800:: - - [29/Aug/2026:02:37:04 +0200] "GET /?t=64226213665 HTTP/1.1" 200 194027 typfit.de "-" "Mozilla/5.0 (Windows NT 10.0; Win64; x64) AppleWebKit/537.36 (KHTML, like Gecko) Chrome/145.0.0.0 Safari/537.36 (compatible; meta-externalagent/1.1 (+https://developers.facebook.com/docs/sharing/webmasters/crawler))" "-"
2a03:2880:f800:: - - [29/Aug/2026:02:37:06 +0200] "GET /?p=%2F%2Flib32 HTTP/1.1" 200 171732 typfit.de "-" "Mozilla/5.0 (Macintosh; Intel Mac OS X 10_15_7) AppleWebKit/537.36 (KHTML, like Gecko) Chrome/145.0.0.0 Safari/537.36 (compatible; meta-externalagent/1.1 (+https://developers.facebook.com/docs/sharing/webmasters/crawler))" "-"
2a03:2880:f800:: - - [29/Aug/2026:02:37:10 +0200] "GET /?k=18198089220 HTTP/1.1" 200 194027 typfit.de "-" "Mozilla/5.0 (Macintosh; Intel Mac OS X 10_15_7) AppleWebKit/537.36 (KHTML, like Gecko) Chrome/145.0.0.0 Safari/537.36 (compatible; meta-externalagent/1.1 (+https://developers.facebook.com/docs/sharing/webmasters/crawler))" "-"
2a03:2880:f800:: - - [29/Aug/2026:02:37:12 +0200] "GET /?download=1&path=%2Fusr%2Fbin%2Fkill HTTP/1.1" 200 30953 typfit.de "-" "Mozilla/5.0 (Macintosh; Intel Mac OS X 10_15_7) AppleWebKit/537.36 (KHTML, like Gecko) Chrome/145.0.0.0 Safari/537.36 (compatible; meta-externalagent/1.1 (+https://developers.facebook.com/docs/sharing/webmasters/crawler))" "-"
2a03:2880:f800:: - - [29/Aug/2026:02:37:14 +0200] "GET /?p=%2Fusr%2Fbin&edit=1&path=%2Fusr%2Fbin%2Fgit-receive-pack HTTP/1.1" 200 172039 typfit.de "-" "Mozilla/5.0 (Windows NT 10.0; Win64; x64) AppleWebKit/537.36 (KHTML, like Gecko) Chrome/145.0.0.0 Safari/537.36 (compatible; meta-externalagent/1.1 (+https://developers.facebook.com/docs/sharing/webmasters/crawler))" "-"
159.223.89.0 - - [29/Aug/2026:02:37:15 +0200] "GET /wp-admin/index.php HTTP/1.1" 302 49712 www.typfit.de "https://www.typfit.de/wp-login.php" "Mozilla/5.0 (Windows NT 10.0; Win64; x64) AppleWebKit/537.36 (KHTML, like Gecko) Chrome/119.0.0.0 Safari/537.36" "-"
2a03:2880:f800:: - - [29/Aug/2026:02:37:17 +0200] "GET /?download=1&path=%2Fusr%2Fbin%2Fstream-im6.q16 HTTP/1.1" 429 267 typfit.de "-" "Mozilla/5.0 (X11; Linux x86_64) AppleWebKit/537.36 (KHTML, like Gecko) Chrome/145.0.0.0 Safari/537.36 (compatible; meta-externalagent/1.1 (+https://developers.facebook.com/docs/sharing/webmasters/crawler))" "-"
2a03:2880:f800:: - - [29/Aug/2026:02:37:21 +0200] "GET /?v=16090040756 HTTP/1.1" 429 267 typfit.de "-" "Mozilla/5.0 (Windows NT 10.0; Win64; x64) AppleWebKit/537.36 (KHTML, like Gecko) Chrome/145.0.0.0 Safari/537.36 Edg/145.0.0.0 (compatible; meta-externalagent/1.1 (+https://developers.facebook.com/docs/sharing/webmasters/crawler))" "-"
159.223.89.0 - - [29/Aug/2026:02:37:24 +0200] "GET /wp-login.php?redirect_to=https%3A%2F%2Fwww.typfit.de%2Fwp-admin%2Findex&reauth=1 HTTP/1.1" 200 61112 typfit.de "https://www.typfit.de/wp-login.php" "Mozilla/5.0 (Windows NT 10.0; Win64; x64) AppleWebKit/537.36 (KHTML, like Gecko) Chrome/119.0.0.0 Safari/537.36" "-"
2a03:2880:f800:: - - [29/Aug/2026:02:37:26 +0200] "GET /?z=16470222821 HTTP/1.1" 429 267 typfit.de "-" "Mozilla/5.0 (X11; Linux x86_64) AppleWebKit/537.36 (KHTML, like Gecko) Chrome/145.0.0.0 Safari/537.36 (compatible; meta-externalagent/1.1 (+https://developers.facebook.com/docs/sharing/webmasters/crawler))" "-"
2a03:2880:f800:: - - [29/Aug/2026:02:37:34 +0200] "GET /?v=67784274390 HTTP/1.1" 429 267 typfit.de "-" "Mozilla/5.0 (Windows NT 10.0; Win64; x64) AppleWebKit/537.36 (KHTML, like Gecko) Chrome/145.0.0.0 Safari/537.36 (compatible; meta-externalagent/1.1 (+https://developers.facebook.com/docs/sharing/webmasters/crawler))" "-"
159.223.89.0 - - [29/Aug/2026:02:37:38 +0200] "GET /wp-admin/index.php HTTP/1.1" 302 49712 www.typfit.de "https://www.typfit.de/wp-login.php" "Mozilla/5.0 (Windows NT 11.0; Win64; x64) AppleWebKit/537.36 (KHTML, like Gecko) Chrome/121.0.0.0 Safari/537.36" "-"
159.223.89.0 - - [29/Aug/2026:02:37:46 +0200] "GET /wp-login.php?redirect_to=https%3A%2F%2Fwww.typfit.de%2Fwp-admin%2Findex&reauth=1 HTTP/1.1" 200 61112 typfit.de "https://www.typfit.de/wp-login.php" "Mozilla/5.0 (Windows NT 11.0; Win64; x64) AppleWebKit/537.36 (KHTML, like Gecko) Chrome/121.0.0.0 Safari/537.36" "-"
2a03:2880:f800:: - - [29/Aug/2026:02:37:48 +0200] "GET /?j=26929380360 HTTP/1.1" 429 267 typfit.de "-" "Mozilla/5.0 (Macintosh; Intel Mac OS X 10_15_7) AppleWebKit/537.36 (KHTML, like Gecko) Chrome/145.0.0.0 Safari/537.36 (compatible; meta-externalagent/1.1 (+https://developers.facebook.com/docs/sharing/webmasters/crawler))" "-"
159.223.89.0 - - [29/Aug/2026:02:38:01 +0200] "GET /wp-admin/index.php HTTP/1.1" 302 49712 www.typfit.de "https://www.typfit.de/wp-login.php" "Mozilla/5.0 (X11; Ubuntu; Linux x86_64) AppleWebKit/537.36 (KHTML, like Gecko) Chrome/120.0.0.0 Safari/537.36" "-"
114.119.158.0 - - [29/Aug/2026:02:38:06 +0200] "GET /?o=15060923402 HTTP/1.1" 200 52109 www.typfit.de "http://www.typfit.de/sitemap.xml" "Mozilla/5.0 (Linux; Android 7.0;) AppleWebKit/537.36 (HTML, like Gecko) Mobile Safari/537.36 (compatible; PetalBot;+https://webmaster.petalsearch.com/site/petalbot)" "-"
159.223.89.0 - - [29/Aug/2026:02:38:10 +0200] "GET /wp-login.php?redirect_to=https%3A%2F%2Fwww.typfit.de%2Fwp-admin%2Findex&reauth=1 HTTP/1.1" 200 61112 typfit.de "https://www.typfit.de/wp-login.php" "Mozilla/5.0 (X11; Ubuntu; Linux x86_64) AppleWebKit/537.36 (KHTML, like Gecko) Chrome/120.0.0.0 Safari/537.36" "-"
2a03:2880:f800:: - - [29/Aug/2026:02:38:16 +0200] "GET /?v=79624250290 HTTP/1.1" 429 267 typfit.de "-" "Mozilla/5.0 (Windows NT 10.0; Win64; x64) AppleWebKit/537.36 (KHTML, like Gecko) Chrome/145.0.0.0 Safari/537.36 (compatible; meta-externalagent/1.1 (+https://developers.facebook.com/docs/sharing/webmasters/crawler))" "-"
34.64.102.0 - - [29/Aug/2026:02:38:22 +0200] "GET /.git/config HTTP/1.1" 403 1271 typfit.de "-" "crusader-worker/1.0" "-"
34.64.102.0 - - [29/Aug/2026:02:38:22 +0200] "GET /src/.git/config HTTP/1.1" 200 181917 typfit.de "-" "crusader-worker/1.0" "-"
34.64.102.0 - - [29/Aug/2026:02:38:22 +0200] "GET /app/.git/config HTTP/1.1" 200 181917 typfit.de "-" "crusader-worker/1.0" "-"
34.64.102.0 - - [29/Aug/2026:02:38:22 +0200] "GET /var/www/.git/config HTTP/1.1" 200 181917 typfit.de "-" "crusader-worker/1.0" "-"
34.64.102.0 - - [29/Aug/2026:02:38:22 +0200] "GET /www/.git/config HTTP/1.1" 200 181917 typfit.de "-" "crusader-worker/1.0" "-"
34.64.102.0 - - [29/Aug/2026:02:38:22 +0200] "GET /site/.git/config HTTP/1.1" 200 181917 typfit.de "-" "crusader-worker/1.0" "-"
34.64.102.0 - - [29/Aug/2026:02:38:22 +0200] "GET /html/.git/config HTTP/1.1" 200 181917 typfit.de "-" "crusader-worker/1.0" "-"
34.64.102.0 - - [29/Aug/2026:02:38:22 +0200] "GET /wordpress/.git/config HTTP/1.1" 200 181917 typfit.de "-" "crusader-worker/1.0" "-"
34.64.102.0 - - [29/Aug/2026:02:38:22 +0200] "GET /htdocs/.git/config HTTP/1.1" 200 181917 typfit.de "-" "crusader-worker/1.0" "-"
34.64.102.0 - - [29/Aug/2026:02:38:22 +0200] "GET /public/.git/config HTTP/1.1" 200 181917 typfit.de "-" "crusader-worker/1.0" "-"
34.64.102.0 - - [29/Aug/2026:02:38:22 +0200] "GET /backend/.git/config HTTP/1.1" 200 181917 typfit.de "-" "crusader-worker/1.0" "-"
34.64.102.0 - - [29/Aug/2026:02:38:22 +0200] "GET /api/.git/config HTTP/1.1" 200 181917 typfit.de "-" "crusader-worker/1.0" "-"
34.64.102.0 - - [29/Aug/2026:02:38:23 +0200] "GET /.git/config HTTP/1.1" 403 1271 typfit.de "-" "crusader-worker/1.0" "-"
159.223.89.0 - - [29/Aug/2026:02:38:25 +0200] "GET /wp-admin/index.php HTTP/1.1" 302 49712 www.typfit.de "https://www.typfit.de/wp-login.php" "Mozilla/5.0 (Macintosh; Intel Mac OS X 13_6_1; rv:118.0) Gecko/20100101 Firefox/118.0" "-"
34.64.102.0 - - [29/Aug/2026:02:38:25 +0200] "GET /html/.git/config HTTP/1.1" 200 181899 typfit.de "-" "crusader-worker/1.0" "-"
34.64.102.0 - - [29/Aug/2026:02:38:25 +0200] "GET /src/.git/config HTTP/1.1" 200 181899 typfit.de "-" "crusader-worker/1.0" "-"
34.64.102.0 - - [29/Aug/2026:02:38:25 +0200] "GET /var/www/.git/config HTTP/1.1" 200 181899 typfit.de "-" "crusader-worker/1.0" "-"
34.64.102.0 - - [29/Aug/2026:02:38:25 +0200] "GET /app/.git/config HTTP/1.1" 200 181899 typfit.de "-" "crusader-worker/1.0" "-"
34.64.102.0 - - [29/Aug/2026:02:38:25 +0200] "GET /www/.git/config HTTP/1.1" 200 181899 typfit.de "-" "crusader-worker/1.0" "-"
34.64.102.0 - - [29/Aug/2026:02:38:25 +0200] "GET /site/.git/config HTTP/1.1" 200 181899 typfit.de "-" "crusader-worker/1.0" "-"
34.64.102.0 - - [29/Aug/2026:02:38:26 +0200] "GET /backend/.git/config HTTP/1.1" 200 181899 typfit.de "-" "crusader-worker/1.0" "-"
34.64.102.0 - - [29/Aug/2026:02:38:26 +0200] "GET /api/.git/config HTTP/1.1" 200 181899 typfit.de "-" "crusader-worker/1.0" "-"
34.64.102.0 - - [29/Aug/2026:02:38:26 +0200] "GET /public/.git/config HTTP/1.1" 200 181899 typfit.de "-" "crusader-worker/1.0" "-"
34.64.102.0 - - [29/Aug/2026:02:38:26 +0200] "GET /htdocs/.git/config HTTP/1.1" 200 181899 typfit.de "-" "crusader-worker/1.0" "-"
34.64.102.0 - - [29/Aug/2026:02:38:26 +0200] "GET /wordpress/.git/config HTTP/1.1" 200 181899 typfit.de "-" "crusader-worker/1.0" "-"
2a03:2880:f800:: - - [29/Aug/2026:02:38:27 +0200] "GET /?r=27214844423 HTTP/1.1" 200 194027 typfit.de "-" "Mozilla/5.0 (Windows NT 10.0; Win64; x64) AppleWebKit/537.36 (KHTML, like Gecko) Chrome/145.0.0.0 Safari/537.36 (compatible; meta-externalagent/1.1 (+https://developers.facebook.com/docs/sharing/webmasters/crawler))" "-"
2a03:2880:f800:: - - [29/Aug/2026:02:38:32 +0200] "GET /?j=4930810263 HTTP/1.1" 200 194027 typfit.de "-" "Mozilla/5.0 (Macintosh; Intel Mac OS X 10_15_7) AppleWebKit/537.36 (KHTML, like Gecko) Chrome/145.0.0.0 Safari/537.36 (compatible; meta-externalagent/1.1 (+https://developers.facebook.com/docs/sharing/webmasters/crawler))" "-"
159.223.89.0 - - [29/Aug/2026:02:38:33 +0200] "GET /wp-login.php?redirect_to=https%3A%2F%2Fwww.typfit.de%2Fwp-admin%2Findex&reauth=1 HTTP/1.1" 200 61112 typfit.de "https://www.typfit.de/wp-login.php" "Mozilla/5.0 (Macintosh; Intel Mac OS X 13_6_1; rv:118.0) Gecko/20100101 Firefox/118.0" "-"
2a03:2880:f800:: - - [29/Aug/2026:02:38:37 +0200] "GET /?v=43436767579 HTTP/1.1" 200 194027 typfit.de "-" "Mozilla/5.0 (Windows NT 10.0; Win64; x64) AppleWebKit/537.36 (KHTML, like Gecko) Chrome/145.0.0.0 Safari/537.36 (compatible; meta-externalagent/1.1 (+https://developers.facebook.com/docs/sharing/webmasters/crawler))" "-"
159.223.89.0 - - [29/Aug/2026:02:38:48 +0200] "GET /wp-admin/index.php HTTP/1.1" 302 49712 www.typfit.de "https://www.typfit.de/wp-login.php" "Mozilla/5.0 (Macintosh; Intel Mac OS X 13_6_1) AppleWebKit/537.36 (KHTML, like Gecko) Chrome/118.0.0.0 Safari/537.36" "-"
159.223.89.0 - - [29/Aug/2026:02:38:57 +0200] "GET /wp-login.php?redirect_to=https%3A%2F%2Fwww.typfit.de%2Fwp-admin%2Findex&reauth=1 HTTP/1.1" 200 61112 typfit.de "https://www.typfit.de/wp-login.php" "Mozilla/5.0 (Macintosh; Intel Mac OS X 13_6_1) AppleWebKit/537.36 (KHTML, like Gecko) Chrome/118.0.0.0 Safari/537.36" "-"
2a03:2880:f800:: - - [29/Aug/2026:02:39:10 +0200] "GET /?download=1&path=%2Fusr%2Fbin%2Fjoin HTTP/1.1" 200 56225 typfit.de "-" "Mozilla/5.0 (Windows NT 10.0; Win64; x64) AppleWebKit/537.36 (KHTML, like Gecko) Chrome/145.0.0.0 Safari/537.36 (compatible; meta-externalagent/1.1 (+https://developers.facebook.com/docs/sharing/webmasters/crawler))" "-"
104.207.39.0 - - [29/Aug/2026:02:39:14 +0200] "GET /wp-login.php HTTP/1.1" 200 61004 typfit.de "-" "Mozilla/5.0 (compatible; MyApp/1.0)" "-"
159.223.89.0 - - [29/Aug/2026:02:39:15 +0200] "GET /wp-admin/index.php HTTP/1.1" 302 49712 www.typfit.de "https://www.typfit.de/wp-login.php" "Mozilla/5.0 (Macintosh; Intel Mac OS X 10_15_7) AppleWebKit/605.1.15 (KHTML, like Gecko) Version/17.2 Safari/605.1.15" "-"
45.3.37.0 - - [29/Aug/2026:02:39:15 +0200] "GET /wp-login.php HTTP/1.1" 200 61004 typfit.de "-" "Mozilla/5.0 (compatible; MyApp/1.0)" "-"
104.207.39.0 - - [29/Aug/2026:02:39:16 +0200] "POST /wp-login.php HTTP/1.1" 302 52108 typfit.de "-" "Mozilla/5.0 (compatible; MyApp/1.0)" "-"
104.207.39.0 - - [29/Aug/2026:02:39:18 +0200] "GET /wp-login.php?redirect_to=%2Fwp-admin%2F&action=confirm_admin_email&wp_lang=de_DE HTTP/1.1" 200 54177 typfit.de "-" "Mozilla/5.0 (compatible; MyApp/1.0)" "-"
104.207.39.0 - - [29/Aug/2026:02:39:20 +0200] "GET /wp-admin/admin-ajax.php?action=rest-nonce HTTP/1.1" 200 49722 typfit.de "-" "Mozilla/5.0 (compatible; MyApp/1.0)" "-"
2a03:2880:f800:: - - [29/Aug/2026:02:39:21 +0200] "GET /?b=43857461359 HTTP/1.1" 200 194027 typfit.de "-" "Mozilla/5.0 (Windows NT 10.0; Win64; x64) AppleWebKit/537.36 (KHTML, like Gecko) Chrome/145.0.0.0 Safari/537.36 (compatible; meta-externalagent/1.1 (+https://developers.facebook.com/docs/sharing/webmasters/crawler))" "-"
159.223.89.0 - - [29/Aug/2026:02:39:25 +0200] "GET /wp-login.php?redirect_to=https%3A%2F%2Fwww.typfit.de%2Fwp-admin%2Findex&reauth=1 HTTP/1.1" 200 61112 typfit.de "https://www.typfit.de/wp-login.php" "Mozilla/5.0 (Macintosh; Intel Mac OS X 10_15_7) AppleWebKit/605.1.15 (KHTML, like Gecko) Version/17.2 Safari/605.1.15" "-"
45.3.37.0 - - [29/Aug/2026:02:39:27 +0200] "POST /wp-login.php HTTP/1.1" 302 52108 typfit.de "-" "Mozilla/5.0 (compatible; MyApp/1.0)" "-"
45.3.37.0 - - [29/Aug/2026:02:39:29 +0200] "GET /wp-login.php?redirect_to=%2Fwp-admin%2F&action=confirm_admin_email&wp_lang=de_DE HTTP/1.1" 200 54177 typfit.de "-" "Mozilla/5.0 (compatible; MyApp/1.0)" "-"
114.119.145.0 - - [29/Aug/2026:02:39:29 +0200] "GET /?n=16123167410 HTTP/1.1" 200 52109 www.typfit.de "http://www.typfit.de/sitemap.xml" "Mozilla/5.0 (Linux; Android 7.0;) AppleWebKit/537.36 (HTML, like Gecko) Mobile Safari/537.36 (compatible; PetalBot;+https://webmaster.petalsearch.com/site/petalbot)" "-"
45.3.37.0 - - [29/Aug/2026:02:39:31 +0200] "GET /wp-admin/admin-ajax.php?action=rest-nonce HTTP/1.1" 200 49722 typfit.de "-" "Mozilla/5.0 (compatible; MyApp/1.0)" "-"
2a03:2880:f800:: - - [29/Aug/2026:02:39:33 +0200] "GET /?b=42383472139 HTTP/1.1" 200 194027 typfit.de "-" "Mozilla/5.0 (Windows NT 10.0; Win64; x64) AppleWebKit/537.36 (KHTML, like Gecko) Chrome/145.0.0.0 Safari/537.36 (compatible; meta-externalagent/1.1 (+https://developers.facebook.com/docs/sharing/webmasters/crawler))" "-"
2a03:2880:f800:: - - [29/Aug/2026:02:39:37 +0200] "GET /?r=38940385125 HTTP/1.1" 200 194027 typfit.de "-" "Mozilla/5.0 (Windows NT 10.0; Win64; x64) AppleWebKit/537.36 (KHTML, like Gecko) Chrome/145.0.0.0 Safari/537.36 (compatible; meta-externalagent/1.1 (+https://developers.facebook.com/docs/sharing/webmasters/crawler))" "-"
159.223.89.0 - - [29/Aug/2026:02:39:42 +0200] "GET /wp-admin/index.php HTTP/1.1" 302 49712 www.typfit.de "https://www.typfit.de/wp-login.php" "Mozilla/5.0 (Macintosh; Intel Mac OS X 10_15_7; rv:119.0) Gecko/20100101 Firefox/119.0" "-"
104.207.39.0 - - [29/Aug/2026:02:39:43 +0200] "GET /wp-login.php HTTP/1.1" 200 61004 typfit.de "-" "Mozilla/5.0 (compatible; MyApp/1.0)" "-"
159.223.89.0 - - [29/Aug/2026:02:39:53 +0200] "GET /wp-login.php?redirect_to=https%3A%2F%2Fwww.typfit.de%2Fwp-admin%2Findex&reauth=1 HTTP/1.1" 200 61112 typfit.de "https://www.typfit.de/wp-login.php" "Mozilla/5.0 (Macintosh; Intel Mac OS X 10_15_7; rv:119.0) Gecko/20100101 Firefox/119.0" "-"
104.207.39.0 - - [29/Aug/2026:02:39:55 +0200] "POST /wp-login.php HTTP/1.1" 302 52108 typfit.de "-" "Mozilla/5.0 (compatible; MyApp/1.0)" "-"
104.207.39.0 - - [29/Aug/2026:02:39:57 +0200] "GET /wp-login.php?redirect_to=%2Fwp-admin%2F&action=confirm_admin_email&wp_lang=de_DE HTTP/1.1" 200 54177 typfit.de "-" "Mozilla/5.0 (compatible; MyApp/1.0)" "-"
2a03:2880:f800:: - - [29/Aug/2026:02:39:58 +0200] "GET /?b=76067679561 HTTP/1.1" 200 194027 typfit.de "-" "Mozilla/5.0 (Windows NT 10.0; Win64; x64) AppleWebKit/537.36 (KHTML, like Gecko) Chrome/145.0.0.0 Safari/537.36 (compatible; meta-externalagent/1.1 (+https://developers.facebook.com/docs/sharing/webmasters/crawler))" "-"
104.207.39.0 - - [29/Aug/2026:02:39:58 +0200] "GET /wp-admin/admin-ajax.php?action=rest-nonce HTTP/1.1" 200 49722 typfit.de "-" "Mozilla/5.0 (compatible; MyApp/1.0)" "-"
2a03:2880:f800:: - - [29/Aug/2026:02:40:03 +0200] "GET /?k=43302247642 HTTP/1.1" 200 194027 typfit.de "-" "Mozilla/5.0 (Windows NT 10.0; Win64; x64) AppleWebKit/537.36 (KHTML, like Gecko) Chrome/145.0.0.0 Safari/537.36 (compatible; meta-externalagent/1.1 (+https://developers.facebook.com/docs/sharing/webmasters/crawler))" "-"
2a03:2880:f800:: - - [29/Aug/2026:02:40:06 +0200] "GET /?j=35551189624 HTTP/1.1" 200 194027 typfit.de "-" "Mozilla/5.0 (Windows NT 10.0; Win64; x64) AppleWebKit/537.36 (KHTML, like Gecko) Chrome/145.0.0.0 Safari/537.36 (compatible; meta-externalagent/1.1 (+https://developers.facebook.com/docs/sharing/webmasters/crawler))" "-"
159.223.89.0 - - [29/Aug/2026:02:40:12 +0200] "GET /wp-admin/index.php HTTP/1.1" 302 49712 www.typfit.de "https://www.typfit.de/wp-login.php" "Mozilla/5.0 (Windows NT 10.0; Win64; x64; rv:119.0) Gecko/20100101 Firefox/119.0" "-"
2a03:2880:f800:: - - [29/Aug/2026:02:40:19 +0200] "GET /?k=48691961892 HTTP/1.1" 200 194027 typfit.de "-" "Mozilla/5.0 (Windows NT 10.0; Win64; x64) AppleWebKit/537.36 (KHTML, like Gecko) Chrome/145.0.0.0 Safari/537.36 (compatible; meta-externalagent/1.1 (+https://developers.facebook.com/docs/sharing/webmasters/crawler))" "-"
159.223.89.0 - - [29/Aug/2026:02:40:23 +0200] "GET /wp-login.php?redirect_to=https%3A%2F%2Fwww.typfit.de%2Fwp-admin%2Findex&reauth=1 HTTP/1.1" 200 61112 typfit.de "https://www.typfit.de/wp-login.php" "Mozilla/5.0 (Windows NT 10.0; Win64; x64; rv:119.0) Gecko/20100101 Firefox/119.0" "-"
2a03:2880:f800:: - - [29/Aug/2026:02:40:23 +0200] "GET /?i=11787918887 HTTP/1.1" 200 194027 typfit.de "-" "Mozilla/5.0 (Macintosh; Intel Mac OS X 10_15_7) AppleWebKit/537.36 (KHTML, like Gecko) Chrome/145.0.0.0 Safari/537.36 (compatible; meta-externalagent/1.1 (+https://developers.facebook.com/docs/sharing/webmasters/crawler))" "-"
159.223.89.0 - - [29/Aug/2026:02:40:41 +0200] "GET /wp-admin/index.php HTTP/1.1" 302 49712 www.typfit.de "https://www.typfit.de/wp-login.php" "Mozilla/5.0 (Windows NT 11.0; Win64; x64; rv:118.0) Gecko/20100101 Firefox/118.0" "-"
159.223.89.0 - - [29/Aug/2026:02:40:51 +0200] "GET /wp-login.php?redirect_to=https%3A%2F%2Fwww.typfit.de%2Fwp-admin%2Findex&reauth=1 HTTP/1.1" 200 61112 typfit.de "https://www.typfit.de/wp-login.php" "Mozilla/5.0 (Windows NT 11.0; Win64; x64; rv:118.0) Gecko/20100101 Firefox/118.0" "-"
114.119.157.0 - - [29/Aug/2026:02:40:52 +0200] "GET /?e=35764609603 HTTP/1.1" 200 52109 www.typfit.de "http://www.typfit.de/sitemap.xml" "Mozilla/5.0 (Linux; Android 7.0;) AppleWebKit/537.36 (HTML, like Gecko) Mobile Safari/537.36 (compatible; PetalBot;+https://webmaster.petalsearch.com/site/petalbot)" "-"
2a03:2880:f800:: - - [29/Aug/2026:02:40:53 +0200] "GET /?i=73096126986 HTTP/1.1" 200 194027 typfit.de "-" "Mozilla/5.0 (Windows NT 10.0; Win64; x64) AppleWebKit/537.36 (KHTML, like Gecko) Chrome/143.0.0.0 Safari/537.36 Edg/143.0.0.0 (compatible; meta-externalagent/1.1 (+https://developers.facebook.com/docs/sharing/webmasters/crawler))" "-"
2a03:2880:f800:: - - [29/Aug/2026:02:41:07 +0200] "GET /?b=13177096187 HTTP/1.1" 200 194027 typfit.de "-" "Mozilla/5.0 (Windows NT 10.0; Win64; x64) AppleWebKit/537.36 (KHTML, like Gecko) Chrome/145.0.0.0 Safari/537.36 (compatible; meta-externalagent/1.1 (+https://developers.facebook.com/docs/sharing/webmasters/crawler))" "-"
159.223.89.0 - - [29/Aug/2026:02:41:08 +0200] "GET /wp-admin/index.php HTTP/1.1" 302 49712 www.typfit.de "https://www.typfit.de/wp-login.php" "Mozilla/5.0 (Macintosh; Intel Mac OS X 10_15_7) AppleWebKit/605.1.15 (KHTML, like Gecko) Version/17.0 Safari/605.1.15" "-"
2a03:2880:f800:: - - [29/Aug/2026:02:41:09 +0200] "GET /?e=42091690069 HTTP/1.1" 200 194027 typfit.de "-" "Mozilla/5.0 (Macintosh; Intel Mac OS X 10_15_7) AppleWebKit/537.36 (KHTML, like Gecko) Chrome/145.0.0.0 Safari/537.36 (compatible; meta-externalagent/1.1 (+https://developers.facebook.com/docs/sharing/webmasters/crawler))" "-"
43.157.67.0 - - [29/Aug/2026:02:41:14 +0200] "GET /?p=%2Fhomepages%2F5%2Fd824826599%2Fhtdocs HTTP/1.1" 200 210668 typfit.de "-" "Mozilla/5.0 (iPhone; CPU iPhone OS 13_2_3 like Mac OS X) AppleWebKit/605.1.15 (KHTML, like Gecko) Version/13.0.3 Mobile/15E148 Safari/604.1" "-"
159.223.89.0 - - [29/Aug/2026:02:41:17 +0200] "GET /wp-login.php?redirect_to=https%3A%2F%2Fwww.typfit.de%2Fwp-admin%2Findex&reauth=1 HTTP/1.1" 200 61112 typfit.de "https://www.typfit.de/wp-login.php" "Mozilla/5.0 (Macintosh; Intel Mac OS X 10_15_7) AppleWebKit/605.1.15 (KHTML, like Gecko) Version/17.0 Safari/605.1.15" "-"
2a03:2880:f800:: - - [29/Aug/2026:02:41:18 +0200] "GET / HTTP/1.1" 200 194433 typfit.de "-" "facebookexternalhit/1.1 (+http://www.facebook.com/externalhit_uatext.php)" "-"
65.111.20.0 - - [29/Aug/2026:02:41:23 +0200] "GET /wp-login.php HTTP/1.1" 200 61004 typfit.de "-" "Mozilla/5.0 (compatible; MyApp/1.0)" "-"
65.111.20.0 - - [29/Aug/2026:02:41:25 +0200] "POST /wp-login.php HTTP/1.1" 302 52108 typfit.de "-" "Mozilla/5.0 (compatible; MyApp/1.0)" "-"
65.111.20.0 - - [29/Aug/2026:02:41:26 +0200] "GET /wp-login.php?redirect_to=%2Fwp-admin%2F&action=confirm_admin_email&wp_lang=de_DE HTTP/1.1" 200 54177 typfit.de "-" "Mozilla/5.0 (compatible; MyApp/1.0)" "-"
65.111.20.0 - - [29/Aug/2026:02:41:28 +0200] "GET /wp-admin/admin-ajax.php?action=rest-nonce HTTP/1.1" 200 49722 typfit.de "-" "Mozilla/5.0 (compatible; MyApp/1.0)" "-"
52.204.37.0 - - [29/Aug/2026:02:41:32 +0200] "GET /das-crazy-tower-casino-eine-uebersicht-ueber-die-spiele-und-angebote/feed/ HTTP/1.1" 200 181917 typfit.de "-" "Mozilla/5.0 AppleWebKit/537.36 (KHTML, like Gecko; compatible; Amazonbot/0.1; +https://developer.amazon.com/support/amazonbot) Chrome/119.0.6045.214 Safari/537.36" "-"
2a03:2880:f800:: - - [29/Aug/2026:02:41:49 +0200] "GET /?v=41515703393 HTTP/1.1" 200 194027 typfit.de "-" "Mozilla/5.0 (Macintosh; Intel Mac OS X 10_15_7) AppleWebKit/537.36 (KHTML, like Gecko) Chrome/145.0.0.0 Safari/537.36 (compatible; meta-externalagent/1.1 (+https://developers.facebook.com/docs/sharing/webmasters/crawler))" "-"
159.223.89.0 - - [29/Aug/2026:02:41:58 +0200] "GET /wp-admin/index.php HTTP/1.1" 302 49712 www.typfit.de "https://www.typfit.de/wp-login.php" "Mozilla/5.0 (Macintosh; Intel Mac OS X 13_6_1) AppleWebKit/605.1.15 (KHTML, like Gecko) Version/17.1 Safari/605.1.15" "-"
2a03:2880:f800:: - - [29/Aug/2026:02:42:00 +0200] "GET /?k=46170051085 HTTP/1.1" 200 194027 typfit.de "-" "Mozilla/5.0 (Windows NT 10.0; Win64; x64) AppleWebKit/537.36 (KHTML, like Gecko) Chrome/145.0.0.0 Safari/537.36 (compatible; meta-externalagent/1.1 (+https://developers.facebook.com/docs/sharing/webmasters/crawler))" "-"
159.223.89.0 - - [29/Aug/2026:02:42:06 +0200] "GET /wp-login.php?redirect_to=https%3A%2F%2Fwww.typfit.de%2Fwp-admin%2Findex&reauth=1 HTTP/1.1" 200 61112 typfit.de "https://www.typfit.de/wp-login.php" "Mozilla/5.0 (Macintosh; Intel Mac OS X 13_6_1) AppleWebKit/605.1.15 (KHTML, like Gecko) Version/17.1 Safari/605.1.15" "-"
45.3.50.0 - - [29/Aug/2026:02:42:07 +0200] "GET /wp-login.php HTTP/1.1" 200 61004 typfit.de "-" "Mozilla/5.0 (compatible; MyApp/1.0)" "-"
2a03:2880:f800:: - - [29/Aug/2026:02:42:08 +0200] "GET /?z=43868561758 HTTP/1.1" 200 194027 typfit.de "-" "Mozilla/5.0 (Windows NT 10.0; Win64; x64) AppleWebKit/537.36 (KHTML, like Gecko) Chrome/145.0.0.0 Safari/537.36 (compatible; meta-externalagent/1.1 (+https://developers.facebook.com/docs/sharing/webmasters/crawler))" "-"
2a03:2880:f800:: - - [29/Aug/2026:02:42:14 +0200] "GET /?b=83183779150 HTTP/1.1" 200 194027 typfit.de "-" "Mozilla/5.0 (Windows NT 10.0; Win64; x64) AppleWebKit/537.36 (KHTML, like Gecko) Chrome/145.0.0.0 Safari/537.36 (compatible; meta-externalagent/1.1 (+https://developers.facebook.com/docs/sharing/webmasters/crawler))" "-"
2a03:2880:f800:: - - [29/Aug/2026:02:42:15 +0200] "GET /?download=1&path=%2Fusr%2Fbin%2Fdf HTTP/1.1" 429 267 typfit.de "-" "Mozilla/5.0 (Windows NT 10.0; Win64; x64) AppleWebKit/537.36 (KHTML, like Gecko) Chrome/145.0.0.0 Safari/537.36 (compatible; meta-externalagent/1.1 (+https://developers.facebook.com/docs/sharing/webmasters/crawler))" "-"
2a03:2880:f800:: - - [29/Aug/2026:02:42:17 +0200] "GET / HTTP/1.1" 429 267 typfit.de "-" "facebookexternalhit/1.1 (+http://www.facebook.com/externalhit_uatext.php)" "-"
45.3.50.0 - - [29/Aug/2026:02:42:19 +0200] "POST /wp-login.php HTTP/1.1" 302 52108 typfit.de "-" "Mozilla/5.0 (compatible; MyApp/1.0)" "-"
45.3.50.0 - - [29/Aug/2026:02:42:21 +0200] "GET /wp-login.php?redirect_to=%2Fwp-admin%2F&action=confirm_admin_email&wp_lang=de_DE HTTP/1.1" 200 54177 typfit.de "-" "Mozilla/5.0 (compatible; MyApp/1.0)" "-"
159.223.89.0 - - [29/Aug/2026:02:42:21 +0200] "GET /wp-admin/index.php HTTP/1.1" 302 49712 www.typfit.de "https://www.typfit.de/wp-login.php" "Mozilla/5.0 (X11; Linux x86_64) AppleWebKit/537.36 (KHTML, like Gecko) Chrome/121.0.0.0 Safari/537.36" "-"
45.3.50.0 - - [29/Aug/2026:02:42:23 +0200] "GET /wp-admin/admin-ajax.php?action=rest-nonce HTTP/1.1" 200 49722 typfit.de "-" "Mozilla/5.0 (compatible; MyApp/1.0)" "-"
2a03:2880:f800:: - - [29/Aug/2026:02:42:27 +0200] "GET /?p=%2Fusr%2Fbin&edit=1&path=%2Fusr%2Fbin%2Fmysql_fix_extensions HTTP/1.1" 429 267 typfit.de "-" "Mozilla/5.0 (Macintosh; Intel Mac OS X 10_15_7) AppleWebKit/537.36 (KHTML, like Gecko) Chrome/145.0.0.0 Safari/537.36 (compatible; meta-externalagent/1.1 (+https://developers.facebook.com/docs/sharing/webmasters/crawler))" "-"
2a03:2880:f800:: - - [29/Aug/2026:02:42:29 +0200] "GET /?download=1&path=%2Fusr%2Fbin%2Fpnmnoraw HTTP/1.1" 429 267 typfit.de "-" "Mozilla/5.0 (Macintosh; Intel Mac OS X 10_15_7) AppleWebKit/537.36 (KHTML, like Gecko) Chrome/145.0.0.0 Safari/537.36 (compatible; meta-externalagent/1.1 (+https://developers.facebook.com/docs/sharing/webmasters/crawler))" "-"
2a03:2880:f800:: - - [29/Aug/2026:02:42:29 +0200] "GET /?download=1&path=%2Fusr%2Fbin%2Fprintenv HTTP/1.1" 429 267 typfit.de "-" "Mozilla/5.0 (Macintosh; Intel Mac OS X 10_15_7) AppleWebKit/537.36 (KHTML, like Gecko) Chrome/145.0.0.0 Safari/537.36 (compatible; meta-externalagent/1.1 (+https://developers.facebook.com/docs/sharing/webmasters/crawler))" "-"
159.223.89.0 - - [29/Aug/2026:02:42:30 +0200] "GET /wp-login.php?redirect_to=https%3A%2F%2Fwww.typfit.de%2Fwp-admin%2Findex&reauth=1 HTTP/1.1" 200 61112 typfit.de "https://www.typfit.de/wp-login.php" "Mozilla/5.0 (X11; Linux x86_64) AppleWebKit/537.36 (KHTML, like Gecko) Chrome/121.0.0.0 Safari/537.36" "-"
2a03:2880:f800:: - - [29/Aug/2026:02:42:32 +0200] "GET /?p=%2Fusr%2Fbin&edit=1&path=%2Fusr%2Fbin%2Ftac HTTP/1.1" 429 267 typfit.de "-" "Mozilla/5.0 (X11; Linux x86_64) AppleWebKit/537.36 (KHTML, like Gecko) Chrome/145.0.0.0 Safari/537.36 (compatible; meta-externalagent/1.1 (+https://developers.facebook.com/docs/sharing/webmasters/crawler))" "-"
2a03:2880:f800:: - - [29/Aug/2026:02:42:33 +0200] "GET /?download=1&path=%2Fusr%2Fbin%2Fdjpeg HTTP/1.1" 429 267 typfit.de "-" "Mozilla/5.0 (Macintosh; Intel Mac OS X 10_15_7) AppleWebKit/537.36 (KHTML, like Gecko) Chrome/145.0.0.0 Safari/537.36 (compatible; meta-externalagent/1.1 (+https://developers.facebook.com/docs/sharing/webmasters/crawler))" "-"
159.223.89.0 - - [29/Aug/2026:02:42:47 +0200] "GET /wp-admin/index.php HTTP/1.1" 302 49712 www.typfit.de "https://www.typfit.de/wp-login.php" "Mozilla/5.0 (Windows NT 10.0; Win64; x64) AppleWebKit/537.36 (KHTML, like Gecko) Chrome/119.0.0.0 Safari/537.36" "-"
2a03:2880:f800:: - - [29/Aug/2026:02:42:48 +0200] "GET /?download=1&path=%2Fusr%2Fbin%2Flispmtopgm HTTP/1.1" 429 267 typfit.de "-" "Mozilla/5.0 (Windows NT 10.0; Win64; x64) AppleWebKit/537.36 (KHTML, like Gecko) Chrome/145.0.0.0 Safari/537.36 Edg/145.0.0.0 (compatible; meta-externalagent/1.1 (+https://developers.facebook.com/docs/sharing/webmasters/crawler))" "-"
2a03:2880:f800:: - - [29/Aug/2026:02:42:54 +0200] "GET /?k=83189577737 HTTP/1.1" 429 267 typfit.de "-" "Mozilla/5.0 (Macintosh; Intel Mac OS X 10_15_7) AppleWebKit/537.36 (KHTML, like Gecko) Chrome/145.0.0.0 Safari/537.36 (compatible; meta-externalagent/1.1 (+https://developers.facebook.com/docs/sharing/webmasters/crawler))" "-"
2a03:2880:f800:: - - [29/Aug/2026:02:42:54 +0200] "GET /?r=39921791700 HTTP/1.1" 429 267 typfit.de "-" "Mozilla/5.0 (Windows NT 10.0; Win64; x64) AppleWebKit/537.36 (KHTML, like Gecko) Chrome/145.0.0.0 Safari/537.36 (compatible; meta-externalagent/1.1 (+https://developers.facebook.com/docs/sharing/webmasters/crawler))" "-"
159.223.89.0 - - [29/Aug/2026:02:42:56 +0200] "GET /wp-login.php?redirect_to=https%3A%2F%2Fwww.typfit.de%2Fwp-admin%2Findex&reauth=1 HTTP/1.1" 200 61112 typfit.de "https://www.typfit.de/wp-login.php" "Mozilla/5.0 (Windows NT 10.0; Win64; x64) AppleWebKit/537.36 (KHTML, like Gecko) Chrome/119.0.0.0 Safari/537.36" "-"
2a03:2880:f800:: - - [29/Aug/2026:02:42:59 +0200] "GET /?r=36126207931 HTTP/1.1" 429 267 typfit.de "-" "Mozilla/5.0 (Windows NT 10.0; Win64; x64) AppleWebKit/537.36 (KHTML, like Gecko) Chrome/145.0.0.0 Safari/537.36 (compatible; meta-externalagent/1.1 (+https://developers.facebook.com/docs/sharing/webmasters/crawler))" "-"
159.223.89.0 - - [29/Aug/2026:02:43:14 +0200] "GET /wp-admin/index.php HTTP/1.1" 302 49712 www.typfit.de "https://www.typfit.de/wp-login.php" "Mozilla/5.0 (Macintosh; Intel Mac OS X 10_15_7; rv:119.0) Gecko/20100101 Firefox/119.0" "-"
159.223.89.0 - - [29/Aug/2026:02:43:22 +0200] "GET /wp-login.php?redirect_to=https%3A%2F%2Fwww.typfit.de%2Fwp-admin%2Findex&reauth=1 HTTP/1.1" 200 61112 typfit.de "https://www.typfit.de/wp-login.php" "Mozilla/5.0 (Macintosh; Intel Mac OS X 10_15_7; rv:119.0) Gecko/20100101 Firefox/119.0" "-"
2a03:2880:f800:: - - [29/Aug/2026:02:43:32 +0200] "GET /?j=69802865573 HTTP/1.1" 200 194027 typfit.de "-" "Mozilla/5.0 (Windows NT 10.0; Win64; x64) AppleWebKit/537.36 (KHTML, like Gecko) Chrome/145.0.0.0 Safari/537.36 (compatible; meta-externalagent/1.1 (+https://developers.facebook.com/docs/sharing/webmasters/crawler))" "-"
159.223.89.0 - - [29/Aug/2026:02:43:39 +0200] "GET /wp-admin/index.php HTTP/1.1" 302 49712 www.typfit.de "https://www.typfit.de/wp-login.php" "Mozilla/5.0 (Windows NT 11.0; Win64; x64; rv:121.0) Gecko/20100101 Firefox/121.0" "-"
159.223.89.0 - - [29/Aug/2026:02:43:45 +0200] "GET /wp-login.php?redirect_to=https%3A%2F%2Fwww.typfit.de%2Fwp-admin%2Findex&reauth=1 HTTP/1.1" 200 61112 typfit.de "https://www.typfit.de/wp-login.php" "Mozilla/5.0 (Windows NT 11.0; Win64; x64; rv:121.0) Gecko/20100101 Firefox/121.0" "-"
2a03:2880:f800:: - - [29/Aug/2026:02:43:58 +0200] "GET /?k=1802404406 HTTP/1.1" 200 194027 typfit.de "-" "Mozilla/5.0 (Windows NT 10.0; Win64; x64) AppleWebKit/537.36 (KHTML, like Gecko) Chrome/145.0.0.0 Safari/537.36 (compatible; meta-externalagent/1.1 (+https://developers.facebook.com/docs/sharing/webmasters/crawler))" "-"
159.223.89.0 - - [29/Aug/2026:02:44:02 +0200] "GET /wp-admin/index.php HTTP/1.1" 302 49712 www.typfit.de "https://www.typfit.de/wp-login.php" "Mozilla/5.0 (Windows NT 11.0; Win64; x64) AppleWebKit/537.36 (KHTML, like Gecko) Chrome/118.0.0.0 Safari/537.36" "-"
159.223.89.0 - - [29/Aug/2026:02:44:12 +0200] "GET /wp-login.php?redirect_to=https%3A%2F%2Fwww.typfit.de%2Fwp-admin%2Findex&reauth=1 HTTP/1.1" 200 61112 typfit.de "https://www.typfit.de/wp-login.php" "Mozilla/5.0 (Windows NT 11.0; Win64; x64) AppleWebKit/537.36 (KHTML, like Gecko) Chrome/118.0.0.0 Safari/537.36" "-"
2a03:2880:f800:: - - [29/Aug/2026:02:44:13 +0200] "GET / HTTP/1.1" 200 194433 typfit.de "-" "facebookexternalhit/1.1 (+http://www.facebook.com/externalhit_uatext.php)" "-"
